{"id":9959,"date":"2018-05-13T22:47:52","date_gmt":"2018-05-14T02:47:52","guid":{"rendered":"http:\/\/www.acusticauach.cl\/?page_id=9959"},"modified":"2019-11-05T14:59:35","modified_gmt":"2019-11-05T17:59:35","slug":"paisaje-sonoro-por-vr-presentacion-2-3-3","status":"publish","type":"page","link":"https:\/\/www.acusticauach.cl\/?page_id=9959","title":{"rendered":"Resultados"},"content":{"rendered":"<p style=\"text-align: center;\"><a href=\"https:\/\/www.acusticauach.cl\/?page_id=9795\"><img decoding=\"async\" class=\"aligncenter wp-image-10028 size-full\" src=\"https:\/\/www.acusticauach.cl\/wp-content\/uploads\/2018\/05\/Plantilla-Encabezados-Resultados02.jpg\" alt=\"\" width=\"1000\" height=\"250\" srcset=\"https:\/\/www.acusticauach.cl\/wp-content\/uploads\/2018\/05\/Plantilla-Encabezados-Resultados02.jpg 1000w, https:\/\/www.acusticauach.cl\/wp-content\/uploads\/2018\/05\/Plantilla-Encabezados-Resultados02-300x75.jpg 300w, https:\/\/www.acusticauach.cl\/wp-content\/uploads\/2018\/05\/Plantilla-Encabezados-Resultados02-768x192.jpg 768w, https:\/\/www.acusticauach.cl\/wp-content\/uploads\/2018\/05\/Plantilla-Encabezados-Resultados02-700x175.jpg 700w, https:\/\/www.acusticauach.cl\/wp-content\/uploads\/2018\/05\/Plantilla-Encabezados-Resultados02-500x125.jpg 500w\" sizes=\"(max-width: 1000px) 100vw, 1000px\" \/><\/a><\/p>\n<p style=\"text-align: center;\"><a href=\"https:\/\/www.acusticauach.cl\/?page_id=9795\">Inicio<\/a>\u00a0<b>|\u00a0<\/b><a href=\"https:\/\/www.acusticauach.cl\/?page_id=9806\">Parque Urbano El Bosque<\/a>\u00a0|\u00a0<a href=\"https:\/\/www.acusticauach.cl\/?page_id=9820\">Paisaje Sonoro<\/a>\u00a0<b>|\u00a0<\/b><a href=\"https:\/\/www.acusticauach.cl\/?page_id=9830\">Estudio Realizado<\/a>\u00a0<b>|\u00a0<\/b><a href=\"https:\/\/www.acusticauach.cl\/?page_id=9835\">Entrada PUEB (Punto 1)<\/a>\u00a0<b>|\u00a0<\/b><a href=\"https:\/\/www.acusticauach.cl\/?page_id=9868\">Sendero Enredaderas (Punto 2)<\/a>\u00a0<b>|\u00a0<\/b><a href=\"https:\/\/www.acusticauach.cl\/?page_id=9873\">Sector Humedal (Punto 3)<\/a>\u00a0<b>|\u00a0<\/b><a href=\"https:\/\/www.acusticauach.cl\/?page_id=9876\">Sector Mirador (Punto 4)<\/a>\u00a0<b>|\u00a0<\/b><a href=\"https:\/\/www.acusticauach.cl\/?page_id=9879\">Sector Escenario (Punto 5)<\/a>\u00a0<b>|\u00a0<\/b><a href=\"https:\/\/www.acusticauach.cl\/?page_id=9959\">Resultados<\/a>\u00a0<b>|<\/b><a href=\"https:\/\/www.acusticauach.cl\/?page_id=10040\">\u00a0Acerca de<\/a><\/p>\n<p style=\"text-align: right;\">Fotograf\u00edas: <a href=\"https:\/\/www.flickr.com\/people\/parque_urbano_el_bosque\/\" target=\"_blank\" rel=\"noopener noreferrer\">Ver Flickr<\/a><\/p>\n<h2><strong>Resultados Iniciales<\/strong><\/h2>\n<p>El an\u00e1lisis realizado deja en evidencia la complejidad de la evaluaci\u00f3n del paisaje sonoro de un espacio, y que debe ser abordada teniendo en cuenta la interacci\u00f3n entre par\u00e1metros exclusivamente ac\u00fasticos y otros elementos caracterizadores del ambiente. En general, los estudios se orientan a definir un marco donde intervienen las caracter\u00edsticas de la fuente, como nivel de presi\u00f3n sonora, espectro, car\u00e1cter temporal, localizaci\u00f3n, y las caracter\u00edsticas sociales y psicol\u00f3gicas, como los efectos ac\u00fasticos del espacio, y otros aspectos de las condiciones f\u00edsicas y ambientales generales.<\/p>\n<p>El nivel de presi\u00f3n sonora es un par\u00e1metro importante en la valuaci\u00f3n de un ambiente sonoro, pero los estudios realizados demuestran ampliamente que no existe una correlaci\u00f3n inequ\u00edvoca entre las evaluaciones de calidad sonora y los par\u00e1metros ac\u00fasticos f\u00edsicos. La percepci\u00f3n subjetiva del sonido (y el ruido) por las personas, en relaci\u00f3n con un instrumento tal como un son\u00f3metro, no es absoluta. Es posible analizar los elementos sonoros a partir del significado que poseen los sonidos, particularmente en el marco de la relaci\u00f3n entre las fuentes que emiten el ruido y a las personas que se exponen a \u00e9l.<\/p>\n<p>Los estudios se orientan a que los sonidos de origen natural y eventualmente los producidos por la actividad humana, son los de mayor aceptaci\u00f3n en comparaci\u00f3n con aquellos de origen tecnol\u00f3gico. \u00c9sos \u00faltimos son menos reconocidos como identificadores de un paisaje sonoro denominado \u201dhi-fi\u201d. Su calidad ac\u00fastica depende b\u00e1sicamente de la claridad o nitidez con que son percibidos aquellos sonidos positivos, que caracterizan y dan identidad al espacio, y que corresponden a son sonidos que se deben destacar sobre el fondo sonoro, sin ser enmascarados.<\/p>\n<p><img decoding=\"async\" class=\"aligncenter size-full wp-image-10030\" src=\"https:\/\/www.acusticauach.cl\/wp-content\/uploads\/2018\/05\/parqueurbano33.jpg\" alt=\"\" width=\"1000\" height=\"563\" srcset=\"https:\/\/www.acusticauach.cl\/wp-content\/uploads\/2018\/05\/parqueurbano33.jpg 1000w, https:\/\/www.acusticauach.cl\/wp-content\/uploads\/2018\/05\/parqueurbano33-300x169.jpg 300w, https:\/\/www.acusticauach.cl\/wp-content\/uploads\/2018\/05\/parqueurbano33-768x432.jpg 768w, https:\/\/www.acusticauach.cl\/wp-content\/uploads\/2018\/05\/parqueurbano33-700x394.jpg 700w, https:\/\/www.acusticauach.cl\/wp-content\/uploads\/2018\/05\/parqueurbano33-500x282.jpg 500w\" sizes=\"(max-width: 1000px) 100vw, 1000px\" \/><\/p>\n<h2><strong>Realidad Virtual y Paisaje Sonoro<\/strong><\/h2>\n<p>Como dise\u00f1o experimental, se realizaron registros de realidad virtual en cinco puntos estudiados del Parque Urbano el Bosque de Valdivia. A los registros se les realiz\u00f3 un an\u00e1lisis instrumental (son\u00f3metro), psicoac\u00fastico (software) y de percepci\u00f3n (encuestas). Los an\u00e1lisis obtenidos de los distintos estudios, permiten establecer concordancia entre la bibliograf\u00eda estudiada y la experiencia de evaluaci\u00f3n de la calidad del paisaje sonoro mediante realidad virtual del presente trabajo.<\/p>\n<p>En particular, se dise\u00f1\u00f3 una encuesta que permite cuantificar la percepci\u00f3n de los participantes ante un paisaje sonoro. En el dise\u00f1o de la encuesta se consigui\u00f3 abarcar gran parte de \u00e1reas referentes a un paisaje sonoro. Mediante la categorizaci\u00f3n de fuentes sonoras, se logr\u00f3 reconocer qu\u00e9 sonidos fueron predominantes seg\u00fan la percepci\u00f3n del grupo entrevistado. A trav\u00e9s de descriptores verbales se pudo calificar los paisajes sonoros. Calidad sonora y Sensaci\u00f3n de inmersi\u00f3n tambi\u00e9n fueron cuantificables a trav\u00e9s de preguntas directas.<\/p>\n<p><img decoding=\"async\" class=\"aligncenter size-full wp-image-10031\" src=\"https:\/\/www.acusticauach.cl\/wp-content\/uploads\/2018\/05\/parqueurbano34.jpg\" alt=\"\" width=\"1000\" height=\"563\" srcset=\"https:\/\/www.acusticauach.cl\/wp-content\/uploads\/2018\/05\/parqueurbano34.jpg 1000w, https:\/\/www.acusticauach.cl\/wp-content\/uploads\/2018\/05\/parqueurbano34-300x169.jpg 300w, https:\/\/www.acusticauach.cl\/wp-content\/uploads\/2018\/05\/parqueurbano34-768x432.jpg 768w, https:\/\/www.acusticauach.cl\/wp-content\/uploads\/2018\/05\/parqueurbano34-700x394.jpg 700w, https:\/\/www.acusticauach.cl\/wp-content\/uploads\/2018\/05\/parqueurbano34-500x282.jpg 500w\" sizes=\"(max-width: 1000px) 100vw, 1000px\" \/><\/p>\n<h2><strong>Futuros Trabajos<\/strong><\/h2>\n<p>A partir del estudio realizado, y como propuesta para futuros trabajos, quedan al menos planteados principalmente dos aspectos:<\/p>\n<ol>\n<li>Perfeccionar el proceso de evaluaci\u00f3n del paisaje sonoro mediante realidad virtual, extendiendo la experiencia de evaluaci\u00f3n a un grupo mayor de entrevistados, y con una preparaci\u00f3n heterog\u00e9nea ante la evaluaci\u00f3n sonora. Esto permitir\u00eda validar el proceso de evaluaci\u00f3n mediante realidad virtual.<\/li>\n<li>Profundizar el an\u00e1lisis y discusi\u00f3n sobre la relaci\u00f3n entre la evaluaci\u00f3n subjetiva y los par\u00e1metros instrumentales ac\u00fasticos y descriptores psicoac\u00fasticos.<\/li>\n<\/ol>\n<hr \/>\n<p style=\"text-align: center;\"><a href=\"https:\/\/www.acusticauach.cl\/?page_id=9795\">Inicio<\/a>\u00a0<b>|\u00a0<\/b><a href=\"https:\/\/www.acusticauach.cl\/?page_id=9806\">Parque Urbano El Bosque<\/a>\u00a0|\u00a0<a href=\"https:\/\/www.acusticauach.cl\/?page_id=9820\">Paisaje Sonoro<\/a>\u00a0<b>|\u00a0<\/b><a href=\"https:\/\/www.acusticauach.cl\/?page_id=9830\">Estudio Realizado<\/a>\u00a0<b>|\u00a0<\/b><a href=\"https:\/\/www.acusticauach.cl\/?page_id=9835\">Entrada PUEB (Punto 1)<\/a>\u00a0<b>|\u00a0<\/b><a href=\"https:\/\/www.acusticauach.cl\/?page_id=9868\">Sendero Enredaderas (Punto 2)<\/a>\u00a0<b>|\u00a0<\/b><a href=\"https:\/\/www.acusticauach.cl\/?page_id=9873\">Sector Humedal (Punto 3)<\/a>\u00a0<b>|\u00a0<\/b><a href=\"https:\/\/www.acusticauach.cl\/?page_id=9876\">Sector Mirador (Punto 4)<\/a>\u00a0<b>|\u00a0<\/b><a href=\"https:\/\/www.acusticauach.cl\/?page_id=9879\">Sector Escenario (Punto 5)<\/a>\u00a0<b>|\u00a0<\/b><a href=\"https:\/\/www.acusticauach.cl\/?page_id=9959\">Resultados<\/a>\u00a0<b>|<\/b><a href=\"https:\/\/www.acusticauach.cl\/?page_id=10040\">\u00a0Acerca de<\/a><\/p>\n","protected":false},"excerpt":{"rendered":"<p>Inicio\u00a0|\u00a0Parque Urbano El Bosque\u00a0|\u00a0Paisaje Sonoro\u00a0|\u00a0Estudio Realizado\u00a0|\u00a0Entrada PUEB (Punto 1)\u00a0|\u00a0Sendero Enredaderas (Punto 2)\u00a0|\u00a0Sector Humedal (Punto 3)\u00a0|\u00a0Sector Mirador (Punto 4)\u00a0|\u00a0Sector Escenario (Punto 5)\u00a0|\u00a0Resultados\u00a0|\u00a0Acerca de Fotograf\u00edas: Ver Flickr Resultados Iniciales El an\u00e1lisis realizado deja en evidencia la complejidad de la evaluaci\u00f3n del paisaje sonoro de un espacio, y que debe ser abordada teniendo en cuenta la interacci\u00f3n entre [&hellip;]<\/p>\n","protected":false},"author":2,"featured_media":0,"parent":0,"menu_order":0,"comment_status":"closed","ping_status":"closed","template":"","meta":{"footnotes":""},"class_list":["post-9959","page","type-page","status-publish","hentry"],"_links":{"self":[{"href":"https:\/\/www.acusticauach.cl\/index.php?rest_route=\/wp\/v2\/pages\/9959","targetHints":{"allow":["GET"]}}],"collection":[{"href":"https:\/\/www.acusticauach.cl\/index.php?rest_route=\/wp\/v2\/pages"}],"about":[{"href":"https:\/\/www.acusticauach.cl\/index.php?rest_route=\/wp\/v2\/types\/page"}],"author":[{"embeddable":true,"href":"https:\/\/www.acusticauach.cl\/index.php?rest_route=\/wp\/v2\/users\/2"}],"replies":[{"embeddable":true,"href":"https:\/\/www.acusticauach.cl\/index.php?rest_route=%2Fwp%2Fv2%2Fcomments&post=9959"}],"version-history":[{"count":0,"href":"https:\/\/www.acusticauach.cl\/index.php?rest_route=\/wp\/v2\/pages\/9959\/revisions"}],"wp:attachment":[{"href":"https:\/\/www.acusticauach.cl\/index.php?rest_route=%2Fwp%2Fv2%2Fmedia&parent=9959"}],"curies":[{"name":"wp","href":"https:\/\/api.w.org\/{rel}","templated":true}]}}

<p style="text-align: center;"><a href="https://www.acusticauach.cl/?page_id=9795"><img decoding="async" class="aligncenter wp-image-10028 size-full" src="https://www.acusticauach.cl/wp-content/uploads/2018/05/Plantilla-Encabezados-Resultados02.jpg" alt="" width="1000" height="250" srcset="https://www.acusticauach.cl/wp-content/uploads/2018/05/Plantilla-Encabezados-Resultados02.jpg 1000w, https://www.acusticauach.cl/wp-content/uploads/2018/05/Plantilla-Encabezados-Resultados02-300x75.jpg 300w, https://www.acusticauach.cl/wp-content/uploads/2018/05/Plantilla-Encabezados-Resultados02-768x192.jpg 768w, https://www.acusticauach.cl/wp-content/uploads/2018/05/Plantilla-Encabezados-Resultados02-700x175.jpg 700w, https://www.acusticauach.cl/wp-content/uploads/2018/05/Plantilla-Encabezados-Resultados02-500x125.jpg 500w" sizes="(max-width: 1000px) 100vw, 1000px" /></a></p>
<p style="text-align: center;"><a href="https://www.acusticauach.cl/?page_id=9795">Inicio</a> <b>| </b><a href="https://www.acusticauach.cl/?page_id=9806">Parque Urbano El Bosque</a> | <a href="https://www.acusticauach.cl/?page_id=9820">Paisaje Sonoro</a> <b>| </b><a href="https://www.acusticauach.cl/?page_id=9830">Estudio Realizado</a> <b>| </b><a href="https://www.acusticauach.cl/?page_id=9835">Entrada PUEB (Punto 1)</a> <b>| </b><a href="https://www.acusticauach.cl/?page_id=9868">Sendero Enredaderas (Punto 2)</a> <b>| </b><a href="https://www.acusticauach.cl/?page_id=9873">Sector Humedal (Punto 3)</a> <b>| </b><a href="https://www.acusticauach.cl/?page_id=9876">Sector Mirador (Punto 4)</a> <b>| </b><a href="https://www.acusticauach.cl/?page_id=9879">Sector Escenario (Punto 5)</a> <b>| </b><a href="https://www.acusticauach.cl/?page_id=9959">Resultados</a> <b>|</b><a href="https://www.acusticauach.cl/?page_id=10040"> Acerca de</a></p>
<p style="text-align: right;">Fotografías: <a href="https://www.flickr.com/people/parque_urbano_el_bosque/" target="_blank" rel="noopener noreferrer">Ver Flickr</a></p>
<h2><strong>Resultados Iniciales</strong></h2>
<p>El análisis realizado deja en evidencia la complejidad de la evaluación del paisaje sonoro de un espacio, y que debe ser abordada teniendo en cuenta la interacción entre parámetros exclusivamente acústicos y otros elementos caracterizadores del ambiente. En general, los estudios se orientan a definir un marco donde intervienen las características de la fuente, como nivel de presión sonora, espectro, carácter temporal, localización, y las características sociales y psicológicas, como los efectos acústicos del espacio, y otros aspectos de las condiciones físicas y ambientales generales.</p>
<p>El nivel de presión sonora es un parámetro importante en la valuación de un ambiente sonoro, pero los estudios realizados demuestran ampliamente que no existe una correlación inequívoca entre las evaluaciones de calidad sonora y los parámetros acústicos físicos. La percepción subjetiva del sonido (y el ruido) por las personas, en relación con un instrumento tal como un sonómetro, no es absoluta. Es posible analizar los elementos sonoros a partir del significado que poseen los sonidos, particularmente en el marco de la relación entre las fuentes que emiten el ruido y a las personas que se exponen a él.</p>
<p>Los estudios se orientan a que los sonidos de origen natural y eventualmente los producidos por la actividad humana, son los de mayor aceptación en comparación con aquellos de origen tecnológico. Ésos últimos son menos reconocidos como identificadores de un paisaje sonoro denominado ”hi-fi”. Su calidad acústica depende básicamente de la claridad o nitidez con que son percibidos aquellos sonidos positivos, que caracterizan y dan identidad al espacio, y que corresponden a son sonidos que se deben destacar sobre el fondo sonoro, sin ser enmascarados.</p>
<p><img decoding="async" class="aligncenter size-full wp-image-10030" src="https://www.acusticauach.cl/wp-content/uploads/2018/05/parqueurbano33.jpg" alt="" width="1000" height="563" srcset="https://www.acusticauach.cl/wp-content/uploads/2018/05/parqueurbano33.jpg 1000w, https://www.acusticauach.cl/wp-content/uploads/2018/05/parqueurbano33-300x169.jpg 300w, https://www.acusticauach.cl/wp-content/uploads/2018/05/parqueurbano33-768x432.jpg 768w, https://www.acusticauach.cl/wp-content/uploads/2018/05/parqueurbano33-700x394.jpg 700w, https://www.acusticauach.cl/wp-content/uploads/2018/05/parqueurbano33-500x282.jpg 500w" sizes="(max-width: 1000px) 100vw, 1000px" /></p>
<h2><strong>Realidad Virtual y Paisaje Sonoro</strong></h2>
<p>Como diseño experimental, se realizaron registros de realidad virtual en cinco puntos estudiados del Parque Urbano el Bosque de Valdivia. A los registros se les realizó un análisis instrumental (sonómetro), psicoacústico (software) y de percepción (encuestas). Los análisis obtenidos de los distintos estudios, permiten establecer concordancia entre la bibliografía estudiada y la experiencia de evaluación de la calidad del paisaje sonoro mediante realidad virtual del presente trabajo.</p>
<p>En particular, se diseñó una encuesta que permite cuantificar la percepción de los participantes ante un paisaje sonoro. En el diseño de la encuesta se consiguió abarcar gran parte de áreas referentes a un paisaje sonoro. Mediante la categorización de fuentes sonoras, se logró reconocer qué sonidos fueron predominantes según la percepción del grupo entrevistado. A través de descriptores verbales se pudo calificar los paisajes sonoros. Calidad sonora y Sensación de inmersión también fueron cuantificables a través de preguntas directas.</p>
<p><img decoding="async" class="aligncenter size-full wp-image-10031" src="https://www.acusticauach.cl/wp-content/uploads/2018/05/parqueurbano34.jpg" alt="" width="1000" height="563" srcset="https://www.acusticauach.cl/wp-content/uploads/2018/05/parqueurbano34.jpg 1000w, https://www.acusticauach.cl/wp-content/uploads/2018/05/parqueurbano34-300x169.jpg 300w, https://www.acusticauach.cl/wp-content/uploads/2018/05/parqueurbano34-768x432.jpg 768w, https://www.acusticauach.cl/wp-content/uploads/2018/05/parqueurbano34-700x394.jpg 700w, https://www.acusticauach.cl/wp-content/uploads/2018/05/parqueurbano34-500x282.jpg 500w" sizes="(max-width: 1000px) 100vw, 1000px" /></p>
<h2><strong>Futuros Trabajos</strong></h2>
<p>A partir del estudio realizado, y como propuesta para futuros trabajos, quedan al menos planteados principalmente dos aspectos:</p>
<ol>
<li>Perfeccionar el proceso de evaluación del paisaje sonoro mediante realidad virtual, extendiendo la experiencia de evaluación a un grupo mayor de entrevistados, y con una preparación heterogénea ante la evaluación sonora. Esto permitiría validar el proceso de evaluación mediante realidad virtual.</li>
<li>Profundizar el análisis y discusión sobre la relación entre la evaluación subjetiva y los parámetros instrumentales acústicos y descriptores psicoacústicos.</li>
</ol>
<hr />
<p style="text-align: center;"><a href="https://www.acusticauach.cl/?page_id=9795">Inicio</a> <b>| </b><a href="https://www.acusticauach.cl/?page_id=9806">Parque Urbano El Bosque</a> | <a href="https://www.acusticauach.cl/?page_id=9820">Paisaje Sonoro</a> <b>| </b><a href="https://www.acusticauach.cl/?page_id=9830">Estudio Realizado</a> <b>| </b><a href="https://www.acusticauach.cl/?page_id=9835">Entrada PUEB (Punto 1)</a> <b>| </b><a href="https://www.acusticauach.cl/?page_id=9868">Sendero Enredaderas (Punto 2)</a> <b>| </b><a href="https://www.acusticauach.cl/?page_id=9873">Sector Humedal (Punto 3)</a> <b>| </b><a href="https://www.acusticauach.cl/?page_id=9876">Sector Mirador (Punto 4)</a> <b>| </b><a href="https://www.acusticauach.cl/?page_id=9879">Sector Escenario (Punto 5)</a> <b>| </b><a href="https://www.acusticauach.cl/?page_id=9959">Resultados</a> <b>|</b><a href="https://www.acusticauach.cl/?page_id=10040"> Acerca de</a></p>

<p>Inicio | Parque Urbano El Bosque | Paisaje Sonoro | Estudio Realizado | Entrada PUEB (Punto 1) | Sendero Enredaderas (Punto 2) | Sector Humedal (Punto 3) | Sector Mirador (Punto 4) | Sector Escenario (Punto 5) | Resultados | Acerca de Fotografías: Ver Flickr Resultados Iniciales El análisis realizado deja en evidencia la complejidad de la evaluación del paisaje sonoro de un espacio, y que debe ser abordada teniendo en cuenta la interacción entre [&hellip;]</p>
