{"id":9830,"date":"2018-05-01T17:32:46","date_gmt":"2018-05-01T20:32:46","guid":{"rendered":"http:\/\/www.acusticauach.cl\/?page_id=9830"},"modified":"2019-11-05T15:02:19","modified_gmt":"2019-11-05T18:02:19","slug":"paisaje-sonoro-por-vr-presentacion-2-3","status":"publish","type":"page","link":"https:\/\/www.acusticauach.cl\/?page_id=9830","title":{"rendered":"Estudio Realizado"},"content":{"rendered":"<p style=\"text-align: center;\"><a href=\"https:\/\/www.acusticauach.cl\/?page_id=9795\"><img decoding=\"async\" class=\"aligncenter wp-image-10016 size-full\" src=\"https:\/\/www.acusticauach.cl\/wp-content\/uploads\/2018\/05\/Plantilla-Encabezados-EstudioRealizado02.jpg\" alt=\"\" width=\"1000\" height=\"250\" srcset=\"https:\/\/www.acusticauach.cl\/wp-content\/uploads\/2018\/05\/Plantilla-Encabezados-EstudioRealizado02.jpg 1000w, https:\/\/www.acusticauach.cl\/wp-content\/uploads\/2018\/05\/Plantilla-Encabezados-EstudioRealizado02-300x75.jpg 300w, https:\/\/www.acusticauach.cl\/wp-content\/uploads\/2018\/05\/Plantilla-Encabezados-EstudioRealizado02-768x192.jpg 768w, https:\/\/www.acusticauach.cl\/wp-content\/uploads\/2018\/05\/Plantilla-Encabezados-EstudioRealizado02-700x175.jpg 700w, https:\/\/www.acusticauach.cl\/wp-content\/uploads\/2018\/05\/Plantilla-Encabezados-EstudioRealizado02-500x125.jpg 500w\" sizes=\"(max-width: 1000px) 100vw, 1000px\" \/><\/a><\/p>\n<p style=\"text-align: center;\"><a href=\"https:\/\/www.acusticauach.cl\/?page_id=9795\">Inicio<\/a>\u00a0<b>|\u00a0<\/b><a href=\"https:\/\/www.acusticauach.cl\/?page_id=9806\">Parque Urbano El Bosque<\/a>\u00a0|\u00a0<a href=\"https:\/\/www.acusticauach.cl\/?page_id=9820\">Paisaje Sonoro<\/a>\u00a0<b>|\u00a0<\/b><a href=\"https:\/\/www.acusticauach.cl\/?page_id=9830\">Estudio Realizado<\/a>\u00a0<b>|\u00a0<\/b><a href=\"https:\/\/www.acusticauach.cl\/?page_id=9835\">Entrada PUEB (Punto 1)<\/a>\u00a0<b>|\u00a0<\/b><a href=\"https:\/\/www.acusticauach.cl\/?page_id=9868\">Sendero Enredaderas (Punto 2)<\/a>\u00a0<b>|\u00a0<\/b><a href=\"https:\/\/www.acusticauach.cl\/?page_id=9873\">Sector Humedal (Punto 3)<\/a>\u00a0<b>|\u00a0<\/b><a href=\"https:\/\/www.acusticauach.cl\/?page_id=9876\">Sector Mirador (Punto 4)<\/a>\u00a0<b>|\u00a0<\/b><a href=\"https:\/\/www.acusticauach.cl\/?page_id=9879\">Sector Escenario (Punto 5)<\/a>\u00a0<b>|\u00a0<\/b><a href=\"https:\/\/www.acusticauach.cl\/?page_id=9959\">Resultados<\/a>\u00a0<b>|<\/b><a href=\"https:\/\/www.acusticauach.cl\/?page_id=10040\">\u00a0Acerca de<\/a><\/p>\n<p style=\"text-align: right;\">Fotograf\u00edas: <a href=\"https:\/\/www.flickr.com\/people\/parque_urbano_el_bosque\/\" target=\"_blank\" rel=\"noopener noreferrer\">Ver Flickr<\/a><\/p>\n<p>Para este trabajo se decidi\u00f3 la elecci\u00f3n de 5 puntos en funci\u00f3n de los siguientes criterios: id\u00e9nticas condiciones de contorno, diferente configuraci\u00f3n espacial, adem\u00e1s se incluyeron los puntos m\u00e1s representativos seg\u00fan una encuesta realizada en un proyecto anterior realizado en la asignatura de Proyectos de ac\u00fastica ambiental durante el a\u00f1o 2016. El objetivo es lograr un \u00e1rea de estudio que permita, por comparaci\u00f3n entre diferentes escenarios con similares condiciones, tomar conclusiones con relaci\u00f3n a la calidad y caracter\u00edstica del paisaje sonoro.<\/p>\n<p>En el plano de la figura se muestra la ubicaci\u00f3n relativa de los puntos de medici\u00f3n, se trata de cinco puntos los cuales en su totalidad son parte de los senderos del PUEB. Estos puntos son:<\/p>\n<ol>\n<li><a href=\"https:\/\/www.acusticauach.cl\/?page_id=9835\">Entrada al PUEB (Punto 1)<\/a><\/li>\n<li><a href=\"https:\/\/www.acusticauach.cl\/?page_id=9868\">Sendero de las Enredaderas (Punto 2)<\/a><\/li>\n<li><a href=\"https:\/\/www.acusticauach.cl\/?page_id=9873\">Sector Humedal (Punto 3)<\/a><\/li>\n<li><a href=\"https:\/\/www.acusticauach.cl\/?page_id=9876\">Sector Mirador (Punto 4)<\/a><\/li>\n<li><a href=\"https:\/\/www.acusticauach.cl\/?page_id=9879\">Sector Escenario (Punto 5)<\/a><\/li>\n<\/ol>\n<p><img decoding=\"async\" class=\"aligncenter size-full wp-image-9832\" src=\"https:\/\/www.acusticauach.cl\/wp-content\/uploads\/2018\/05\/Mapa_Google01.png\" alt=\"\" width=\"960\" height=\"518\" srcset=\"https:\/\/www.acusticauach.cl\/wp-content\/uploads\/2018\/05\/Mapa_Google01.png 960w, https:\/\/www.acusticauach.cl\/wp-content\/uploads\/2018\/05\/Mapa_Google01-300x162.png 300w, https:\/\/www.acusticauach.cl\/wp-content\/uploads\/2018\/05\/Mapa_Google01-768x414.png 768w, https:\/\/www.acusticauach.cl\/wp-content\/uploads\/2018\/05\/Mapa_Google01-220x120.png 220w, https:\/\/www.acusticauach.cl\/wp-content\/uploads\/2018\/05\/Mapa_Google01-700x378.png 700w, https:\/\/www.acusticauach.cl\/wp-content\/uploads\/2018\/05\/Mapa_Google01-500x270.png 500w\" sizes=\"(max-width: 960px) 100vw, 960px\" \/><\/p>\n<p>La totalidad de los puntos re\u00fanen caracter\u00edsticas comunes, el punto 1 y 5 est\u00e1n bordeando la avenida Simpson, la cual es una calle de alto nivel de tr\u00e1nsito vehicular, esta situaci\u00f3n implica que el tr\u00e1nsito es la principal fuente de ruido que caracteriza el entorno de los puntos estudiados.<\/p>\n<p>Se elaboraron videos de VR, registros sonoros de alta calidad y mediciones ac\u00fasticas.<\/p>\n<h2><strong>Aplicaci\u00f3n y Resultados de la encuesta piloto.<\/strong><\/h2>\n<p><img decoding=\"async\" class=\"alignright wp-image-9845 size-full\" src=\"https:\/\/www.acusticauach.cl\/wp-content\/uploads\/2018\/05\/VR02.gif\" alt=\"\" width=\"128\" height=\"90\" \/>Para la aplicaci\u00f3n de la encuesta piloto, se utiliz\u00f3 una sala del Instituto de Ac\u00fastica de la Facultad de Ciencias de la Ingenier\u00eda de la Universidad Austral. La sala Audiovisual fue la seleccionada para la realizaci\u00f3n de las pruebas de escucha. La experimentaci\u00f3n se realiz\u00f3 en las dos \u00faltimas semanas de enero de 2018. El orden de escucha fue en el orden de los puntos previamente seleccionados. En promedio el tiempo total de la prueba fue de treinta minutos. Al finalizar cada video el participante deb\u00eda responder la encuesta dise\u00f1ada previamente.<\/p>\n<p>El grupo de encuestados se seleccion\u00f3 intencionadamente, y se condicion\u00f3 a que fueran personas con conocimientos previos de ac\u00fastica, y cercan\u00eda con la evaluaci\u00f3n sonora. El objetivo del trabajo es explorar la utilidad y aplicaci\u00f3n de una encuesta de percepci\u00f3n de paisaje sonoro mediante realidad virtual, y no una evaluaci\u00f3n estad\u00edstica del proceso de evaluaci\u00f3n subjetivo. Por esta raz\u00f3n, el grupo seleccionado para el estudio fue de catorce participantes, donde nueve fueron docentes del Instituto de Ac\u00fastica de la Universidad Austral, adem\u00e1s dos profesores invitados del Instituto de Ac\u00fastica (Universidad Aut\u00f3noma de Chile y University of Salford), dos Ingenieros Ac\u00fasticos, y un Ingeniero Electr\u00f3nico Gerente General Hoser Ingenier\u00eda.<\/p>\n<p><img decoding=\"async\" class=\"aligncenter size-full wp-image-9843\" src=\"https:\/\/www.acusticauach.cl\/wp-content\/uploads\/2018\/05\/Encuestados.jpg\" alt=\"\" width=\"1349\" height=\"1349\" srcset=\"https:\/\/www.acusticauach.cl\/wp-content\/uploads\/2018\/05\/Encuestados.jpg 1349w, https:\/\/www.acusticauach.cl\/wp-content\/uploads\/2018\/05\/Encuestados-150x150.jpg 150w, https:\/\/www.acusticauach.cl\/wp-content\/uploads\/2018\/05\/Encuestados-300x300.jpg 300w, https:\/\/www.acusticauach.cl\/wp-content\/uploads\/2018\/05\/Encuestados-768x768.jpg 768w, https:\/\/www.acusticauach.cl\/wp-content\/uploads\/2018\/05\/Encuestados-1024x1024.jpg 1024w, https:\/\/www.acusticauach.cl\/wp-content\/uploads\/2018\/05\/Encuestados-65x65.jpg 65w, https:\/\/www.acusticauach.cl\/wp-content\/uploads\/2018\/05\/Encuestados-55x55.jpg 55w, https:\/\/www.acusticauach.cl\/wp-content\/uploads\/2018\/05\/Encuestados-94x94.jpg 94w, https:\/\/www.acusticauach.cl\/wp-content\/uploads\/2018\/05\/Encuestados-86x86.jpg 86w, https:\/\/www.acusticauach.cl\/wp-content\/uploads\/2018\/05\/Encuestados-120x120.jpg 120w, https:\/\/www.acusticauach.cl\/wp-content\/uploads\/2018\/05\/Encuestados-700x700.jpg 700w, https:\/\/www.acusticauach.cl\/wp-content\/uploads\/2018\/05\/Encuestados-500x500.jpg 500w, https:\/\/www.acusticauach.cl\/wp-content\/uploads\/2018\/05\/Encuestados-215x215.jpg 215w\" sizes=\"(max-width: 1349px) 100vw, 1349px\" \/><\/p>\n<hr \/>\n<p style=\"text-align: center;\"><b>Paisaje Sonoro &#8211; Parque Urbano El Bosque<\/b><\/p>\n<p style=\"text-align: center;\"><a href=\"https:\/\/www.acusticauach.cl\/?page_id=9795\">Inicio<\/a>\u00a0<b>|\u00a0<\/b><a href=\"https:\/\/www.acusticauach.cl\/?page_id=9806\">Parque Urbano El Bosque<\/a>\u00a0|\u00a0<a href=\"https:\/\/www.acusticauach.cl\/?page_id=9820\">Paisaje Sonoro<\/a>\u00a0<b>|\u00a0<\/b><a href=\"https:\/\/www.acusticauach.cl\/?page_id=9830\">Estudio Realizado<\/a>\u00a0<b>|\u00a0<\/b><a href=\"https:\/\/www.acusticauach.cl\/?page_id=9835\">Entrada PUEB (Punto 1)<\/a>\u00a0<b>|\u00a0<\/b><a href=\"https:\/\/www.acusticauach.cl\/?page_id=9868\">Sendero Enredaderas (Punto 2)<\/a>\u00a0<b>|\u00a0<\/b><a href=\"https:\/\/www.acusticauach.cl\/?page_id=9873\">Sector Humedal (Punto 3)<\/a>\u00a0<b>|\u00a0<\/b><a href=\"https:\/\/www.acusticauach.cl\/?page_id=9876\">Sector Mirador (Punto 4)<\/a>\u00a0<b>|\u00a0<\/b><a href=\"https:\/\/www.acusticauach.cl\/?page_id=9879\">Sector Escenario (Punto 5)<\/a>\u00a0<b>|\u00a0<\/b><a href=\"https:\/\/www.acusticauach.cl\/?page_id=9959\">Resultados<\/a>\u00a0<b>|<\/b><a href=\"https:\/\/www.acusticauach.cl\/?page_id=10040\">\u00a0Acerca de<\/a><\/p>\n","protected":false},"excerpt":{"rendered":"<p>Inicio\u00a0|\u00a0Parque Urbano El Bosque\u00a0|\u00a0Paisaje Sonoro\u00a0|\u00a0Estudio Realizado\u00a0|\u00a0Entrada PUEB (Punto 1)\u00a0|\u00a0Sendero Enredaderas (Punto 2)\u00a0|\u00a0Sector Humedal (Punto 3)\u00a0|\u00a0Sector Mirador (Punto 4)\u00a0|\u00a0Sector Escenario (Punto 5)\u00a0|\u00a0Resultados\u00a0|\u00a0Acerca de Fotograf\u00edas: Ver Flickr Para este trabajo se decidi\u00f3 la elecci\u00f3n de 5 puntos en funci\u00f3n de los siguientes criterios: id\u00e9nticas condiciones de contorno, diferente configuraci\u00f3n espacial, adem\u00e1s se incluyeron los puntos m\u00e1s representativos [&hellip;]<\/p>\n","protected":false},"author":2,"featured_media":0,"parent":0,"menu_order":0,"comment_status":"closed","ping_status":"closed","template":"","meta":{"footnotes":""},"class_list":["post-9830","page","type-page","status-publish","hentry"],"_links":{"self":[{"href":"https:\/\/www.acusticauach.cl\/index.php?rest_route=\/wp\/v2\/pages\/9830","targetHints":{"allow":["GET"]}}],"collection":[{"href":"https:\/\/www.acusticauach.cl\/index.php?rest_route=\/wp\/v2\/pages"}],"about":[{"href":"https:\/\/www.acusticauach.cl\/index.php?rest_route=\/wp\/v2\/types\/page"}],"author":[{"embeddable":true,"href":"https:\/\/www.acusticauach.cl\/index.php?rest_route=\/wp\/v2\/users\/2"}],"replies":[{"embeddable":true,"href":"https:\/\/www.acusticauach.cl\/index.php?rest_route=%2Fwp%2Fv2%2Fcomments&post=9830"}],"version-history":[{"count":0,"href":"https:\/\/www.acusticauach.cl\/index.php?rest_route=\/wp\/v2\/pages\/9830\/revisions"}],"wp:attachment":[{"href":"https:\/\/www.acusticauach.cl\/index.php?rest_route=%2Fwp%2Fv2%2Fmedia&parent=9830"}],"curies":[{"name":"wp","href":"https:\/\/api.w.org\/{rel}","templated":true}]}}

<p style="text-align: center;"><a href="https://www.acusticauach.cl/?page_id=9795"><img decoding="async" class="aligncenter wp-image-10016 size-full" src="https://www.acusticauach.cl/wp-content/uploads/2018/05/Plantilla-Encabezados-EstudioRealizado02.jpg" alt="" width="1000" height="250" srcset="https://www.acusticauach.cl/wp-content/uploads/2018/05/Plantilla-Encabezados-EstudioRealizado02.jpg 1000w, https://www.acusticauach.cl/wp-content/uploads/2018/05/Plantilla-Encabezados-EstudioRealizado02-300x75.jpg 300w, https://www.acusticauach.cl/wp-content/uploads/2018/05/Plantilla-Encabezados-EstudioRealizado02-768x192.jpg 768w, https://www.acusticauach.cl/wp-content/uploads/2018/05/Plantilla-Encabezados-EstudioRealizado02-700x175.jpg 700w, https://www.acusticauach.cl/wp-content/uploads/2018/05/Plantilla-Encabezados-EstudioRealizado02-500x125.jpg 500w" sizes="(max-width: 1000px) 100vw, 1000px" /></a></p>
<p style="text-align: center;"><a href="https://www.acusticauach.cl/?page_id=9795">Inicio</a> <b>| </b><a href="https://www.acusticauach.cl/?page_id=9806">Parque Urbano El Bosque</a> | <a href="https://www.acusticauach.cl/?page_id=9820">Paisaje Sonoro</a> <b>| </b><a href="https://www.acusticauach.cl/?page_id=9830">Estudio Realizado</a> <b>| </b><a href="https://www.acusticauach.cl/?page_id=9835">Entrada PUEB (Punto 1)</a> <b>| </b><a href="https://www.acusticauach.cl/?page_id=9868">Sendero Enredaderas (Punto 2)</a> <b>| </b><a href="https://www.acusticauach.cl/?page_id=9873">Sector Humedal (Punto 3)</a> <b>| </b><a href="https://www.acusticauach.cl/?page_id=9876">Sector Mirador (Punto 4)</a> <b>| </b><a href="https://www.acusticauach.cl/?page_id=9879">Sector Escenario (Punto 5)</a> <b>| </b><a href="https://www.acusticauach.cl/?page_id=9959">Resultados</a> <b>|</b><a href="https://www.acusticauach.cl/?page_id=10040"> Acerca de</a></p>
<p style="text-align: right;">Fotografías: <a href="https://www.flickr.com/people/parque_urbano_el_bosque/" target="_blank" rel="noopener noreferrer">Ver Flickr</a></p>
<p>Para este trabajo se decidió la elección de 5 puntos en función de los siguientes criterios: idénticas condiciones de contorno, diferente configuración espacial, además se incluyeron los puntos más representativos según una encuesta realizada en un proyecto anterior realizado en la asignatura de Proyectos de acústica ambiental durante el año 2016. El objetivo es lograr un área de estudio que permita, por comparación entre diferentes escenarios con similares condiciones, tomar conclusiones con relación a la calidad y característica del paisaje sonoro.</p>
<p>En el plano de la figura se muestra la ubicación relativa de los puntos de medición, se trata de cinco puntos los cuales en su totalidad son parte de los senderos del PUEB. Estos puntos son:</p>
<ol>
<li><a href="https://www.acusticauach.cl/?page_id=9835">Entrada al PUEB (Punto 1)</a></li>
<li><a href="https://www.acusticauach.cl/?page_id=9868">Sendero de las Enredaderas (Punto 2)</a></li>
<li><a href="https://www.acusticauach.cl/?page_id=9873">Sector Humedal (Punto 3)</a></li>
<li><a href="https://www.acusticauach.cl/?page_id=9876">Sector Mirador (Punto 4)</a></li>
<li><a href="https://www.acusticauach.cl/?page_id=9879">Sector Escenario (Punto 5)</a></li>
</ol>
<p><img decoding="async" class="aligncenter size-full wp-image-9832" src="https://www.acusticauach.cl/wp-content/uploads/2018/05/Mapa_Google01.png" alt="" width="960" height="518" srcset="https://www.acusticauach.cl/wp-content/uploads/2018/05/Mapa_Google01.png 960w, https://www.acusticauach.cl/wp-content/uploads/2018/05/Mapa_Google01-300x162.png 300w, https://www.acusticauach.cl/wp-content/uploads/2018/05/Mapa_Google01-768x414.png 768w, https://www.acusticauach.cl/wp-content/uploads/2018/05/Mapa_Google01-220x120.png 220w, https://www.acusticauach.cl/wp-content/uploads/2018/05/Mapa_Google01-700x378.png 700w, https://www.acusticauach.cl/wp-content/uploads/2018/05/Mapa_Google01-500x270.png 500w" sizes="(max-width: 960px) 100vw, 960px" /></p>
<p>La totalidad de los puntos reúnen características comunes, el punto 1 y 5 están bordeando la avenida Simpson, la cual es una calle de alto nivel de tránsito vehicular, esta situación implica que el tránsito es la principal fuente de ruido que caracteriza el entorno de los puntos estudiados.</p>
<p>Se elaboraron videos de VR, registros sonoros de alta calidad y mediciones acústicas.</p>
<h2><strong>Aplicación y Resultados de la encuesta piloto.</strong></h2>
<p><img decoding="async" class="alignright wp-image-9845 size-full" src="https://www.acusticauach.cl/wp-content/uploads/2018/05/VR02.gif" alt="" width="128" height="90" />Para la aplicación de la encuesta piloto, se utilizó una sala del Instituto de Acústica de la Facultad de Ciencias de la Ingeniería de la Universidad Austral. La sala Audiovisual fue la seleccionada para la realización de las pruebas de escucha. La experimentación se realizó en las dos últimas semanas de enero de 2018. El orden de escucha fue en el orden de los puntos previamente seleccionados. En promedio el tiempo total de la prueba fue de treinta minutos. Al finalizar cada video el participante debía responder la encuesta diseñada previamente.</p>
<p>El grupo de encuestados se seleccionó intencionadamente, y se condicionó a que fueran personas con conocimientos previos de acústica, y cercanía con la evaluación sonora. El objetivo del trabajo es explorar la utilidad y aplicación de una encuesta de percepción de paisaje sonoro mediante realidad virtual, y no una evaluación estadística del proceso de evaluación subjetivo. Por esta razón, el grupo seleccionado para el estudio fue de catorce participantes, donde nueve fueron docentes del Instituto de Acústica de la Universidad Austral, además dos profesores invitados del Instituto de Acústica (Universidad Autónoma de Chile y University of Salford), dos Ingenieros Acústicos, y un Ingeniero Electrónico Gerente General Hoser Ingeniería.</p>
<p><img decoding="async" class="aligncenter size-full wp-image-9843" src="https://www.acusticauach.cl/wp-content/uploads/2018/05/Encuestados.jpg" alt="" width="1349" height="1349" srcset="https://www.acusticauach.cl/wp-content/uploads/2018/05/Encuestados.jpg 1349w, https://www.acusticauach.cl/wp-content/uploads/2018/05/Encuestados-150x150.jpg 150w, https://www.acusticauach.cl/wp-content/uploads/2018/05/Encuestados-300x300.jpg 300w, https://www.acusticauach.cl/wp-content/uploads/2018/05/Encuestados-768x768.jpg 768w, https://www.acusticauach.cl/wp-content/uploads/2018/05/Encuestados-1024x1024.jpg 1024w, https://www.acusticauach.cl/wp-content/uploads/2018/05/Encuestados-65x65.jpg 65w, https://www.acusticauach.cl/wp-content/uploads/2018/05/Encuestados-55x55.jpg 55w, https://www.acusticauach.cl/wp-content/uploads/2018/05/Encuestados-94x94.jpg 94w, https://www.acusticauach.cl/wp-content/uploads/2018/05/Encuestados-86x86.jpg 86w, https://www.acusticauach.cl/wp-content/uploads/2018/05/Encuestados-120x120.jpg 120w, https://www.acusticauach.cl/wp-content/uploads/2018/05/Encuestados-700x700.jpg 700w, https://www.acusticauach.cl/wp-content/uploads/2018/05/Encuestados-500x500.jpg 500w, https://www.acusticauach.cl/wp-content/uploads/2018/05/Encuestados-215x215.jpg 215w" sizes="(max-width: 1349px) 100vw, 1349px" /></p>
<hr />
<p style="text-align: center;"><b>Paisaje Sonoro &#8211; Parque Urbano El Bosque</b></p>
<p style="text-align: center;"><a href="https://www.acusticauach.cl/?page_id=9795">Inicio</a> <b>| </b><a href="https://www.acusticauach.cl/?page_id=9806">Parque Urbano El Bosque</a> | <a href="https://www.acusticauach.cl/?page_id=9820">Paisaje Sonoro</a> <b>| </b><a href="https://www.acusticauach.cl/?page_id=9830">Estudio Realizado</a> <b>| </b><a href="https://www.acusticauach.cl/?page_id=9835">Entrada PUEB (Punto 1)</a> <b>| </b><a href="https://www.acusticauach.cl/?page_id=9868">Sendero Enredaderas (Punto 2)</a> <b>| </b><a href="https://www.acusticauach.cl/?page_id=9873">Sector Humedal (Punto 3)</a> <b>| </b><a href="https://www.acusticauach.cl/?page_id=9876">Sector Mirador (Punto 4)</a> <b>| </b><a href="https://www.acusticauach.cl/?page_id=9879">Sector Escenario (Punto 5)</a> <b>| </b><a href="https://www.acusticauach.cl/?page_id=9959">Resultados</a> <b>|</b><a href="https://www.acusticauach.cl/?page_id=10040"> Acerca de</a></p>

<p>Inicio | Parque Urbano El Bosque | Paisaje Sonoro | Estudio Realizado | Entrada PUEB (Punto 1) | Sendero Enredaderas (Punto 2) | Sector Humedal (Punto 3) | Sector Mirador (Punto 4) | Sector Escenario (Punto 5) | Resultados | Acerca de Fotografías: Ver Flickr Para este trabajo se decidió la elección de 5 puntos en función de los siguientes criterios: idénticas condiciones de contorno, diferente configuración espacial, además se incluyeron los puntos más representativos [&hellip;]</p>
