{"id":9820,"date":"2018-05-01T17:11:08","date_gmt":"2018-05-01T20:11:08","guid":{"rendered":"http:\/\/www.acusticauach.cl\/?page_id=9820"},"modified":"2021-05-17T13:18:04","modified_gmt":"2021-05-17T17:18:04","slug":"paisaje-sonoro-por-vr-presentacion-2-2","status":"publish","type":"page","link":"https:\/\/www.acusticauach.cl\/?page_id=9820","title":{"rendered":"Paisaje Sonoro"},"content":{"rendered":"\n<div class=\"wp-block-image\"><figure class=\"aligncenter\"><a href=\"https:\/\/www.acusticauach.cl\/?page_id=9795\"><img decoding=\"async\" width=\"1000\" height=\"250\" src=\"https:\/\/www.acusticauach.cl\/wp-content\/uploads\/2018\/05\/Plantilla-Encabezados-Inicio02.jpg\" alt=\"\" class=\"wp-image-10033\" srcset=\"https:\/\/www.acusticauach.cl\/wp-content\/uploads\/2018\/05\/Plantilla-Encabezados-Inicio02.jpg 1000w, https:\/\/www.acusticauach.cl\/wp-content\/uploads\/2018\/05\/Plantilla-Encabezados-Inicio02-300x75.jpg 300w, https:\/\/www.acusticauach.cl\/wp-content\/uploads\/2018\/05\/Plantilla-Encabezados-Inicio02-768x192.jpg 768w, https:\/\/www.acusticauach.cl\/wp-content\/uploads\/2018\/05\/Plantilla-Encabezados-Inicio02-700x175.jpg 700w, https:\/\/www.acusticauach.cl\/wp-content\/uploads\/2018\/05\/Plantilla-Encabezados-Inicio02-500x125.jpg 500w\" sizes=\"(max-width: 1000px) 100vw, 1000px\" \/><\/a><\/figure><\/div>\n\n\n\n<p><a href=\"https:\/\/www.acusticauach.cl\/?page_id=9795\">Inicio<\/a>&nbsp;<b>|&nbsp;<\/b><a href=\"https:\/\/www.acusticauach.cl\/?page_id=9806\">Parque Urbano El Bosque<\/a>&nbsp;|&nbsp;<a href=\"https:\/\/www.acusticauach.cl\/?page_id=9820\">Paisaje Sonoro<\/a>&nbsp;<b>|&nbsp;<\/b><a href=\"https:\/\/www.acusticauach.cl\/?page_id=9830\">Estudio Realizado<\/a>&nbsp;<b>|&nbsp;<\/b><a href=\"https:\/\/www.acusticauach.cl\/?page_id=9835\">Entrada PUEB (Punto 1)<\/a>&nbsp;<b>|&nbsp;<\/b><a href=\"https:\/\/www.acusticauach.cl\/?page_id=9868\">Sendero Enredaderas (Punto 2)<\/a>&nbsp;<b>|&nbsp;<\/b><a href=\"https:\/\/www.acusticauach.cl\/?page_id=9873\">Sector Humedal (Punto 3)<\/a>&nbsp;<b>|&nbsp;<\/b><a href=\"https:\/\/www.acusticauach.cl\/?page_id=9876\">Sector Mirador (Punto 4)<\/a>&nbsp;<b>|&nbsp;<\/b><a href=\"https:\/\/www.acusticauach.cl\/?page_id=9879\">Sector Escenario (Punto 5)<\/a>&nbsp;<b>|&nbsp;<\/b><a href=\"https:\/\/www.acusticauach.cl\/?page_id=9959\">Resultados<\/a>&nbsp;<b>|<\/b><a href=\"https:\/\/www.acusticauach.cl\/?page_id=10040\">&nbsp;Acerca de<\/a><\/p>\n\n\n\n<p>Fotograf\u00edas: <a href=\"https:\/\/www.flickr.com\/people\/parque_urbano_el_bosque\/\" target=\"_blank\" rel=\"noopener noreferrer\">Ver Flickr<\/a><\/p>\n\n\n\n<h2 class=\"wp-block-heading\"><strong>Paisaje Sonoro<\/strong><\/h2>\n\n\n\n<p>El paisaje sonoro como idea o concepto est\u00e1 vinculado fuertemente a los avances relacionados con la grabaci\u00f3n de sonidos por medio de magnet\u00f3fonos, con la radio difusi\u00f3n y el cine. La posibilidad de capturar un sonido y volver a reproducirlo, e incluso poder modificarlo, abre un universo de nuevas posibilidades en los terrenos de lo documental y lo art\u00edstico.<\/p>\n\n\n\n<p>La aparici\u00f3n de la Ecolog\u00eda Ac\u00fastica (se recomienda visitar www.acousticecology.org), toma un enfoque m\u00e1s hol\u00edstico del estudio de la relaci\u00f3n hombre-entorno sonoro. Se puede definir la Ecolog\u00eda Ac\u00fastica como el estudio de los efectos del ambiente sonoro o paisaje sonoro sobre las respuestas f\u00edsicas o caracter\u00edsticas de comportamiento de los seres vivos dentro de \u00e9l (Schafer 1977). El objetivo final de \u00e9sta es conseguir, mediante un trabajo interdisciplinar establecer, unos principios bajo los cuales un determinado ambiente sonoro o paisaje sonoro pueda ser mejorado, aumentando su calidad sonora. Por lo tanto, la Ecolog\u00eda Ac\u00fastica trata de cambiar el enfoque negativo tradicional (molestia por ruido, legislaci\u00f3n para la reducci\u00f3n de ruido, etc.) por un campo de investigaci\u00f3n con un enfoque positivo.<\/p>\n\n\n\n<p>Uno de los principios fundamentales de la Ecolog\u00eda Ac\u00fastica es el estudio del paisaje sonoro (Soundscape), concepto introducido por el m\u00fasico y compositor canadiense R. Murray Schafer . Dicho concepto es definido por Schafer como el entorno sonoro concreto de un lugar real dado. Un paisaje sonoro es un sonido o combinaci\u00f3n de sonidos que conforman o provienen de un determinado ambiente. El concepto de paisaje sonoro se refiere a un ambiente sonoro natural, consistente en la aparici\u00f3n de sonidos naturales, como, por ejemplo, sonidos procedentes de animales, sonidos procedentes de sucesos meteorol\u00f3gicos, as\u00ed como sonidos procedentes de otros elementos naturales, entre las que cabr\u00eda mencionar los relacionados con el agua. Pero, tambi\u00e9n se refiere a sonidos ambientales creados por el hombre, a trav\u00e9s de composiciones musicales, dise\u00f1o sonoro y otras actividades humanas comunes, como, por ejemplo, sonidos procedentes de la comunicaci\u00f3n, trabajo, as\u00ed como sonidos mec\u00e1nicos procedentes del uso de la industria tecnol\u00f3gica.<\/p>\n\n\n\n<p>El paisaje sonoro es considerado como una parte integral del entorno de vida. Esto confirma el punto de vista de autores como Stockfelt, el cual afirma que el sonido es una necesidad existencial, es decir, los paisajes sonoros son esenciales para el bienestar, no solo como m\u00fasica sino como una parte integral de nuestras situaciones cotidianas.<\/p>\n\n\n\n<div class=\"wp-block-image\"><figure class=\"aligncenter\"><img decoding=\"async\" width=\"1000\" height=\"563\" src=\"https:\/\/www.acusticauach.cl\/wp-content\/uploads\/2018\/05\/parqueurbano15.jpg\" alt=\"\" class=\"wp-image-9827\" srcset=\"https:\/\/www.acusticauach.cl\/wp-content\/uploads\/2018\/05\/parqueurbano15.jpg 1000w, https:\/\/www.acusticauach.cl\/wp-content\/uploads\/2018\/05\/parqueurbano15-300x169.jpg 300w, https:\/\/www.acusticauach.cl\/wp-content\/uploads\/2018\/05\/parqueurbano15-768x432.jpg 768w, https:\/\/www.acusticauach.cl\/wp-content\/uploads\/2018\/05\/parqueurbano15-700x394.jpg 700w, https:\/\/www.acusticauach.cl\/wp-content\/uploads\/2018\/05\/parqueurbano15-500x282.jpg 500w\" sizes=\"(max-width: 1000px) 100vw, 1000px\" \/><\/figure><\/div>\n\n\n\n<p>Como consecuencia de todo esto, resulta esencial, que el dise\u00f1o, evaluaci\u00f3n y gesti\u00f3n de los paisajes sonoros sea incluido en los futuros planes de ordenaci\u00f3n y planificaci\u00f3n, as\u00ed como de movilidad urbana, puesto que es necesario la consideraci\u00f3n de una variable con tanta incidencia en el bienestar de la poblaci\u00f3n, como es el sonido con el que interact\u00faa, para alcanzar la protecci\u00f3n y conservaci\u00f3n de paisajes sonoros con un especial inter\u00e9s, as\u00ed como conseguir satisfacer las necesidades y requerimientos de la poblaci\u00f3n inmersa en ellos.<\/p>\n\n\n\n<p>La inclusi\u00f3n de la variable sonido en la planificaci\u00f3n urbana, conllevar\u00eda el dise\u00f1o, evaluaci\u00f3n y gesti\u00f3n de paisajes sonoros de manera que se pudiera catalogar o valorar, y determinar cu\u00e1les requieren de una protecci\u00f3n y conservaci\u00f3n. Es precisamente debido a su inter\u00e9s sonoro, es decir, a sus caracter\u00edsticas, la informaci\u00f3n que poseen, significado para la poblaci\u00f3n, etc., o bien cu\u00e1les de los paisajes sonoros deber\u00edan de ser recuperados (puesto que existe un foco de contaminaci\u00f3n sonora que impacta de manera notable sobre ellos), o podr\u00edan acoger alg\u00fan tipo de actividad, infraestructura, instalaci\u00f3n, etc., que pudiera generar alg\u00fan impacto sonoro. Dicho paisaje sonoro puede carecer o tener un escaso inter\u00e9s sonoro, o bien, considerar cu\u00e1les de los paisajes sonoros est\u00e1n fuertemente contaminados por el hombre, debido a actividades de tipo industrial, transporte, etc.<\/p>\n\n\n\n<div class=\"wp-block-image\"><figure class=\"aligncenter\"><img decoding=\"async\" width=\"1000\" height=\"562\" src=\"https:\/\/www.acusticauach.cl\/wp-content\/uploads\/2018\/05\/parqueurbano08.jpg\" alt=\"\" class=\"wp-image-9828\" srcset=\"https:\/\/www.acusticauach.cl\/wp-content\/uploads\/2018\/05\/parqueurbano08.jpg 1000w, https:\/\/www.acusticauach.cl\/wp-content\/uploads\/2018\/05\/parqueurbano08-300x169.jpg 300w, https:\/\/www.acusticauach.cl\/wp-content\/uploads\/2018\/05\/parqueurbano08-768x432.jpg 768w, https:\/\/www.acusticauach.cl\/wp-content\/uploads\/2018\/05\/parqueurbano08-700x393.jpg 700w, https:\/\/www.acusticauach.cl\/wp-content\/uploads\/2018\/05\/parqueurbano08-500x281.jpg 500w\" sizes=\"(max-width: 1000px) 100vw, 1000px\" \/><\/figure><\/div>\n\n\n\n<p>En el a\u00f1o 2013 se publica la ISO 12913-1. Acoustics &#8211; Soundscape. Part 1. Definition and conceptual framework [ISO, 2014], donde se proveen definiciones y el marco conceptual para la descripci\u00f3n de paisajes sonoros, y se explican los factores relevantes para la medici\u00f3n y descripci\u00f3n de paisajes sonoros, as\u00ed como para su planeaci\u00f3n, dise\u00f1o y administraci\u00f3n.<\/p>\n\n\n\n<p>Adem\u00e1s del concepto de paisaje sonoro y ambiente ac\u00fastico, definidos como \u00abel ambiente ac\u00fastico percibido, experimentado y\/o comprendido por las personas, esto en su contexto\u00bb y el \u00absonido de todas las fuentes sonoras que fueron modificadas por el ambiente\u00bb respectivamente, la norma presenta un modelo que contiene siete aspectos principales: 1. Contexto, 2. Fuentes sonoras, 3. Entorno ac\u00fastico, 4. Sensaci\u00f3n auditiva, 5. Interpretaci\u00f3n de la sensaci\u00f3n auditiva, 6. Respuestas y 7. Salidas.<\/p>\n\n\n\n<hr class=\"wp-block-separator\"\/>\n\n\n\n<p><b>Paisaje Sonoro &#8211; Parque Urbano El Bosque<\/b><\/p>\n\n\n\n<p style=\"text-align:center\"><a href=\"https:\/\/www.acusticauach.cl\/?page_id=9795\">Inicio<\/a>\u00a0<b>|\u00a0<\/b><a href=\"https:\/\/www.acusticauach.cl\/?page_id=9806\">Parque Urbano El Bosque<\/a>\u00a0|\u00a0<a href=\"https:\/\/www.acusticauach.cl\/?page_id=9820\">Paisaje Sonoro<\/a>\u00a0<b>|\u00a0<\/b><a href=\"https:\/\/www.acusticauach.cl\/?page_id=9830\">Estudio Realizado<\/a>\u00a0<b>|\u00a0<\/b><a href=\"https:\/\/www.acusticauach.cl\/?page_id=9835\">Entrada PUEB (Punto 1)<\/a>\u00a0<b>|\u00a0<\/b><a href=\"https:\/\/www.acusticauach.cl\/?page_id=9868\">Sendero Enredaderas (Punto 2)<\/a>\u00a0<b>|\u00a0<\/b><a href=\"https:\/\/www.acusticauach.cl\/?page_id=9873\">Sector Humedal (Punto 3)<\/a>\u00a0<b>|\u00a0<\/b><a href=\"https:\/\/www.acusticauach.cl\/?page_id=9876\">Sector Mirador (Punto 4)<\/a>\u00a0<b>|\u00a0<\/b><a href=\"https:\/\/www.acusticauach.cl\/?page_id=9879\">Sector Escenario (Punto 5)<\/a>\u00a0<b>|\u00a0<\/b><a href=\"https:\/\/www.acusticauach.cl\/?page_id=9959\">Resultados<\/a>\u00a0<b>|<\/b><a href=\"https:\/\/www.acusticauach.cl\/?page_id=10040\">\u00a0Acerca de<\/a><\/p>\n\n\n\n<div class=\"wp-block-image\"><figure class=\"aligncenter\"><img decoding=\"async\" width=\"800\" height=\"450\" src=\"https:\/\/www.acusticauach.cl\/wp-content\/uploads\/2021\/04\/app_soundscape_evaluator_16x9.jpg\" alt=\"\" class=\"wp-image-14341\" srcset=\"https:\/\/www.acusticauach.cl\/wp-content\/uploads\/2021\/04\/app_soundscape_evaluator_16x9.jpg 800w, https:\/\/www.acusticauach.cl\/wp-content\/uploads\/2021\/04\/app_soundscape_evaluator_16x9-300x169.jpg 300w, https:\/\/www.acusticauach.cl\/wp-content\/uploads\/2021\/04\/app_soundscape_evaluator_16x9-768x432.jpg 768w, https:\/\/www.acusticauach.cl\/wp-content\/uploads\/2021\/04\/app_soundscape_evaluator_16x9-125x70.jpg 125w, https:\/\/www.acusticauach.cl\/wp-content\/uploads\/2021\/04\/app_soundscape_evaluator_16x9-75x42.jpg 75w\" sizes=\"(max-width: 800px) 100vw, 800px\" \/><figcaption>Conoce nuestra aplicaci\u00f3n para celulares que permite evaluar Paisajes Sonoros: <a href=\"https:\/\/www.acusticauach.cl\/?p=14337\">https:\/\/www.acusticauach.cl\/?p=14337<\/a><\/figcaption><\/figure><\/div>\n","protected":false},"excerpt":{"rendered":"<p>Inicio&nbsp;|&nbsp;Parque Urbano El Bosque&nbsp;|&nbsp;Paisaje Sonoro&nbsp;|&nbsp;Estudio Realizado&nbsp;|&nbsp;Entrada PUEB (Punto 1)&nbsp;|&nbsp;Sendero Enredaderas (Punto 2)&nbsp;|&nbsp;Sector Humedal (Punto 3)&nbsp;|&nbsp;Sector Mirador (Punto 4)&nbsp;|&nbsp;Sector Escenario (Punto 5)&nbsp;|&nbsp;Resultados&nbsp;|&nbsp;Acerca de Fotograf\u00edas: Ver Flickr Paisaje Sonoro El paisaje sonoro como idea o concepto est\u00e1 vinculado fuertemente a los avances relacionados con la grabaci\u00f3n de sonidos por medio de magnet\u00f3fonos, con la radio difusi\u00f3n y [&hellip;]<\/p>\n","protected":false},"author":2,"featured_media":0,"parent":0,"menu_order":0,"comment_status":"closed","ping_status":"closed","template":"","meta":{"footnotes":""},"class_list":["post-9820","page","type-page","status-publish","hentry"],"_links":{"self":[{"href":"https:\/\/www.acusticauach.cl\/index.php?rest_route=\/wp\/v2\/pages\/9820","targetHints":{"allow":["GET"]}}],"collection":[{"href":"https:\/\/www.acusticauach.cl\/index.php?rest_route=\/wp\/v2\/pages"}],"about":[{"href":"https:\/\/www.acusticauach.cl\/index.php?rest_route=\/wp\/v2\/types\/page"}],"author":[{"embeddable":true,"href":"https:\/\/www.acusticauach.cl\/index.php?rest_route=\/wp\/v2\/users\/2"}],"replies":[{"embeddable":true,"href":"https:\/\/www.acusticauach.cl\/index.php?rest_route=%2Fwp%2Fv2%2Fcomments&post=9820"}],"version-history":[{"count":0,"href":"https:\/\/www.acusticauach.cl\/index.php?rest_route=\/wp\/v2\/pages\/9820\/revisions"}],"wp:attachment":[{"href":"https:\/\/www.acusticauach.cl\/index.php?rest_route=%2Fwp%2Fv2%2Fmedia&parent=9820"}],"curies":[{"name":"wp","href":"https:\/\/api.w.org\/{rel}","templated":true}]}}

<div class="wp-block-image"><figure class="aligncenter"><a href="https://www.acusticauach.cl/?page_id=9795"><img decoding="async" width="1000" height="250" src="https://www.acusticauach.cl/wp-content/uploads/2018/05/Plantilla-Encabezados-Inicio02.jpg" alt="" class="wp-image-10033" srcset="https://www.acusticauach.cl/wp-content/uploads/2018/05/Plantilla-Encabezados-Inicio02.jpg 1000w, https://www.acusticauach.cl/wp-content/uploads/2018/05/Plantilla-Encabezados-Inicio02-300x75.jpg 300w, https://www.acusticauach.cl/wp-content/uploads/2018/05/Plantilla-Encabezados-Inicio02-768x192.jpg 768w, https://www.acusticauach.cl/wp-content/uploads/2018/05/Plantilla-Encabezados-Inicio02-700x175.jpg 700w, https://www.acusticauach.cl/wp-content/uploads/2018/05/Plantilla-Encabezados-Inicio02-500x125.jpg 500w" sizes="(max-width: 1000px) 100vw, 1000px" /></a></figure></div>



<p><a href="https://www.acusticauach.cl/?page_id=9795">Inicio</a>&nbsp;<b>|&nbsp;</b><a href="https://www.acusticauach.cl/?page_id=9806">Parque Urbano El Bosque</a>&nbsp;|&nbsp;<a href="https://www.acusticauach.cl/?page_id=9820">Paisaje Sonoro</a>&nbsp;<b>|&nbsp;</b><a href="https://www.acusticauach.cl/?page_id=9830">Estudio Realizado</a>&nbsp;<b>|&nbsp;</b><a href="https://www.acusticauach.cl/?page_id=9835">Entrada PUEB (Punto 1)</a>&nbsp;<b>|&nbsp;</b><a href="https://www.acusticauach.cl/?page_id=9868">Sendero Enredaderas (Punto 2)</a>&nbsp;<b>|&nbsp;</b><a href="https://www.acusticauach.cl/?page_id=9873">Sector Humedal (Punto 3)</a>&nbsp;<b>|&nbsp;</b><a href="https://www.acusticauach.cl/?page_id=9876">Sector Mirador (Punto 4)</a>&nbsp;<b>|&nbsp;</b><a href="https://www.acusticauach.cl/?page_id=9879">Sector Escenario (Punto 5)</a>&nbsp;<b>|&nbsp;</b><a href="https://www.acusticauach.cl/?page_id=9959">Resultados</a>&nbsp;<b>|</b><a href="https://www.acusticauach.cl/?page_id=10040">&nbsp;Acerca de</a></p>



<p>Fotografías: <a href="https://www.flickr.com/people/parque_urbano_el_bosque/" target="_blank" rel="noopener noreferrer">Ver Flickr</a></p>



<h2 class="wp-block-heading"><strong>Paisaje Sonoro</strong></h2>



<p>El paisaje sonoro como idea o concepto está vinculado fuertemente a los avances relacionados con la grabación de sonidos por medio de magnetófonos, con la radio difusión y el cine. La posibilidad de capturar un sonido y volver a reproducirlo, e incluso poder modificarlo, abre un universo de nuevas posibilidades en los terrenos de lo documental y lo artístico.</p>



<p>La aparición de la Ecología Acústica (se recomienda visitar www.acousticecology.org), toma un enfoque más holístico del estudio de la relación hombre-entorno sonoro. Se puede definir la Ecología Acústica como el estudio de los efectos del ambiente sonoro o paisaje sonoro sobre las respuestas físicas o características de comportamiento de los seres vivos dentro de él (Schafer 1977). El objetivo final de ésta es conseguir, mediante un trabajo interdisciplinar establecer, unos principios bajo los cuales un determinado ambiente sonoro o paisaje sonoro pueda ser mejorado, aumentando su calidad sonora. Por lo tanto, la Ecología Acústica trata de cambiar el enfoque negativo tradicional (molestia por ruido, legislación para la reducción de ruido, etc.) por un campo de investigación con un enfoque positivo.</p>



<p>Uno de los principios fundamentales de la Ecología Acústica es el estudio del paisaje sonoro (Soundscape), concepto introducido por el músico y compositor canadiense R. Murray Schafer . Dicho concepto es definido por Schafer como el entorno sonoro concreto de un lugar real dado. Un paisaje sonoro es un sonido o combinación de sonidos que conforman o provienen de un determinado ambiente. El concepto de paisaje sonoro se refiere a un ambiente sonoro natural, consistente en la aparición de sonidos naturales, como, por ejemplo, sonidos procedentes de animales, sonidos procedentes de sucesos meteorológicos, así como sonidos procedentes de otros elementos naturales, entre las que cabría mencionar los relacionados con el agua. Pero, también se refiere a sonidos ambientales creados por el hombre, a través de composiciones musicales, diseño sonoro y otras actividades humanas comunes, como, por ejemplo, sonidos procedentes de la comunicación, trabajo, así como sonidos mecánicos procedentes del uso de la industria tecnológica.</p>



<p>El paisaje sonoro es considerado como una parte integral del entorno de vida. Esto confirma el punto de vista de autores como Stockfelt, el cual afirma que el sonido es una necesidad existencial, es decir, los paisajes sonoros son esenciales para el bienestar, no solo como música sino como una parte integral de nuestras situaciones cotidianas.</p>



<div class="wp-block-image"><figure class="aligncenter"><img decoding="async" width="1000" height="563" src="https://www.acusticauach.cl/wp-content/uploads/2018/05/parqueurbano15.jpg" alt="" class="wp-image-9827" srcset="https://www.acusticauach.cl/wp-content/uploads/2018/05/parqueurbano15.jpg 1000w, https://www.acusticauach.cl/wp-content/uploads/2018/05/parqueurbano15-300x169.jpg 300w, https://www.acusticauach.cl/wp-content/uploads/2018/05/parqueurbano15-768x432.jpg 768w, https://www.acusticauach.cl/wp-content/uploads/2018/05/parqueurbano15-700x394.jpg 700w, https://www.acusticauach.cl/wp-content/uploads/2018/05/parqueurbano15-500x282.jpg 500w" sizes="(max-width: 1000px) 100vw, 1000px" /></figure></div>



<p>Como consecuencia de todo esto, resulta esencial, que el diseño, evaluación y gestión de los paisajes sonoros sea incluido en los futuros planes de ordenación y planificación, así como de movilidad urbana, puesto que es necesario la consideración de una variable con tanta incidencia en el bienestar de la población, como es el sonido con el que interactúa, para alcanzar la protección y conservación de paisajes sonoros con un especial interés, así como conseguir satisfacer las necesidades y requerimientos de la población inmersa en ellos.</p>



<p>La inclusión de la variable sonido en la planificación urbana, conllevaría el diseño, evaluación y gestión de paisajes sonoros de manera que se pudiera catalogar o valorar, y determinar cuáles requieren de una protección y conservación. Es precisamente debido a su interés sonoro, es decir, a sus características, la información que poseen, significado para la población, etc., o bien cuáles de los paisajes sonoros deberían de ser recuperados (puesto que existe un foco de contaminación sonora que impacta de manera notable sobre ellos), o podrían acoger algún tipo de actividad, infraestructura, instalación, etc., que pudiera generar algún impacto sonoro. Dicho paisaje sonoro puede carecer o tener un escaso interés sonoro, o bien, considerar cuáles de los paisajes sonoros están fuertemente contaminados por el hombre, debido a actividades de tipo industrial, transporte, etc.</p>



<div class="wp-block-image"><figure class="aligncenter"><img decoding="async" width="1000" height="562" src="https://www.acusticauach.cl/wp-content/uploads/2018/05/parqueurbano08.jpg" alt="" class="wp-image-9828" srcset="https://www.acusticauach.cl/wp-content/uploads/2018/05/parqueurbano08.jpg 1000w, https://www.acusticauach.cl/wp-content/uploads/2018/05/parqueurbano08-300x169.jpg 300w, https://www.acusticauach.cl/wp-content/uploads/2018/05/parqueurbano08-768x432.jpg 768w, https://www.acusticauach.cl/wp-content/uploads/2018/05/parqueurbano08-700x393.jpg 700w, https://www.acusticauach.cl/wp-content/uploads/2018/05/parqueurbano08-500x281.jpg 500w" sizes="(max-width: 1000px) 100vw, 1000px" /></figure></div>



<p>En el año 2013 se publica la ISO 12913-1. Acoustics &#8211; Soundscape. Part 1. Definition and conceptual framework [ISO, 2014], donde se proveen definiciones y el marco conceptual para la descripción de paisajes sonoros, y se explican los factores relevantes para la medición y descripción de paisajes sonoros, así como para su planeación, diseño y administración.</p>



<p>Además del concepto de paisaje sonoro y ambiente acústico, definidos como «el ambiente acústico percibido, experimentado y/o comprendido por las personas, esto en su contexto» y el «sonido de todas las fuentes sonoras que fueron modificadas por el ambiente» respectivamente, la norma presenta un modelo que contiene siete aspectos principales: 1. Contexto, 2. Fuentes sonoras, 3. Entorno acústico, 4. Sensación auditiva, 5. Interpretación de la sensación auditiva, 6. Respuestas y 7. Salidas.</p>



<hr class="wp-block-separator"/>



<p><b>Paisaje Sonoro &#8211; Parque Urbano El Bosque</b></p>



<p style="text-align:center"><a href="https://www.acusticauach.cl/?page_id=9795">Inicio</a> <b>| </b><a href="https://www.acusticauach.cl/?page_id=9806">Parque Urbano El Bosque</a> | <a href="https://www.acusticauach.cl/?page_id=9820">Paisaje Sonoro</a> <b>| </b><a href="https://www.acusticauach.cl/?page_id=9830">Estudio Realizado</a> <b>| </b><a href="https://www.acusticauach.cl/?page_id=9835">Entrada PUEB (Punto 1)</a> <b>| </b><a href="https://www.acusticauach.cl/?page_id=9868">Sendero Enredaderas (Punto 2)</a> <b>| </b><a href="https://www.acusticauach.cl/?page_id=9873">Sector Humedal (Punto 3)</a> <b>| </b><a href="https://www.acusticauach.cl/?page_id=9876">Sector Mirador (Punto 4)</a> <b>| </b><a href="https://www.acusticauach.cl/?page_id=9879">Sector Escenario (Punto 5)</a> <b>| </b><a href="https://www.acusticauach.cl/?page_id=9959">Resultados</a> <b>|</b><a href="https://www.acusticauach.cl/?page_id=10040"> Acerca de</a></p>



<div class="wp-block-image"><figure class="aligncenter"><img decoding="async" width="800" height="450" src="https://www.acusticauach.cl/wp-content/uploads/2021/04/app_soundscape_evaluator_16x9.jpg" alt="" class="wp-image-14341" srcset="https://www.acusticauach.cl/wp-content/uploads/2021/04/app_soundscape_evaluator_16x9.jpg 800w, https://www.acusticauach.cl/wp-content/uploads/2021/04/app_soundscape_evaluator_16x9-300x169.jpg 300w, https://www.acusticauach.cl/wp-content/uploads/2021/04/app_soundscape_evaluator_16x9-768x432.jpg 768w, https://www.acusticauach.cl/wp-content/uploads/2021/04/app_soundscape_evaluator_16x9-125x70.jpg 125w, https://www.acusticauach.cl/wp-content/uploads/2021/04/app_soundscape_evaluator_16x9-75x42.jpg 75w" sizes="(max-width: 800px) 100vw, 800px" /><figcaption>Conoce nuestra aplicación para celulares que permite evaluar Paisajes Sonoros: <a href="https://www.acusticauach.cl/?p=14337">https://www.acusticauach.cl/?p=14337</a></figcaption></figure></div>

<p>Inicio&nbsp;|&nbsp;Parque Urbano El Bosque&nbsp;|&nbsp;Paisaje Sonoro&nbsp;|&nbsp;Estudio Realizado&nbsp;|&nbsp;Entrada PUEB (Punto 1)&nbsp;|&nbsp;Sendero Enredaderas (Punto 2)&nbsp;|&nbsp;Sector Humedal (Punto 3)&nbsp;|&nbsp;Sector Mirador (Punto 4)&nbsp;|&nbsp;Sector Escenario (Punto 5)&nbsp;|&nbsp;Resultados&nbsp;|&nbsp;Acerca de Fotografías: Ver Flickr Paisaje Sonoro El paisaje sonoro como idea o concepto está vinculado fuertemente a los avances relacionados con la grabación de sonidos por medio de magnetófonos, con la radio difusión y [&hellip;]</p>
