{"id":9806,"date":"2018-05-01T16:58:31","date_gmt":"2018-05-01T19:58:31","guid":{"rendered":"http:\/\/www.acusticauach.cl\/?page_id=9806"},"modified":"2019-11-05T15:04:23","modified_gmt":"2019-11-05T18:04:23","slug":"paisaje-sonoro-por-vr-presentacion-2","status":"publish","type":"page","link":"https:\/\/www.acusticauach.cl\/?page_id=9806","title":{"rendered":"Parque Urbano El Bosque"},"content":{"rendered":"<p style=\"text-align: center;\"><a href=\"https:\/\/www.acusticauach.cl\/?page_id=9795\"><img decoding=\"async\" class=\"aligncenter wp-image-10012 size-full\" src=\"https:\/\/www.acusticauach.cl\/wp-content\/uploads\/2018\/05\/Plantilla-Encabezados-PUEB02.jpg\" alt=\"\" width=\"1000\" height=\"250\" srcset=\"https:\/\/www.acusticauach.cl\/wp-content\/uploads\/2018\/05\/Plantilla-Encabezados-PUEB02.jpg 1000w, https:\/\/www.acusticauach.cl\/wp-content\/uploads\/2018\/05\/Plantilla-Encabezados-PUEB02-300x75.jpg 300w, https:\/\/www.acusticauach.cl\/wp-content\/uploads\/2018\/05\/Plantilla-Encabezados-PUEB02-768x192.jpg 768w, https:\/\/www.acusticauach.cl\/wp-content\/uploads\/2018\/05\/Plantilla-Encabezados-PUEB02-700x175.jpg 700w, https:\/\/www.acusticauach.cl\/wp-content\/uploads\/2018\/05\/Plantilla-Encabezados-PUEB02-500x125.jpg 500w\" sizes=\"(max-width: 1000px) 100vw, 1000px\" \/><\/a><\/p>\n<p style=\"text-align: center;\"><a href=\"https:\/\/www.acusticauach.cl\/?page_id=9795\">Inicio<\/a>\u00a0<b>|\u00a0<\/b><a href=\"https:\/\/www.acusticauach.cl\/?page_id=9806\">Parque Urbano El Bosque<\/a>\u00a0|\u00a0<a href=\"https:\/\/www.acusticauach.cl\/?page_id=9820\">Paisaje Sonoro<\/a>\u00a0<b>|\u00a0<\/b><a href=\"https:\/\/www.acusticauach.cl\/?page_id=9830\">Estudio Realizado<\/a>\u00a0<b>|\u00a0<\/b><a href=\"https:\/\/www.acusticauach.cl\/?page_id=9835\">Entrada PUEB (Punto 1)<\/a>\u00a0<b>|\u00a0<\/b><a href=\"https:\/\/www.acusticauach.cl\/?page_id=9868\">Sendero Enredaderas (Punto 2)<\/a>\u00a0<b>|\u00a0<\/b><a href=\"https:\/\/www.acusticauach.cl\/?page_id=9873\">Sector Humedal (Punto 3)<\/a>\u00a0<b>|\u00a0<\/b><a href=\"https:\/\/www.acusticauach.cl\/?page_id=9876\">Sector Mirador (Punto 4)<\/a>\u00a0<b>|\u00a0<\/b><a href=\"https:\/\/www.acusticauach.cl\/?page_id=9879\">Sector Escenario (Punto 5)<\/a>\u00a0<b>|\u00a0<\/b><a href=\"https:\/\/www.acusticauach.cl\/?page_id=9959\">Resultados<\/a>\u00a0<b>|<\/b><a href=\"https:\/\/www.acusticauach.cl\/?page_id=10040\">\u00a0Acerca de<\/a><\/p>\n<p style=\"text-align: right;\">Fotograf\u00edas: <a href=\"https:\/\/www.flickr.com\/people\/parque_urbano_el_bosque\/\" target=\"_blank\" rel=\"noopener noreferrer\">Ver Flickr<\/a><\/p>\n<h2><strong>Parque Urbano El Bosque (PUEB) <\/strong><\/h2>\n<p>El Parque Urbano El Bosque (PUEB) es un fragmento de 12,5 hect\u00e1reas de bosque nativo y humedales, los cuales son un Bosque, antiguo refugio y h\u00e1bitat, para una gran diversidad de especies animales y vegetales. Su valor radica en que a pesar de la intervenci\u00f3n humana y la urbanizaci\u00f3n que ha se ha producido en la ciudad de Valdivia, que ha provocado el deterioro del paisaje natural, este peque\u00f1o fragmento de bosque y humedal, mantiene la estructura y din\u00e1mica caracter\u00edstica de los ecosistemas naturales, y representa una extraordinaria oportunidad para la ciudad y sus habitantes de involucrarse en su conocimiento, disfrute y conservaci\u00f3n.<\/p>\n<p><img decoding=\"async\" class=\"aligncenter size-full wp-image-9809\" src=\"https:\/\/www.acusticauach.cl\/wp-content\/uploads\/2018\/05\/parqueurbano21.jpg\" alt=\"\" width=\"1000\" height=\"563\" srcset=\"https:\/\/www.acusticauach.cl\/wp-content\/uploads\/2018\/05\/parqueurbano21.jpg 1000w, https:\/\/www.acusticauach.cl\/wp-content\/uploads\/2018\/05\/parqueurbano21-300x169.jpg 300w, https:\/\/www.acusticauach.cl\/wp-content\/uploads\/2018\/05\/parqueurbano21-768x432.jpg 768w, https:\/\/www.acusticauach.cl\/wp-content\/uploads\/2018\/05\/parqueurbano21-700x394.jpg 700w, https:\/\/www.acusticauach.cl\/wp-content\/uploads\/2018\/05\/parqueurbano21-500x282.jpg 500w\" sizes=\"(max-width: 1000px) 100vw, 1000px\" \/><br \/>\nLa superficie del Parque Urbano se extiende a 13 hect\u00e1reas, que se puede recorrer por medio de los senderos que existen en su interior. A trav\u00e9s de ellos se pueden encontrar distintos ecosistemas (humedal, borde de humedal y bosque). La zona boscosa corresponde a un remanente de la asociaci\u00f3n ROBLE-LAUREL-LINGUE presente en la depresi\u00f3n intermedia y en las laderas Este de la cordillera de la costa de la regi\u00f3n, entre las especies que se destacan se encuentran, roble (Nothofagus obliqua), olivillo (Aextoxicon punctatum), coig\u00fce (Nothofagus dombeyi), array\u00e1n (Luma apiculata), Lingue (Persea lingue), Laurel (Laurelia sempervirens) y algunas enredaderas como boqui (Boquila trifoliolata) o copihue (Lapageria rosea), entre otros.<\/p>\n<p><img decoding=\"async\" class=\"aligncenter size-full wp-image-9810\" src=\"https:\/\/www.acusticauach.cl\/wp-content\/uploads\/2018\/05\/parqueurbano07.jpg\" alt=\"\" width=\"1000\" height=\"562\" srcset=\"https:\/\/www.acusticauach.cl\/wp-content\/uploads\/2018\/05\/parqueurbano07.jpg 1000w, https:\/\/www.acusticauach.cl\/wp-content\/uploads\/2018\/05\/parqueurbano07-300x169.jpg 300w, https:\/\/www.acusticauach.cl\/wp-content\/uploads\/2018\/05\/parqueurbano07-768x432.jpg 768w, https:\/\/www.acusticauach.cl\/wp-content\/uploads\/2018\/05\/parqueurbano07-700x393.jpg 700w, https:\/\/www.acusticauach.cl\/wp-content\/uploads\/2018\/05\/parqueurbano07-500x281.jpg 500w\" sizes=\"(max-width: 1000px) 100vw, 1000px\" \/><\/p>\n<p>Adem\u00e1s, se pueden avistar especies de aves asociadas al bosque valdiviano, como por ejemplo el pid\u00e9n (Pardirallus sanguinolentus), cachudito (Anairetes parulus), lechuza (Tyto alba), f\u00edo-f\u00edo (Elaenia albiceps), viudita (Colorhamphus parvirostris), rayadito (Aphrastura spinicauda). En el sector de hualves, se pueden observar crust\u00e1ceos como el camar\u00f3n del hualve (Parastacus nicoletti), gastr\u00f3podos como el caracol pancho (Plectostylus marie) y una interesante variedad de hongos e insectos. Otro de los sectores es el matorral pradera y por \u00faltimo el sector del humedal, se pueden encontrar asociados a \u00e9l anfibios como la rana grande chilena (Caudibervera caudibervera) y el sapito antifaz (Batrachyla taeniata) (PUEB).<\/p>\n<p><img decoding=\"async\" class=\"aligncenter size-full wp-image-9811\" src=\"https:\/\/www.acusticauach.cl\/wp-content\/uploads\/2018\/05\/parqueurbano13.jpg\" alt=\"\" width=\"1000\" height=\"563\" srcset=\"https:\/\/www.acusticauach.cl\/wp-content\/uploads\/2018\/05\/parqueurbano13.jpg 1000w, https:\/\/www.acusticauach.cl\/wp-content\/uploads\/2018\/05\/parqueurbano13-300x169.jpg 300w, https:\/\/www.acusticauach.cl\/wp-content\/uploads\/2018\/05\/parqueurbano13-768x432.jpg 768w, https:\/\/www.acusticauach.cl\/wp-content\/uploads\/2018\/05\/parqueurbano13-700x394.jpg 700w, https:\/\/www.acusticauach.cl\/wp-content\/uploads\/2018\/05\/parqueurbano13-500x282.jpg 500w\" sizes=\"(max-width: 1000px) 100vw, 1000px\" \/><\/p>\n<p>Esta reserva natural urbana tiene como finalidad conservar el patrimonio natural del \u201cParque Urbano El Bosque\u201d, realizar educaci\u00f3n ambiental y generar espacios para la investigaci\u00f3n, acercar a la comunidad a los ecosistemas naturales presentes y finalmente incentivar a la comunidad a reciclar y almacenar los residuos s\u00f3lidos, como botellas pl\u00e1sticas y de vidrio.<\/p>\n<p><img decoding=\"async\" class=\"aligncenter size-full wp-image-9812\" src=\"https:\/\/www.acusticauach.cl\/wp-content\/uploads\/2018\/05\/parqueurbano17.jpg\" alt=\"\" width=\"1000\" height=\"563\" srcset=\"https:\/\/www.acusticauach.cl\/wp-content\/uploads\/2018\/05\/parqueurbano17.jpg 1000w, https:\/\/www.acusticauach.cl\/wp-content\/uploads\/2018\/05\/parqueurbano17-300x169.jpg 300w, https:\/\/www.acusticauach.cl\/wp-content\/uploads\/2018\/05\/parqueurbano17-768x432.jpg 768w, https:\/\/www.acusticauach.cl\/wp-content\/uploads\/2018\/05\/parqueurbano17-700x394.jpg 700w, https:\/\/www.acusticauach.cl\/wp-content\/uploads\/2018\/05\/parqueurbano17-500x282.jpg 500w\" sizes=\"(max-width: 1000px) 100vw, 1000px\" \/><\/p>\n<p>Invitamos a visitar:<\/p>\n<p><a href=\"http:\/\/bosqueurbano.cl\/\" target=\"_blank\" rel=\"noopener noreferrer\">http:\/\/bosqueurbano.cl\/<\/a><br \/>\n<a href=\"https:\/\/www.facebook.com\/PUEBValdivia\/\" target=\"_blank\" rel=\"noopener noreferrer\">https:\/\/www.facebook.com\/PUEBValdivia\/ <\/a><br \/>\n<a href=\"https:\/\/www.flickr.com\/people\/parque_urbano_el_bosque\/\" target=\"_blank\" rel=\"noopener noreferrer\">Fotograf\u00edas: <\/a><a href=\"https:\/\/www.flickr.com\/people\/parque_urbano_el_bosque\/\" target=\"_blank\" rel=\"noopener noreferrer\">Ver Flickr<\/a><\/p>\n<p><img decoding=\"async\" class=\"aligncenter size-full wp-image-9813\" src=\"https:\/\/www.acusticauach.cl\/wp-content\/uploads\/2018\/05\/parqueurbano19.jpg\" alt=\"\" width=\"1000\" height=\"563\" srcset=\"https:\/\/www.acusticauach.cl\/wp-content\/uploads\/2018\/05\/parqueurbano19.jpg 1000w, https:\/\/www.acusticauach.cl\/wp-content\/uploads\/2018\/05\/parqueurbano19-300x169.jpg 300w, https:\/\/www.acusticauach.cl\/wp-content\/uploads\/2018\/05\/parqueurbano19-768x432.jpg 768w, https:\/\/www.acusticauach.cl\/wp-content\/uploads\/2018\/05\/parqueurbano19-700x394.jpg 700w, https:\/\/www.acusticauach.cl\/wp-content\/uploads\/2018\/05\/parqueurbano19-500x282.jpg 500w\" sizes=\"(max-width: 1000px) 100vw, 1000px\" \/><\/p>\n<h2><strong>Parque Urbano El Bosque (PUEB)<\/strong><\/h2>\n<p>Direcci\u00f3n: Simpson 301, barrio El Bosque, Valdivia<\/p>\n<p>Horario (oto\u00f1o-invierno):<br \/>\n-Martes a s\u00e1bado de 9:00 a 18:00<br \/>\n-Domingo de 10:00 a 18:00<\/p>\n<p>Tarifas:<br \/>\n-Valor general $1000<br \/>\n-Ni\u00f1os, estudiantes y adultos mayores $500<\/p>\n<p>Tel\u00e9fono: 632-204563<\/p>\n<p>Correo: admpueb@gmail.com<br \/>\n<iframe style=\"border: 0;\" src=\"https:\/\/www.google.com\/maps\/embed?pb=!1m18!1m12!1m3!1d2541.3691670694457!2d-73.24742068462159!3d-39.84000777943633!2m3!1f0!2f0!3f0!3m2!1i1024!2i768!4f13.1!3m3!1m2!1s0x9615ee444b6745d1%3A0x9836909b2a782bb0!2sParque+Urbano+El+Bosque!5e1!3m2!1ses!2scl!4v1525204875478\" width=\"600\" height=\"450\" frameborder=\"0\" allowfullscreen=\"allowfullscreen\"><\/iframe><\/p>\n<hr \/>\n<p style=\"text-align: center;\"><b>Paisaje Sonoro &#8211; Parque Urbano El Bosque<\/b><\/p>\n<p style=\"text-align: center;\"><a href=\"https:\/\/www.acusticauach.cl\/?page_id=9795\">Inicio<\/a>\u00a0<b>|\u00a0<\/b><a href=\"https:\/\/www.acusticauach.cl\/?page_id=9806\">Parque Urbano El Bosque<\/a>\u00a0|\u00a0<a href=\"https:\/\/www.acusticauach.cl\/?page_id=9820\">Paisaje Sonoro<\/a>\u00a0<b>|\u00a0<\/b><a href=\"https:\/\/www.acusticauach.cl\/?page_id=9830\">Estudio Realizado<\/a>\u00a0<b>|\u00a0<\/b><a href=\"https:\/\/www.acusticauach.cl\/?page_id=9835\">Entrada PUEB (Punto 1)<\/a>\u00a0<b>|\u00a0<\/b><a href=\"https:\/\/www.acusticauach.cl\/?page_id=9868\">Sendero Enredaderas (Punto 2)<\/a>\u00a0<b>|\u00a0<\/b><a href=\"https:\/\/www.acusticauach.cl\/?page_id=9873\">Sector Humedal (Punto 3)<\/a>\u00a0<b>|\u00a0<\/b><a href=\"https:\/\/www.acusticauach.cl\/?page_id=9876\">Sector Mirador (Punto 4)<\/a>\u00a0<b>|\u00a0<\/b><a href=\"https:\/\/www.acusticauach.cl\/?page_id=9879\">Sector Escenario (Punto 5)<\/a>\u00a0<b>|\u00a0<\/b><a href=\"https:\/\/www.acusticauach.cl\/?page_id=9959\">Resultados<\/a>\u00a0<b>|<\/b><a href=\"https:\/\/www.acusticauach.cl\/?page_id=10040\">\u00a0Acerca de<\/a><\/p>\n","protected":false},"excerpt":{"rendered":"<p>Inicio\u00a0|\u00a0Parque Urbano El Bosque\u00a0|\u00a0Paisaje Sonoro\u00a0|\u00a0Estudio Realizado\u00a0|\u00a0Entrada PUEB (Punto 1)\u00a0|\u00a0Sendero Enredaderas (Punto 2)\u00a0|\u00a0Sector Humedal (Punto 3)\u00a0|\u00a0Sector Mirador (Punto 4)\u00a0|\u00a0Sector Escenario (Punto 5)\u00a0|\u00a0Resultados\u00a0|\u00a0Acerca de Fotograf\u00edas: Ver Flickr Parque Urbano El Bosque (PUEB) El Parque Urbano El Bosque (PUEB) es un fragmento de 12,5 hect\u00e1reas de bosque nativo y humedales, los cuales son un Bosque, antiguo refugio y [&hellip;]<\/p>\n","protected":false},"author":2,"featured_media":0,"parent":0,"menu_order":0,"comment_status":"closed","ping_status":"closed","template":"","meta":{"footnotes":""},"class_list":["post-9806","page","type-page","status-publish","hentry"],"_links":{"self":[{"href":"https:\/\/www.acusticauach.cl\/index.php?rest_route=\/wp\/v2\/pages\/9806","targetHints":{"allow":["GET"]}}],"collection":[{"href":"https:\/\/www.acusticauach.cl\/index.php?rest_route=\/wp\/v2\/pages"}],"about":[{"href":"https:\/\/www.acusticauach.cl\/index.php?rest_route=\/wp\/v2\/types\/page"}],"author":[{"embeddable":true,"href":"https:\/\/www.acusticauach.cl\/index.php?rest_route=\/wp\/v2\/users\/2"}],"replies":[{"embeddable":true,"href":"https:\/\/www.acusticauach.cl\/index.php?rest_route=%2Fwp%2Fv2%2Fcomments&post=9806"}],"version-history":[{"count":0,"href":"https:\/\/www.acusticauach.cl\/index.php?rest_route=\/wp\/v2\/pages\/9806\/revisions"}],"wp:attachment":[{"href":"https:\/\/www.acusticauach.cl\/index.php?rest_route=%2Fwp%2Fv2%2Fmedia&parent=9806"}],"curies":[{"name":"wp","href":"https:\/\/api.w.org\/{rel}","templated":true}]}}

<p style="text-align: center;"><a href="https://www.acusticauach.cl/?page_id=9795"><img decoding="async" class="aligncenter wp-image-10012 size-full" src="https://www.acusticauach.cl/wp-content/uploads/2018/05/Plantilla-Encabezados-PUEB02.jpg" alt="" width="1000" height="250" srcset="https://www.acusticauach.cl/wp-content/uploads/2018/05/Plantilla-Encabezados-PUEB02.jpg 1000w, https://www.acusticauach.cl/wp-content/uploads/2018/05/Plantilla-Encabezados-PUEB02-300x75.jpg 300w, https://www.acusticauach.cl/wp-content/uploads/2018/05/Plantilla-Encabezados-PUEB02-768x192.jpg 768w, https://www.acusticauach.cl/wp-content/uploads/2018/05/Plantilla-Encabezados-PUEB02-700x175.jpg 700w, https://www.acusticauach.cl/wp-content/uploads/2018/05/Plantilla-Encabezados-PUEB02-500x125.jpg 500w" sizes="(max-width: 1000px) 100vw, 1000px" /></a></p>
<p style="text-align: center;"><a href="https://www.acusticauach.cl/?page_id=9795">Inicio</a> <b>| </b><a href="https://www.acusticauach.cl/?page_id=9806">Parque Urbano El Bosque</a> | <a href="https://www.acusticauach.cl/?page_id=9820">Paisaje Sonoro</a> <b>| </b><a href="https://www.acusticauach.cl/?page_id=9830">Estudio Realizado</a> <b>| </b><a href="https://www.acusticauach.cl/?page_id=9835">Entrada PUEB (Punto 1)</a> <b>| </b><a href="https://www.acusticauach.cl/?page_id=9868">Sendero Enredaderas (Punto 2)</a> <b>| </b><a href="https://www.acusticauach.cl/?page_id=9873">Sector Humedal (Punto 3)</a> <b>| </b><a href="https://www.acusticauach.cl/?page_id=9876">Sector Mirador (Punto 4)</a> <b>| </b><a href="https://www.acusticauach.cl/?page_id=9879">Sector Escenario (Punto 5)</a> <b>| </b><a href="https://www.acusticauach.cl/?page_id=9959">Resultados</a> <b>|</b><a href="https://www.acusticauach.cl/?page_id=10040"> Acerca de</a></p>
<p style="text-align: right;">Fotografías: <a href="https://www.flickr.com/people/parque_urbano_el_bosque/" target="_blank" rel="noopener noreferrer">Ver Flickr</a></p>
<h2><strong>Parque Urbano El Bosque (PUEB) </strong></h2>
<p>El Parque Urbano El Bosque (PUEB) es un fragmento de 12,5 hectáreas de bosque nativo y humedales, los cuales son un Bosque, antiguo refugio y hábitat, para una gran diversidad de especies animales y vegetales. Su valor radica en que a pesar de la intervención humana y la urbanización que ha se ha producido en la ciudad de Valdivia, que ha provocado el deterioro del paisaje natural, este pequeño fragmento de bosque y humedal, mantiene la estructura y dinámica característica de los ecosistemas naturales, y representa una extraordinaria oportunidad para la ciudad y sus habitantes de involucrarse en su conocimiento, disfrute y conservación.</p>
<p><img decoding="async" class="aligncenter size-full wp-image-9809" src="https://www.acusticauach.cl/wp-content/uploads/2018/05/parqueurbano21.jpg" alt="" width="1000" height="563" srcset="https://www.acusticauach.cl/wp-content/uploads/2018/05/parqueurbano21.jpg 1000w, https://www.acusticauach.cl/wp-content/uploads/2018/05/parqueurbano21-300x169.jpg 300w, https://www.acusticauach.cl/wp-content/uploads/2018/05/parqueurbano21-768x432.jpg 768w, https://www.acusticauach.cl/wp-content/uploads/2018/05/parqueurbano21-700x394.jpg 700w, https://www.acusticauach.cl/wp-content/uploads/2018/05/parqueurbano21-500x282.jpg 500w" sizes="(max-width: 1000px) 100vw, 1000px" /><br />
La superficie del Parque Urbano se extiende a 13 hectáreas, que se puede recorrer por medio de los senderos que existen en su interior. A través de ellos se pueden encontrar distintos ecosistemas (humedal, borde de humedal y bosque). La zona boscosa corresponde a un remanente de la asociación ROBLE-LAUREL-LINGUE presente en la depresión intermedia y en las laderas Este de la cordillera de la costa de la región, entre las especies que se destacan se encuentran, roble (Nothofagus obliqua), olivillo (Aextoxicon punctatum), coigüe (Nothofagus dombeyi), arrayán (Luma apiculata), Lingue (Persea lingue), Laurel (Laurelia sempervirens) y algunas enredaderas como boqui (Boquila trifoliolata) o copihue (Lapageria rosea), entre otros.</p>
<p><img decoding="async" class="aligncenter size-full wp-image-9810" src="https://www.acusticauach.cl/wp-content/uploads/2018/05/parqueurbano07.jpg" alt="" width="1000" height="562" srcset="https://www.acusticauach.cl/wp-content/uploads/2018/05/parqueurbano07.jpg 1000w, https://www.acusticauach.cl/wp-content/uploads/2018/05/parqueurbano07-300x169.jpg 300w, https://www.acusticauach.cl/wp-content/uploads/2018/05/parqueurbano07-768x432.jpg 768w, https://www.acusticauach.cl/wp-content/uploads/2018/05/parqueurbano07-700x393.jpg 700w, https://www.acusticauach.cl/wp-content/uploads/2018/05/parqueurbano07-500x281.jpg 500w" sizes="(max-width: 1000px) 100vw, 1000px" /></p>
<p>Además, se pueden avistar especies de aves asociadas al bosque valdiviano, como por ejemplo el pidén (Pardirallus sanguinolentus), cachudito (Anairetes parulus), lechuza (Tyto alba), fío-fío (Elaenia albiceps), viudita (Colorhamphus parvirostris), rayadito (Aphrastura spinicauda). En el sector de hualves, se pueden observar crustáceos como el camarón del hualve (Parastacus nicoletti), gastrópodos como el caracol pancho (Plectostylus marie) y una interesante variedad de hongos e insectos. Otro de los sectores es el matorral pradera y por último el sector del humedal, se pueden encontrar asociados a él anfibios como la rana grande chilena (Caudibervera caudibervera) y el sapito antifaz (Batrachyla taeniata) (PUEB).</p>
<p><img decoding="async" class="aligncenter size-full wp-image-9811" src="https://www.acusticauach.cl/wp-content/uploads/2018/05/parqueurbano13.jpg" alt="" width="1000" height="563" srcset="https://www.acusticauach.cl/wp-content/uploads/2018/05/parqueurbano13.jpg 1000w, https://www.acusticauach.cl/wp-content/uploads/2018/05/parqueurbano13-300x169.jpg 300w, https://www.acusticauach.cl/wp-content/uploads/2018/05/parqueurbano13-768x432.jpg 768w, https://www.acusticauach.cl/wp-content/uploads/2018/05/parqueurbano13-700x394.jpg 700w, https://www.acusticauach.cl/wp-content/uploads/2018/05/parqueurbano13-500x282.jpg 500w" sizes="(max-width: 1000px) 100vw, 1000px" /></p>
<p>Esta reserva natural urbana tiene como finalidad conservar el patrimonio natural del “Parque Urbano El Bosque”, realizar educación ambiental y generar espacios para la investigación, acercar a la comunidad a los ecosistemas naturales presentes y finalmente incentivar a la comunidad a reciclar y almacenar los residuos sólidos, como botellas plásticas y de vidrio.</p>
<p><img decoding="async" class="aligncenter size-full wp-image-9812" src="https://www.acusticauach.cl/wp-content/uploads/2018/05/parqueurbano17.jpg" alt="" width="1000" height="563" srcset="https://www.acusticauach.cl/wp-content/uploads/2018/05/parqueurbano17.jpg 1000w, https://www.acusticauach.cl/wp-content/uploads/2018/05/parqueurbano17-300x169.jpg 300w, https://www.acusticauach.cl/wp-content/uploads/2018/05/parqueurbano17-768x432.jpg 768w, https://www.acusticauach.cl/wp-content/uploads/2018/05/parqueurbano17-700x394.jpg 700w, https://www.acusticauach.cl/wp-content/uploads/2018/05/parqueurbano17-500x282.jpg 500w" sizes="(max-width: 1000px) 100vw, 1000px" /></p>
<p>Invitamos a visitar:</p>
<p><a href="http://bosqueurbano.cl/" target="_blank" rel="noopener noreferrer">http://bosqueurbano.cl/</a><br />
<a href="https://www.facebook.com/PUEBValdivia/" target="_blank" rel="noopener noreferrer">https://www.facebook.com/PUEBValdivia/ </a><br />
<a href="https://www.flickr.com/people/parque_urbano_el_bosque/" target="_blank" rel="noopener noreferrer">Fotografías: </a><a href="https://www.flickr.com/people/parque_urbano_el_bosque/" target="_blank" rel="noopener noreferrer">Ver Flickr</a></p>
<p><img decoding="async" class="aligncenter size-full wp-image-9813" src="https://www.acusticauach.cl/wp-content/uploads/2018/05/parqueurbano19.jpg" alt="" width="1000" height="563" srcset="https://www.acusticauach.cl/wp-content/uploads/2018/05/parqueurbano19.jpg 1000w, https://www.acusticauach.cl/wp-content/uploads/2018/05/parqueurbano19-300x169.jpg 300w, https://www.acusticauach.cl/wp-content/uploads/2018/05/parqueurbano19-768x432.jpg 768w, https://www.acusticauach.cl/wp-content/uploads/2018/05/parqueurbano19-700x394.jpg 700w, https://www.acusticauach.cl/wp-content/uploads/2018/05/parqueurbano19-500x282.jpg 500w" sizes="(max-width: 1000px) 100vw, 1000px" /></p>
<h2><strong>Parque Urbano El Bosque (PUEB)</strong></h2>
<p>Dirección: Simpson 301, barrio El Bosque, Valdivia</p>
<p>Horario (otoño-invierno):<br />
-Martes a sábado de 9:00 a 18:00<br />
-Domingo de 10:00 a 18:00</p>
<p>Tarifas:<br />
-Valor general $1000<br />
-Niños, estudiantes y adultos mayores $500</p>
<p>Teléfono: 632-204563</p>
<p>Correo: admpueb@gmail.com<br />
<iframe style="border: 0;" src="https://www.google.com/maps/embed?pb=!1m18!1m12!1m3!1d2541.3691670694457!2d-73.24742068462159!3d-39.84000777943633!2m3!1f0!2f0!3f0!3m2!1i1024!2i768!4f13.1!3m3!1m2!1s0x9615ee444b6745d1%3A0x9836909b2a782bb0!2sParque+Urbano+El+Bosque!5e1!3m2!1ses!2scl!4v1525204875478" width="600" height="450" frameborder="0" allowfullscreen="allowfullscreen"></iframe></p>
<hr />
<p style="text-align: center;"><b>Paisaje Sonoro &#8211; Parque Urbano El Bosque</b></p>
<p style="text-align: center;"><a href="https://www.acusticauach.cl/?page_id=9795">Inicio</a> <b>| </b><a href="https://www.acusticauach.cl/?page_id=9806">Parque Urbano El Bosque</a> | <a href="https://www.acusticauach.cl/?page_id=9820">Paisaje Sonoro</a> <b>| </b><a href="https://www.acusticauach.cl/?page_id=9830">Estudio Realizado</a> <b>| </b><a href="https://www.acusticauach.cl/?page_id=9835">Entrada PUEB (Punto 1)</a> <b>| </b><a href="https://www.acusticauach.cl/?page_id=9868">Sendero Enredaderas (Punto 2)</a> <b>| </b><a href="https://www.acusticauach.cl/?page_id=9873">Sector Humedal (Punto 3)</a> <b>| </b><a href="https://www.acusticauach.cl/?page_id=9876">Sector Mirador (Punto 4)</a> <b>| </b><a href="https://www.acusticauach.cl/?page_id=9879">Sector Escenario (Punto 5)</a> <b>| </b><a href="https://www.acusticauach.cl/?page_id=9959">Resultados</a> <b>|</b><a href="https://www.acusticauach.cl/?page_id=10040"> Acerca de</a></p>

<p>Inicio | Parque Urbano El Bosque | Paisaje Sonoro | Estudio Realizado | Entrada PUEB (Punto 1) | Sendero Enredaderas (Punto 2) | Sector Humedal (Punto 3) | Sector Mirador (Punto 4) | Sector Escenario (Punto 5) | Resultados | Acerca de Fotografías: Ver Flickr Parque Urbano El Bosque (PUEB) El Parque Urbano El Bosque (PUEB) es un fragmento de 12,5 hectáreas de bosque nativo y humedales, los cuales son un Bosque, antiguo refugio y [&hellip;]</p>
