{"id":9760,"date":"2018-04-27T11:47:01","date_gmt":"2018-04-27T14:47:01","guid":{"rendered":"http:\/\/www.acusticauach.cl\/?page_id=9760"},"modified":"2019-11-08T20:14:10","modified_gmt":"2019-11-08T23:14:10","slug":"jesus-alba-3","status":"publish","type":"page","link":"https:\/\/www.acusticauach.cl\/?page_id=9760","title":{"rendered":"Jaime Delannoy"},"content":{"rendered":"<h2><strong>Profesor Escuela de Comunicaci\u00f3n del Instituto Profesional DUOC UC, Chile.<\/strong><img decoding=\"async\" class=\"alignright wp-image-9761 size-full\" title=\"Jaime Delannoy\" src=\"https:\/\/www.acusticauach.cl\/wp-content\/uploads\/2018\/04\/JDelannoy_200x300.jpg\" alt=\"\" width=\"200\" height=\"300\"><\/h2>\n<p>Ingeniero Ac\u00fastico por la U. Austral de Chile, es tambi\u00e9n Mag\u00edster en Did\u00e1ctica para la Educaci\u00f3n Superior por la U. Tarapac\u00e1 y doctor en Ingenier\u00eda Ac\u00fastica por la Universidad Polit\u00e9cnica de Madrid (UPM). Posee tambi\u00e9n estudios de Estructura de Datos y de Machine Learning.<br \/>\nEn su carrera profesional en Chile ha desempe\u00f1ado diversos cargos directivos en instituciones de educaci\u00f3n superior, en las que ha desarrollado proyectos docentes vinculados a carreras del \u00e1rea audiovisual. Tambi\u00e9n ha realizado colaboraciones acad\u00e9micas con universidades de Argentina, Per\u00fa, M\u00e9xico y Espa\u00f1a.<\/p>\n<p>Como consultor ac\u00fastico independiente -en el \u00e1rea de la Ac\u00fastica Arquitect\u00f3nica- ha participado en diversos proyectos p\u00fablicos y privados tanto en Chile como en el extranjero. Actualmente es consultor senior de la firma RG Sanles Acoustics Ltd (UK).<\/p>\n<p>Desde 2013 se desempe\u00f1a como Subdirector de la Escuela de Comunicaci\u00f3n del Instituto Profesional DUOC UC (Chile). \u00c1rea que posee ocho carreras con 5000 alumnos distribuidos en las regiones V, VIII y Metropolitana del pa\u00eds.<\/p>\n<p><strong>Actualizado 27.04.2018.<\/strong><\/p>\n<h2><strong>Contacto<\/strong><\/h2>\n<ul>\n<li>Instituto de Ac\u00fastica<\/li>\n<li>Facultad de Ciencias de la Ingenier\u00eda<\/li>\n<li>Universidad Austral de Chile<\/li>\n<li>Edificio 6000, Campus Miraflores, Casilla 567, Valdivia, Chile<\/li>\n<\/ul>\n<p><a href=\"https:\/\/www.acusticauach.cl\/?page_id=139\">Profesores de Ac\u00fastica<\/a><\/p>\n","protected":false},"excerpt":{"rendered":"<p>Profesor Escuela de Comunicaci\u00f3n del Instituto Profesional DUOC UC, Chile. Ingeniero Ac\u00fastico por la U. Austral de Chile, es tambi\u00e9n Mag\u00edster en Did\u00e1ctica para la Educaci\u00f3n Superior por la U. Tarapac\u00e1 y doctor en Ingenier\u00eda Ac\u00fastica por la Universidad Polit\u00e9cnica de Madrid (UPM). Posee tambi\u00e9n estudios de Estructura de Datos y de Machine Learning. En [&hellip;]<\/p>\n","protected":false},"author":2,"featured_media":0,"parent":139,"menu_order":0,"comment_status":"closed","ping_status":"closed","template":"","meta":{"footnotes":""},"class_list":["post-9760","page","type-page","status-publish","hentry"],"_links":{"self":[{"href":"https:\/\/www.acusticauach.cl\/index.php?rest_route=\/wp\/v2\/pages\/9760","targetHints":{"allow":["GET"]}}],"collection":[{"href":"https:\/\/www.acusticauach.cl\/index.php?rest_route=\/wp\/v2\/pages"}],"about":[{"href":"https:\/\/www.acusticauach.cl\/index.php?rest_route=\/wp\/v2\/types\/page"}],"author":[{"embeddable":true,"href":"https:\/\/www.acusticauach.cl\/index.php?rest_route=\/wp\/v2\/users\/2"}],"replies":[{"embeddable":true,"href":"https:\/\/www.acusticauach.cl\/index.php?rest_route=%2Fwp%2Fv2%2Fcomments&post=9760"}],"version-history":[{"count":0,"href":"https:\/\/www.acusticauach.cl\/index.php?rest_route=\/wp\/v2\/pages\/9760\/revisions"}],"up":[{"embeddable":true,"href":"https:\/\/www.acusticauach.cl\/index.php?rest_route=\/wp\/v2\/pages\/139"}],"wp:attachment":[{"href":"https:\/\/www.acusticauach.cl\/index.php?rest_route=%2Fwp%2Fv2%2Fmedia&parent=9760"}],"curies":[{"name":"wp","href":"https:\/\/api.w.org\/{rel}","templated":true}]}}