{"id":8870,"date":"2017-06-18T22:14:36","date_gmt":"2017-06-19T02:14:36","guid":{"rendered":"http:\/\/www.acusticauach.cl\/?page_id=8870"},"modified":"2019-10-25T10:45:05","modified_gmt":"2019-10-25T13:45:05","slug":"laboratorio-fondequip","status":"publish","type":"page","link":"https:\/\/www.acusticauach.cl\/?page_id=8870","title":{"rendered":"Laboratorio FONDEQUIP"},"content":{"rendered":"<p><a href=\"http:\/\/www.conicyt.cl\/fondequip\/2015\/07\/29\/iv-concurso-de-equipamiento-cientifico-y-tecnologico-mediano-fondequip-2\/\" target=\"_blank\" rel=\"noopener noreferrer\"><img decoding=\"async\" class=\"size-full wp-image-8884 alignleft\" src=\"https:\/\/www.acusticauach.cl\/wp-content\/uploads\/2017\/06\/logo-conicyt.png\" alt=\"\" width=\"172\" height=\"156\" \/><\/a>El a\u00f1o 2015, el Instituto de Ac\u00fastica de la Universidad Austral postul\u00f3 al\u00a0<a href=\"http:\/\/www.conicyt.cl\/fondequip\/2015\/07\/29\/iv-concurso-de-equipamiento-cientifico-y-tecnologico-mediano-fondequip-2\/\" target=\"_blank\" rel=\"noopener noreferrer\">IV Concurso de Equipamiento Cient\u00edfico y Tecnol\u00f3gico Mediano FONDEQUIP de CONICYT<\/a>. Particip\u00f3 con el proyecto\u00a0<strong>Desarrollo de aplicaciones en ac\u00fastica mediante la t\u00e9cnica de arreglo de micr\u00f3fonos de alta definici\u00f3n e im\u00e1genes ac\u00fasticas<\/strong>, adjudic\u00e1ndose la compra de un sistema de arreglo de micr\u00f3fonos \u00a0(Beamforming System) o C\u00e1mara Ac\u00fastica, marca Bruel&amp;Kjaer. (<a href=\"https:\/\/www.acusticauach.cl\/?p=7002\">Ver Noticia<\/a>)<\/p>\n<h5><strong>El Proyecto<\/strong><\/h5>\n<p>Este proyecto compromete la participaci\u00f3n de seis investigadores del Instituto de Ac\u00fastica para la utilizaci\u00f3n del equipamiento en diversas \u00e1reas de la ingenier\u00eda ac\u00fastica. Destaca el an\u00e1lisis de ruido urbano (mapas de ruido y fuentes de ruido), l\u00ednea de trabajo con varios a\u00f1os de desarrollo, y que requiere nuevas herramientas para avanzar a otros conocimientos. La relevancia nacional en \u00e9sta \u00e1rea est\u00e1 apoyada por el Ministerio del Medio Ambiente. Adem\u00e1s, an\u00e1lisis del comportamiento ac\u00fastico de elementos constructivos y el aislamiento al ruido. Esta \u00e1rea es de inter\u00e9s es compartido con el Ministerio de Vivienda y Urbanismo. Asimismo, destaca el \u00e1rea de materiales ac\u00fasticos, asociada a materiales porosos y barreras ac\u00fasticas. Las aplicaciones proyectadas tambi\u00e9n integran a nuevas \u00e1reas de investigaci\u00f3n como el ruido de aerogeneradores, ac\u00fastica musical, ecolog\u00eda ac\u00fastica, procesamiento de audio profesional, y procesamiento digital de se\u00f1ales.<\/p>\n<p>A continuaci\u00f3n es posible ver un seminario explicativo de las potencialidades del equipo (<a href=\"https:\/\/www.acusticauach.cl\/?p=7776\">https:\/\/www.acusticauach.cl\/?p=7776<\/a>)<\/p>\n<p><a href=\"https:\/\/www.acusticauach.cl\/?p=7776\"><img decoding=\"async\" class=\"aligncenter size-full wp-image-7777\" src=\"https:\/\/www.acusticauach.cl\/wp-content\/uploads\/2016\/08\/2016_08_24_Seminario_Camara_Acustica_11.jpg\" alt=\"\" width=\"1000\" height=\"562\" srcset=\"https:\/\/www.acusticauach.cl\/wp-content\/uploads\/2016\/08\/2016_08_24_Seminario_Camara_Acustica_11.jpg 1000w, https:\/\/www.acusticauach.cl\/wp-content\/uploads\/2016\/08\/2016_08_24_Seminario_Camara_Acustica_11-300x169.jpg 300w, https:\/\/www.acusticauach.cl\/wp-content\/uploads\/2016\/08\/2016_08_24_Seminario_Camara_Acustica_11-700x393.jpg 700w, https:\/\/www.acusticauach.cl\/wp-content\/uploads\/2016\/08\/2016_08_24_Seminario_Camara_Acustica_11-500x281.jpg 500w\" sizes=\"(max-width: 1000px) 100vw, 1000px\" \/><\/a><\/p>\n<h5 style=\"text-align: left;\"><strong>Laboratorio FONDEQUIP\u00a0EQM150108<\/strong><\/h5>\n<p style=\"text-align: left;\">Para el trabajo con el equipo, se ha habilitado el Laboratorio FONDEQUIP\u00a0EQM150108<\/p>\n<h5 style=\"text-align: left;\"><strong>Vista en 360\u00b0 del Laboratorio FONDEQUIP<\/strong><\/h5>\n<p><a data-flickr-embed=\"true\" data-vr=\"true\" href=\"https:\/\/www.flickr.com\/photos\/acusticauach\/43067458644\/\" title=\"Laboratorios_360 by Acustica UACh, on Flickr\"><img decoding=\"async\" src=\"https:\/\/live.staticflickr.com\/852\/43067458644_556feb9180_b.jpg\" width=\"1024\" height=\"512\" alt=\"Laboratorios_360\"><\/a><script async src=\"https:\/\/embedr.flickr.com\/assets\/client-code.js\" charset=\"utf-8\"><\/script><\/p>\n","protected":false},"excerpt":{"rendered":"<p>El a\u00f1o 2015, el Instituto de Ac\u00fastica de la Universidad Austral postul\u00f3 al\u00a0IV Concurso de Equipamiento Cient\u00edfico y Tecnol\u00f3gico Mediano FONDEQUIP de CONICYT. Particip\u00f3 con el proyecto\u00a0Desarrollo de aplicaciones en ac\u00fastica mediante la t\u00e9cnica de arreglo de micr\u00f3fonos de alta definici\u00f3n e im\u00e1genes ac\u00fasticas, adjudic\u00e1ndose la compra de un sistema de arreglo de micr\u00f3fonos \u00a0(Beamforming [&hellip;]<\/p>\n","protected":false},"author":2,"featured_media":8879,"parent":5545,"menu_order":0,"comment_status":"closed","ping_status":"closed","template":"","meta":{"footnotes":""},"class_list":["post-8870","page","type-page","status-publish","has-post-thumbnail","hentry"],"_links":{"self":[{"href":"https:\/\/www.acusticauach.cl\/index.php?rest_route=\/wp\/v2\/pages\/8870","targetHints":{"allow":["GET"]}}],"collection":[{"href":"https:\/\/www.acusticauach.cl\/index.php?rest_route=\/wp\/v2\/pages"}],"about":[{"href":"https:\/\/www.acusticauach.cl\/index.php?rest_route=\/wp\/v2\/types\/page"}],"author":[{"embeddable":true,"href":"https:\/\/www.acusticauach.cl\/index.php?rest_route=\/wp\/v2\/users\/2"}],"replies":[{"embeddable":true,"href":"https:\/\/www.acusticauach.cl\/index.php?rest_route=%2Fwp%2Fv2%2Fcomments&post=8870"}],"version-history":[{"count":0,"href":"https:\/\/www.acusticauach.cl\/index.php?rest_route=\/wp\/v2\/pages\/8870\/revisions"}],"up":[{"embeddable":true,"href":"https:\/\/www.acusticauach.cl\/index.php?rest_route=\/wp\/v2\/pages\/5545"}],"wp:featuredmedia":[{"embeddable":true,"href":"https:\/\/www.acusticauach.cl\/index.php?rest_route=\/wp\/v2\/media\/8879"}],"wp:attachment":[{"href":"https:\/\/www.acusticauach.cl\/index.php?rest_route=%2Fwp%2Fv2%2Fmedia&parent=8870"}],"curies":[{"name":"wp","href":"https:\/\/api.w.org\/{rel}","templated":true}]}}