{"id":8759,"date":"2017-06-05T13:32:12","date_gmt":"2017-06-05T17:32:12","guid":{"rendered":"http:\/\/www.acusticauach.cl\/?page_id=8759"},"modified":"2019-10-25T10:55:28","modified_gmt":"2019-10-25T13:55:28","slug":"recital-yankeelandia","status":"publish","type":"page","link":"https:\/\/www.acusticauach.cl\/?page_id=8759","title":{"rendered":"Festival Yankeelandia"},"content":{"rendered":"<p>Una de las caracter\u00edsticas de la Ingenier\u00eda Civil Ac\u00fastica es su cercan\u00eda con el fen\u00f3meno de sonido, y por supuesto, la m\u00fasica. No es raro, entonces, que AcusticaUACh iniciara una larga tradici\u00f3n de tocatas musicales, recitales, cl\u00ednicas instrumentales y dem\u00e1s eventos musicales. Uno de los m\u00e1s tradicionales se remonta al a\u00f1o 1987, cuando nace Yankeelandia como una soluci\u00f3n a la carencia de instancias o espacios reales donde los estudiantes de Ingenier\u00eda Ac\u00fastica de la UACh pudiesen realizar pr\u00e1cticas de refuerzo sonoro y sonorizaci\u00f3n.<\/p>\n<p><a href=\"https:\/\/www.acusticauach.cl\/wp-content\/uploads\/2017\/11\/Yankeelandia_16x9.jpg\"><img decoding=\"async\" class=\"aligncenter wp-image-9227 size-full\" src=\"https:\/\/www.acusticauach.cl\/wp-content\/uploads\/2017\/11\/Yankeelandia_16x9.jpg\" alt=\"\" width=\"900\" height=\"506\" srcset=\"https:\/\/www.acusticauach.cl\/wp-content\/uploads\/2017\/11\/Yankeelandia_16x9.jpg 900w, https:\/\/www.acusticauach.cl\/wp-content\/uploads\/2017\/11\/Yankeelandia_16x9-300x169.jpg 300w, https:\/\/www.acusticauach.cl\/wp-content\/uploads\/2017\/11\/Yankeelandia_16x9-768x432.jpg 768w, https:\/\/www.acusticauach.cl\/wp-content\/uploads\/2017\/11\/Yankeelandia_16x9-700x394.jpg 700w, https:\/\/www.acusticauach.cl\/wp-content\/uploads\/2017\/11\/Yankeelandia_16x9-500x281.jpg 500w\" sizes=\"(max-width: 900px) 100vw, 900px\" \/><\/a><\/p>\n<h5><strong>\u00bfYankeelandia?<\/strong><\/h5>\n<p>El curioso, e ir\u00f3nico nombre, fue interiorizado por los estudiantes de la \u00e9poca y proviene del sitio donde el recital se realiz\u00f3 por primera vez: ah\u00ed, donde se emplaza una escultura donada por el gobierno de EE.UU a la UACh como monumento al resurgimiento de la ciudad tras el terremoto de 1960 y el aporte que la UACh asumi\u00f3 en el proceso.<\/p>\n<p>Inicialmente Yankeelandia destac\u00f3 por su intimidad con la comunidad universitaria y por generar un espacio cultural de esparcimiento y recreaci\u00f3n, cualidad que guard\u00f3 como sello y vel\u00f3 por reproducir los a\u00f1os posteriores. Posteriormente se han celebrado muchas versiones de este festival-concierto.<\/p>\n<p>Muchos m\u00fasicos, historias y an\u00e9cdotas son las que abriga esta tradici\u00f3n de la UACh y Valdivia. Aqu\u00ed una rese\u00f1a de las \u00faltimas versiones.<\/p>\n<p><iframe title=\"Yankeelandia Festival Valdivia\" width=\"1200\" height=\"675\" src=\"https:\/\/www.youtube.com\/embed\/nqpFWWqVqDY?feature=oembed\" frameborder=\"0\" allow=\"accelerometer; autoplay; encrypted-media; gyroscope; picture-in-picture\" allowfullscreen><\/iframe><\/p>\n<h5><strong>Festival \u201cYankeelandia 2017\u201d<\/strong><\/h5>\n<p>El s\u00e1bado 25 de noviembre, desde las 15:00 horas, en el Frontis del Edificio 7000 Campus Miraflores UACh, se realiz\u00f3 el Festival Yankeelandia 2017.\u00a0En esta versi\u00f3n, present\u00f3 a las bandas Nacho Forttes, Malicia, Ensalada Jet, La Pesc\u00e1 y Alexcy C\u00e1rdenas.<\/p>\n<p><img decoding=\"async\" class=\"aligncenter size-full wp-image-9279\" src=\"https:\/\/www.acusticauach.cl\/wp-content\/uploads\/2017\/11\/Yankeelandia_banner_2017_1002x339-2.jpeg\" alt=\"\" width=\"1002\" height=\"339\" srcset=\"https:\/\/www.acusticauach.cl\/wp-content\/uploads\/2017\/11\/Yankeelandia_banner_2017_1002x339-2.jpeg 1002w, https:\/\/www.acusticauach.cl\/wp-content\/uploads\/2017\/11\/Yankeelandia_banner_2017_1002x339-2-300x101.jpeg 300w, https:\/\/www.acusticauach.cl\/wp-content\/uploads\/2017\/11\/Yankeelandia_banner_2017_1002x339-2-768x260.jpeg 768w, https:\/\/www.acusticauach.cl\/wp-content\/uploads\/2017\/11\/Yankeelandia_banner_2017_1002x339-2-700x237.jpeg 700w, https:\/\/www.acusticauach.cl\/wp-content\/uploads\/2017\/11\/Yankeelandia_banner_2017_1002x339-2-500x169.jpeg 500w\" sizes=\"(max-width: 1002px) 100vw, 1002px\" \/><\/p>\n<p><strong><a href=\"https:\/\/flic.kr\/s\/aHsmawVHYW\" target=\"_blank\" rel=\"noopener noreferrer\"><img decoding=\"async\" class=\"wp-image-9353  aligncenter\" src=\"https:\/\/www.acusticauach.cl\/wp-content\/uploads\/2017\/11\/flickr-app-fotografia-300x122.jpg\" alt=\"\" width=\"123\" height=\"50\" srcset=\"https:\/\/www.acusticauach.cl\/wp-content\/uploads\/2017\/11\/flickr-app-fotografia-300x122.jpg 300w, https:\/\/www.acusticauach.cl\/wp-content\/uploads\/2017\/11\/flickr-app-fotografia.jpg 421w\" sizes=\"(max-width: 123px) 100vw, 123px\" \/><\/a><\/strong><\/p>\n<p><a href=\"https:\/\/www.flickr.com\/photos\/acusticauach\/albums\/72157690226638194\" target=\"_blank\" rel=\"noopener noreferrer\"><strong>Ver galer\u00eda de fotos en Flickr<\/strong>.<\/a> &#8211; <a href=\"https:\/\/www.acusticauach.cl\/?p=9218\">Ver noticia<\/a>. <a href=\"https:\/\/www.acusticauach.cl\/?p=9357\">Ver noticia.<\/a><\/p>\n<h5><strong>Festival \u201cYankeelandia 2015&#8243;<\/strong><\/h5>\n<p><a href=\"https:\/\/www.acusticauach.cl\/wp-content\/uploads\/2015\/10\/banner_yankeelandia_2015b.jpg\"><img decoding=\"async\" class=\"size-full wp-image-6876 aligncenter\" src=\"https:\/\/www.acusticauach.cl\/wp-content\/uploads\/2015\/10\/banner_yankeelandia_2015b.jpg\" alt=\"banner_yankeelandia_2015b\" width=\"1002\" height=\"339\" srcset=\"https:\/\/www.acusticauach.cl\/wp-content\/uploads\/2015\/10\/banner_yankeelandia_2015b.jpg 1002w, https:\/\/www.acusticauach.cl\/wp-content\/uploads\/2015\/10\/banner_yankeelandia_2015b-300x101.jpg 300w, https:\/\/www.acusticauach.cl\/wp-content\/uploads\/2015\/10\/banner_yankeelandia_2015b-700x237.jpg 700w, https:\/\/www.acusticauach.cl\/wp-content\/uploads\/2015\/10\/banner_yankeelandia_2015b-500x169.jpg 500w\" sizes=\"(max-width: 1002px) 100vw, 1002px\" \/><\/a><\/p>\n<p>El jueves 29 de octubre, desde las 15:00 horas, en el Frontis del Edificio 7000 Campus Miraflores UACh, se realiz\u00f3 el Yankeelandia.\u00a0En su versi\u00f3n 2015, present\u00f3 a las bandas\u00a0Magnetismo Cero,\u00a0La Mano Falluca,\u00a0Flor de Lote,\u00a0Gris El\u00e9ctrico,\u00a0Hom\u00ednido y\u00a0Como Asesinar a Felipes.<\/p>\n<p>La comisi\u00f3n organizadora 2015 estuvo integrada por el profesor Rodrigo Torres, y los estudiantes de Ingenier\u00eda Civil Ac\u00fastica Diego Vergara, Felipe Toro, Felipe Ramos, Alexandra Astudillo y Felipe Orellana.<\/p>\n<p><strong><a href=\"https:\/\/flic.kr\/s\/aHsmb9mGpe\" target=\"_blank\" rel=\"noopener noreferrer\"><img decoding=\"async\" class=\"wp-image-9353  aligncenter\" src=\"https:\/\/www.acusticauach.cl\/wp-content\/uploads\/2017\/11\/flickr-app-fotografia-300x122.jpg\" alt=\"\" width=\"123\" height=\"50\" srcset=\"https:\/\/www.acusticauach.cl\/wp-content\/uploads\/2017\/11\/flickr-app-fotografia-300x122.jpg 300w, https:\/\/www.acusticauach.cl\/wp-content\/uploads\/2017\/11\/flickr-app-fotografia.jpg 421w\" sizes=\"(max-width: 123px) 100vw, 123px\" \/><\/a> <\/strong><\/p>\n<p><a href=\"https:\/\/www.flickr.com\/photos\/acusticauach\/albums\/72157690627588035\" target=\"_blank\" rel=\"noopener noreferrer\"><strong>Ver galer\u00eda de fotos en Flickr<\/strong>.<\/a>\/<strong><a href=\"https:\/\/www.acusticauach.cl\/?p=6859\">\u00a0Leer : Reviviendo Yankeelandia, el hist\u00f3rico Festival de M\u00fasica Universitario<\/a><\/strong><\/p>\n<p><center><iframe src=\"https:\/\/www.youtube.com\/embed\/DS8MmTVz8Qw?list=PL_DO5LlHuBcuTAW4hdxv2-TIFKfTcIe-A\" width=\"640\" height=\"360\" frameborder=\"0\" allowfullscreen=\"allowfullscreen\"><\/iframe><\/center><\/p>\n<h5><strong>Festival \u201cYankeelandia 2014\u201d<\/strong><\/h5>\n<p><a href=\"https:\/\/www.acusticauach.cl\/wp-content\/uploads\/2014\/09\/2014_Yankeelandia_Banner_01.jpg\"><img decoding=\"async\" class=\"size-full wp-image-5333 aligncenter\" src=\"https:\/\/www.acusticauach.cl\/wp-content\/uploads\/2014\/09\/2014_Yankeelandia_Banner_01.jpg\" alt=\"2014_Yankeelandia_Banner_01\" width=\"1000\" height=\"421\" srcset=\"https:\/\/www.acusticauach.cl\/wp-content\/uploads\/2014\/09\/2014_Yankeelandia_Banner_01.jpg 1000w, https:\/\/www.acusticauach.cl\/wp-content\/uploads\/2014\/09\/2014_Yankeelandia_Banner_01-300x126.jpg 300w, https:\/\/www.acusticauach.cl\/wp-content\/uploads\/2014\/09\/2014_Yankeelandia_Banner_01-700x294.jpg 700w, https:\/\/www.acusticauach.cl\/wp-content\/uploads\/2014\/09\/2014_Yankeelandia_Banner_01-500x210.jpg 500w\" sizes=\"(max-width: 1000px) 100vw, 1000px\" \/><\/a><\/p>\n<p>El domingo 30 de noviembre\u00a0de 2014, se realiz\u00f3 el festival\u00a0\u00abYankeelandia 2014\u201c en el Campus Miraflores de la Facultad de Ciencias de la Ingenier\u00eda de la Universidad Austral de Chile. Acustica UACh, organizadora hist\u00f3ricamente este festival, que en esta oportunidad, luego de seis a\u00f1os de su \u00faltima versi\u00f3n, cont\u00f3 con las bandas valdivianas Hom\u00ednidos, Omelette du Fromage, Algo Gerald y Cristi\u00e1n Barr\u00eda y la Groove House.<\/p>\n<p>La comisi\u00f3n organizadora 2014 estuvo integrada por el profesor Rodrigo Torres, y los estudiantes de Ingenier\u00eda Civil Ac\u00fastica Diego Vergara, Felipe Toro y Felipe Orellana.<\/p>\n<p><strong><a href=\"https:\/\/flic.kr\/s\/aHsm9XxMuq\" target=\"_blank\" rel=\"noopener noreferrer\"><img decoding=\"async\" class=\"wp-image-9353  aligncenter\" src=\"https:\/\/www.acusticauach.cl\/wp-content\/uploads\/2017\/11\/flickr-app-fotografia-300x122.jpg\" alt=\"\" width=\"123\" height=\"50\" srcset=\"https:\/\/www.acusticauach.cl\/wp-content\/uploads\/2017\/11\/flickr-app-fotografia-300x122.jpg 300w, https:\/\/www.acusticauach.cl\/wp-content\/uploads\/2017\/11\/flickr-app-fotografia.jpg 421w\" sizes=\"(max-width: 123px) 100vw, 123px\" \/><\/a> <\/strong><\/p>\n<p><strong><a href=\"http:\/\/youtu.be\/sbsoIWc-NRo\" target=\"_blank\" rel=\"noopener noreferrer\">Ver Video<\/a> \/<a href=\"https:\/\/www.acusticauach.cl\/?p=5189\">\u00a0Ver Prensa<\/a>\u00a0\/ <a href=\"https:\/\/www.facebook.com\/media\/set\/?set=a.751201884961454.1073741841.194362960645352&amp;type=3&amp;uploaded=2\" target=\"_blank\" rel=\"noopener noreferrer\">Ver Fotos \/ <\/a><a href=\"https:\/\/www.flickr.com\/photos\/acusticauach\/albums\/72157689848913164\" target=\"_blank\" rel=\"noopener noreferrer\">Ver galer\u00eda de fotos en Flickr<\/a><\/strong><\/p>\n<p><center><iframe src=\"https:\/\/www.youtube.com\/embed\/sbsoIWc-NRo?list=PL_DO5LlHuBcuTAW4hdxv2-TIFKfTcIe-A\" width=\"640\" height=\"360\" frameborder=\"0\" allowfullscreen=\"allowfullscreen\"><\/iframe><\/center><\/p>\n","protected":false},"excerpt":{"rendered":"<p>Una de las caracter\u00edsticas de la Ingenier\u00eda Civil Ac\u00fastica es su cercan\u00eda con el fen\u00f3meno de sonido, y por supuesto, la m\u00fasica. No es raro, entonces, que AcusticaUACh iniciara una larga tradici\u00f3n de tocatas musicales, recitales, cl\u00ednicas instrumentales y dem\u00e1s eventos musicales. Uno de los m\u00e1s tradicionales se remonta al a\u00f1o 1987, cuando nace Yankeelandia [&hellip;]<\/p>\n","protected":false},"author":2,"featured_media":12203,"parent":6010,"menu_order":0,"comment_status":"closed","ping_status":"closed","template":"","meta":{"footnotes":""},"class_list":["post-8759","page","type-page","status-publish","has-post-thumbnail","hentry"],"_links":{"self":[{"href":"https:\/\/www.acusticauach.cl\/index.php?rest_route=\/wp\/v2\/pages\/8759","targetHints":{"allow":["GET"]}}],"collection":[{"href":"https:\/\/www.acusticauach.cl\/index.php?rest_route=\/wp\/v2\/pages"}],"about":[{"href":"https:\/\/www.acusticauach.cl\/index.php?rest_route=\/wp\/v2\/types\/page"}],"author":[{"embeddable":true,"href":"https:\/\/www.acusticauach.cl\/index.php?rest_route=\/wp\/v2\/users\/2"}],"replies":[{"embeddable":true,"href":"https:\/\/www.acusticauach.cl\/index.php?rest_route=%2Fwp%2Fv2%2Fcomments&post=8759"}],"version-history":[{"count":0,"href":"https:\/\/www.acusticauach.cl\/index.php?rest_route=\/wp\/v2\/pages\/8759\/revisions"}],"up":[{"embeddable":true,"href":"https:\/\/www.acusticauach.cl\/index.php?rest_route=\/wp\/v2\/pages\/6010"}],"wp:featuredmedia":[{"embeddable":true,"href":"https:\/\/www.acusticauach.cl\/index.php?rest_route=\/wp\/v2\/media\/12203"}],"wp:attachment":[{"href":"https:\/\/www.acusticauach.cl\/index.php?rest_route=%2Fwp%2Fv2%2Fmedia&parent=8759"}],"curies":[{"name":"wp","href":"https:\/\/api.w.org\/{rel}","templated":true}]}}

<p>Una de las características de la Ingeniería Civil Acústica es su cercanía con el fenómeno de sonido, y por supuesto, la música. No es raro, entonces, que AcusticaUACh iniciara una larga tradición de tocatas musicales, recitales, clínicas instrumentales y demás eventos musicales. Uno de los más tradicionales se remonta al año 1987, cuando nace Yankeelandia como una solución a la carencia de instancias o espacios reales donde los estudiantes de Ingeniería Acústica de la UACh pudiesen realizar prácticas de refuerzo sonoro y sonorización.</p>
<p><a href="https://www.acusticauach.cl/wp-content/uploads/2017/11/Yankeelandia_16x9.jpg"><img decoding="async" class="aligncenter wp-image-9227 size-full" src="https://www.acusticauach.cl/wp-content/uploads/2017/11/Yankeelandia_16x9.jpg" alt="" width="900" height="506" srcset="https://www.acusticauach.cl/wp-content/uploads/2017/11/Yankeelandia_16x9.jpg 900w, https://www.acusticauach.cl/wp-content/uploads/2017/11/Yankeelandia_16x9-300x169.jpg 300w, https://www.acusticauach.cl/wp-content/uploads/2017/11/Yankeelandia_16x9-768x432.jpg 768w, https://www.acusticauach.cl/wp-content/uploads/2017/11/Yankeelandia_16x9-700x394.jpg 700w, https://www.acusticauach.cl/wp-content/uploads/2017/11/Yankeelandia_16x9-500x281.jpg 500w" sizes="(max-width: 900px) 100vw, 900px" /></a></p>
<h5><strong>¿Yankeelandia?</strong></h5>
<p>El curioso, e irónico nombre, fue interiorizado por los estudiantes de la época y proviene del sitio donde el recital se realizó por primera vez: ahí, donde se emplaza una escultura donada por el gobierno de EE.UU a la UACh como monumento al resurgimiento de la ciudad tras el terremoto de 1960 y el aporte que la UACh asumió en el proceso.</p>
<p>Inicialmente Yankeelandia destacó por su intimidad con la comunidad universitaria y por generar un espacio cultural de esparcimiento y recreación, cualidad que guardó como sello y veló por reproducir los años posteriores. Posteriormente se han celebrado muchas versiones de este festival-concierto.</p>
<p>Muchos músicos, historias y anécdotas son las que abriga esta tradición de la UACh y Valdivia. Aquí una reseña de las últimas versiones.</p>
<p><iframe title="Yankeelandia Festival Valdivia" width="1200" height="675" src="https://www.youtube.com/embed/nqpFWWqVqDY?feature=oembed" frameborder="0" allow="accelerometer; autoplay; encrypted-media; gyroscope; picture-in-picture" allowfullscreen></iframe></p>
<h5><strong>Festival “Yankeelandia 2017”</strong></h5>
<p>El sábado 25 de noviembre, desde las 15:00 horas, en el Frontis del Edificio 7000 Campus Miraflores UACh, se realizó el Festival Yankeelandia 2017. En esta versión, presentó a las bandas Nacho Forttes, Malicia, Ensalada Jet, La Pescá y Alexcy Cárdenas.</p>
<p><img decoding="async" class="aligncenter size-full wp-image-9279" src="https://www.acusticauach.cl/wp-content/uploads/2017/11/Yankeelandia_banner_2017_1002x339-2.jpeg" alt="" width="1002" height="339" srcset="https://www.acusticauach.cl/wp-content/uploads/2017/11/Yankeelandia_banner_2017_1002x339-2.jpeg 1002w, https://www.acusticauach.cl/wp-content/uploads/2017/11/Yankeelandia_banner_2017_1002x339-2-300x101.jpeg 300w, https://www.acusticauach.cl/wp-content/uploads/2017/11/Yankeelandia_banner_2017_1002x339-2-768x260.jpeg 768w, https://www.acusticauach.cl/wp-content/uploads/2017/11/Yankeelandia_banner_2017_1002x339-2-700x237.jpeg 700w, https://www.acusticauach.cl/wp-content/uploads/2017/11/Yankeelandia_banner_2017_1002x339-2-500x169.jpeg 500w" sizes="(max-width: 1002px) 100vw, 1002px" /></p>
<p><strong><a href="https://flic.kr/s/aHsmawVHYW" target="_blank" rel="noopener noreferrer"><img decoding="async" class="wp-image-9353  aligncenter" src="https://www.acusticauach.cl/wp-content/uploads/2017/11/flickr-app-fotografia-300x122.jpg" alt="" width="123" height="50" srcset="https://www.acusticauach.cl/wp-content/uploads/2017/11/flickr-app-fotografia-300x122.jpg 300w, https://www.acusticauach.cl/wp-content/uploads/2017/11/flickr-app-fotografia.jpg 421w" sizes="(max-width: 123px) 100vw, 123px" /></a></strong></p>
<p><a href="https://www.flickr.com/photos/acusticauach/albums/72157690226638194" target="_blank" rel="noopener noreferrer"><strong>Ver galería de fotos en Flickr</strong>.</a> &#8211; <a href="https://www.acusticauach.cl/?p=9218">Ver noticia</a>. <a href="https://www.acusticauach.cl/?p=9357">Ver noticia.</a></p>
<h5><strong>Festival “Yankeelandia 2015&#8243;</strong></h5>
<p><a href="https://www.acusticauach.cl/wp-content/uploads/2015/10/banner_yankeelandia_2015b.jpg"><img decoding="async" class="size-full wp-image-6876 aligncenter" src="https://www.acusticauach.cl/wp-content/uploads/2015/10/banner_yankeelandia_2015b.jpg" alt="banner_yankeelandia_2015b" width="1002" height="339" srcset="https://www.acusticauach.cl/wp-content/uploads/2015/10/banner_yankeelandia_2015b.jpg 1002w, https://www.acusticauach.cl/wp-content/uploads/2015/10/banner_yankeelandia_2015b-300x101.jpg 300w, https://www.acusticauach.cl/wp-content/uploads/2015/10/banner_yankeelandia_2015b-700x237.jpg 700w, https://www.acusticauach.cl/wp-content/uploads/2015/10/banner_yankeelandia_2015b-500x169.jpg 500w" sizes="(max-width: 1002px) 100vw, 1002px" /></a></p>
<p>El jueves 29 de octubre, desde las 15:00 horas, en el Frontis del Edificio 7000 Campus Miraflores UACh, se realizó el Yankeelandia. En su versión 2015, presentó a las bandas Magnetismo Cero, La Mano Falluca, Flor de Lote, Gris Eléctrico, Homínido y Como Asesinar a Felipes.</p>
<p>La comisión organizadora 2015 estuvo integrada por el profesor Rodrigo Torres, y los estudiantes de Ingeniería Civil Acústica Diego Vergara, Felipe Toro, Felipe Ramos, Alexandra Astudillo y Felipe Orellana.</p>
<p><strong><a href="https://flic.kr/s/aHsmb9mGpe" target="_blank" rel="noopener noreferrer"><img decoding="async" class="wp-image-9353  aligncenter" src="https://www.acusticauach.cl/wp-content/uploads/2017/11/flickr-app-fotografia-300x122.jpg" alt="" width="123" height="50" srcset="https://www.acusticauach.cl/wp-content/uploads/2017/11/flickr-app-fotografia-300x122.jpg 300w, https://www.acusticauach.cl/wp-content/uploads/2017/11/flickr-app-fotografia.jpg 421w" sizes="(max-width: 123px) 100vw, 123px" /></a> </strong></p>
<p><a href="https://www.flickr.com/photos/acusticauach/albums/72157690627588035" target="_blank" rel="noopener noreferrer"><strong>Ver galería de fotos en Flickr</strong>.</a>/<strong><a href="https://www.acusticauach.cl/?p=6859"> Leer : Reviviendo Yankeelandia, el histórico Festival de Música Universitario</a></strong></p>
<p><center><iframe src="https://www.youtube.com/embed/DS8MmTVz8Qw?list=PL_DO5LlHuBcuTAW4hdxv2-TIFKfTcIe-A" width="640" height="360" frameborder="0" allowfullscreen="allowfullscreen"></iframe></center></p>
<h5><strong>Festival “Yankeelandia 2014”</strong></h5>
<p><a href="https://www.acusticauach.cl/wp-content/uploads/2014/09/2014_Yankeelandia_Banner_01.jpg"><img decoding="async" class="size-full wp-image-5333 aligncenter" src="https://www.acusticauach.cl/wp-content/uploads/2014/09/2014_Yankeelandia_Banner_01.jpg" alt="2014_Yankeelandia_Banner_01" width="1000" height="421" srcset="https://www.acusticauach.cl/wp-content/uploads/2014/09/2014_Yankeelandia_Banner_01.jpg 1000w, https://www.acusticauach.cl/wp-content/uploads/2014/09/2014_Yankeelandia_Banner_01-300x126.jpg 300w, https://www.acusticauach.cl/wp-content/uploads/2014/09/2014_Yankeelandia_Banner_01-700x294.jpg 700w, https://www.acusticauach.cl/wp-content/uploads/2014/09/2014_Yankeelandia_Banner_01-500x210.jpg 500w" sizes="(max-width: 1000px) 100vw, 1000px" /></a></p>
<p>El domingo 30 de noviembre de 2014, se realizó el festival «Yankeelandia 2014“ en el Campus Miraflores de la Facultad de Ciencias de la Ingeniería de la Universidad Austral de Chile. Acustica UACh, organizadora históricamente este festival, que en esta oportunidad, luego de seis años de su última versión, contó con las bandas valdivianas Homínidos, Omelette du Fromage, Algo Gerald y Cristián Barría y la Groove House.</p>
<p>La comisión organizadora 2014 estuvo integrada por el profesor Rodrigo Torres, y los estudiantes de Ingeniería Civil Acústica Diego Vergara, Felipe Toro y Felipe Orellana.</p>
<p><strong><a href="https://flic.kr/s/aHsm9XxMuq" target="_blank" rel="noopener noreferrer"><img decoding="async" class="wp-image-9353  aligncenter" src="https://www.acusticauach.cl/wp-content/uploads/2017/11/flickr-app-fotografia-300x122.jpg" alt="" width="123" height="50" srcset="https://www.acusticauach.cl/wp-content/uploads/2017/11/flickr-app-fotografia-300x122.jpg 300w, https://www.acusticauach.cl/wp-content/uploads/2017/11/flickr-app-fotografia.jpg 421w" sizes="(max-width: 123px) 100vw, 123px" /></a> </strong></p>
<p><strong><a href="http://youtu.be/sbsoIWc-NRo" target="_blank" rel="noopener noreferrer">Ver Video</a> /<a href="https://www.acusticauach.cl/?p=5189"> Ver Prensa</a> / <a href="https://www.facebook.com/media/set/?set=a.751201884961454.1073741841.194362960645352&amp;type=3&amp;uploaded=2" target="_blank" rel="noopener noreferrer">Ver Fotos / </a><a href="https://www.flickr.com/photos/acusticauach/albums/72157689848913164" target="_blank" rel="noopener noreferrer">Ver galería de fotos en Flickr</a></strong></p>
<p><center><iframe src="https://www.youtube.com/embed/sbsoIWc-NRo?list=PL_DO5LlHuBcuTAW4hdxv2-TIFKfTcIe-A" width="640" height="360" frameborder="0" allowfullscreen="allowfullscreen"></iframe></center></p>

<p>Una de las características de la Ingeniería Civil Acústica es su cercanía con el fenómeno de sonido, y por supuesto, la música. No es raro, entonces, que AcusticaUACh iniciara una larga tradición de tocatas musicales, recitales, clínicas instrumentales y demás eventos musicales. Uno de los más tradicionales se remonta al año 1987, cuando nace Yankeelandia [&hellip;]</p>
