{"id":6856,"date":"2015-10-28T21:22:10","date_gmt":"2015-10-29T00:22:10","guid":{"rendered":"http:\/\/www.acusticauach.cl\/?page_id=6856"},"modified":"2019-11-06T15:24:56","modified_gmt":"2019-11-06T18:24:56","slug":"programa-simposio-sobre-creatividad-sonido-y-tecnologia-2015","status":"publish","type":"page","link":"https:\/\/www.acusticauach.cl\/?page_id=6856","title":{"rendered":"Simposio sobre Creatividad 2015 &#8211; Programa"},"content":{"rendered":"<p><img decoding=\"async\" class=\"aligncenter size-full wp-image-6937\" src=\"https:\/\/www.acusticauach.cl\/wp-content\/uploads\/2015\/10\/Recorte01_Afiche_Simposio_Acustica.jpg\" alt=\"__Recorte01_Afiche_Simposio_Acustica\" width=\"972\" height=\"486\" srcset=\"https:\/\/www.acusticauach.cl\/wp-content\/uploads\/2015\/10\/Recorte01_Afiche_Simposio_Acustica.jpg 972w, https:\/\/www.acusticauach.cl\/wp-content\/uploads\/2015\/10\/Recorte01_Afiche_Simposio_Acustica-300x150.jpg 300w, https:\/\/www.acusticauach.cl\/wp-content\/uploads\/2015\/10\/Recorte01_Afiche_Simposio_Acustica-700x350.jpg 700w, https:\/\/www.acusticauach.cl\/wp-content\/uploads\/2015\/10\/Recorte01_Afiche_Simposio_Acustica-500x250.jpg 500w\" sizes=\"(max-width: 972px) 100vw, 972px\" \/><\/p>\n<h5><strong>Programa del Simposio sobre Creatividad, Sonido y Tecnolog\u00eda<\/strong><\/h5>\n<p><strong>Pabell\u00f3n Docente, edificio 900, Facultad de Ciencias de la Ingenier\u00eda<\/strong><\/p>\n<hr \/>\n<h5><strong>Jueves 26 de noviembre<\/strong><\/h5>\n<p>9.00\u00a0 &#8211; 9.15\u00a0\u00a0\u00a0\u00a0\u00a0\u00a0\u00a0\u00a0\u00a0 Bienvenida.<\/p>\n<p>9.15 &#8211; 10.00\u00a0\u00a0\u00a0\u00a0\u00a0\u00a0\u00a0\u00a0 Javier Jaimovich: \u201cSe\u00f1ales fisiol\u00f3gicas para la creaci\u00f3n de sistemas interactivos de sonido\u201d.<\/p>\n<p>10.00 &#8211; 10.30\u00a0\u00a0\u00a0\u00a0\u00a0\u00a0 Felipe Otondo y Rodrigo Torres: \u201cUtilizando el sonido m\u00f3vil para explorar relaciones espaciales entre danza y m\u00fasica\u201d.<\/p>\n<p>10.30 &#8211; 11.15\u00a0\u00a0\u00a0\u00a0\u00a0\u00a0 Pausa caf\u00e9 (posters de estudiantes de ac\u00fastica)<\/p>\n<p>11.15 &#8211; 12.00\u00a0\u00a0\u00a0\u00a0\u00a0\u00a0 Federico Schumacher &amp; Claudio Fuentes: \u201cAcusm\u00e1tica y cognici\u00f3n: de la m\u00fasica a la experiencia musical\u201d.<\/p>\n<p>12.00 &#8211; 13.00\u00a0\u00a0\u00a0\u00a0\u00a0\u00a0 Mesa redonda \/ conversatorio: (Javier, Federico, Claudio, Felipe).<\/p>\n<p>Tarde \/ noche:\u00a0\u00a0\u00a0\u00a0 Actividades festival Relincha.<\/p>\n<hr \/>\n<h5><strong>Viernes 27 de noviembre<\/strong><\/h5>\n<p>9.00 &#8211; 9.15\u00a0\u00a0\u00a0\u00a0\u00a0\u00a0\u00a0\u00a0\u00a0\u00a0 Bienvenida.<\/p>\n<p>9.15 &#8211; 10.00\u00a0\u00a0\u00a0\u00a0\u00a0\u00a0\u00a0\u00a0 Rodrigo C\u00e1diz: \u201cS\u00edntesis de sonidos con tonos de distorsi\u00f3n auditiva\u201d<\/p>\n<p>10.00 &#8211; 10.30\u00a0\u00a0\u00a0\u00a0\u00a0\u00a0 Sergio N\u00fa\u00f1ez: \u201cDise\u00f1o y aplicaci\u00f3n de sistemas de captura de movimiento en la composici\u00f3n musical\u201d.<\/p>\n<p>10.30 &#8211; 11.15\u00a0\u00a0\u00a0\u00a0\u00a0\u00a0 Pausa caf\u00e9 (posters de estudiantes de ac\u00fastica).<\/p>\n<p>11.15 &#8211; 12.00\u00a0\u00a0\u00a0\u00a0\u00a0\u00a0 Nicolas Collins: \u201cTecnolog\u00eda musical y creatividad\u201d.<\/p>\n<p>12.00 &#8211; 13.00\u00a0\u00a0\u00a0\u00a0\u00a0\u00a0 Mesa redonda \/ conversatorio: (Nicolas, Rodrigo, Sergio, Felipe).<\/p>\n<p>Tarde \/ noche: actividades festival Relincha.<\/p>\n<p>19.00 &#8211; 19.45\u00a0\u00a0\u00a0\u00a0\u00a0\u00a0 <u>Sesi\u00f3n de escucha<\/u>: paisajes sonoros imaginarios (concierto de m\u00fasica electroac\u00fastica &#8211; Curator\u00eda y difusi\u00f3n en vivo: Federico Schumacher).<\/p>\n<hr \/>\n<h5><strong>S\u00e1bado 28 de noviembre<\/strong><\/h5>\n<p>10.00 &#8211; 11.30 \u00a0\u00a0\u00a0\u00a0\u00a0 Taller sobre proyecto de danza y dise\u00f1o sonoro \u201cEmovere\u201d con Francisca Morand, Javier Jaimovich e investigadores de la Universidad de Chile.<\/p>\n<p>11.30 &#8211; 13.00\u00a0\u00a0\u00a0\u00a0\u00a0\u00a0 Taller de m\u00fasica electr\u00f3nica y hardware con Nicolas Collins.<\/p>\n<p>19.00 &#8211; 19.45\u00a0\u00a0\u00a0\u00a0\u00a0\u00a0 <u>Sesi\u00f3n de escucha<\/u>: paisajes sonoros del mundo (concierto con piezas seleccionadas del llamado a obras internacional).<\/p>\n<ul>\n<li><a href=\"https:\/\/www.acusticauach.cl\/?page_id=6882\"><strong>Inicio Simposio sobre Creatividad, Sonido y Tecnolog\u00eda<\/strong><\/a><\/li>\n<li><strong><a href=\"https:\/\/www.acusticauach.cl\/?page_id=6856\">Programa del Simposio sobre Creatividad, Sonido y Tecnolog\u00eda<\/a><\/strong><\/li>\n<li><strong><a href=\"https:\/\/www.acusticauach.cl\/?page_id=6907\">Ponencias del Simposio sobre Creatividad, Sonido y Tecnolog\u00eda<\/a><\/strong><\/li>\n<li><strong><a href=\"https:\/\/www.acusticauach.cl\/?page_id=7146\">Descargar Presentaciones del Simposio sobre Creatividad, Sonido y Tecnolog\u00eda<\/a><\/strong><\/li>\n<li><strong><a href=\"https:\/\/www.acusticauach.cl\/?page_id=7167\">Fotos del Simposio sobre Creatividad, Sonido y Tecnolog\u00eda<\/a><\/strong><\/li>\n<li><strong><a href=\"https:\/\/www.acusticauach.cl\/?page_id=7582\">Videos del Simposio sobre Creatividad, Sonido y Tecnolog\u00eda<\/a><\/strong><\/li>\n<\/ul>\n<p><a href=\"https:\/\/www.acusticauach.cl\/wp-content\/uploads\/2015\/10\/Programa_Simposio_Acustica.jpg\"><img decoding=\"async\" class=\"aligncenter size-full wp-image-6962\" src=\"https:\/\/www.acusticauach.cl\/wp-content\/uploads\/2015\/10\/Programa_Simposio_Acustica.jpg\" alt=\"Programa_Simposio_Acustica\" width=\"1276\" height=\"1556\" srcset=\"https:\/\/www.acusticauach.cl\/wp-content\/uploads\/2015\/10\/Programa_Simposio_Acustica.jpg 1276w, https:\/\/www.acusticauach.cl\/wp-content\/uploads\/2015\/10\/Programa_Simposio_Acustica-246x300.jpg 246w, https:\/\/www.acusticauach.cl\/wp-content\/uploads\/2015\/10\/Programa_Simposio_Acustica-840x1024.jpg 840w, https:\/\/www.acusticauach.cl\/wp-content\/uploads\/2015\/10\/Programa_Simposio_Acustica-700x854.jpg 700w, https:\/\/www.acusticauach.cl\/wp-content\/uploads\/2015\/10\/Programa_Simposio_Acustica-500x610.jpg 500w\" sizes=\"(max-width: 1276px) 100vw, 1276px\" \/><\/a><\/p>\n","protected":false},"excerpt":{"rendered":"<p>Programa del Simposio sobre Creatividad, Sonido y Tecnolog\u00eda Pabell\u00f3n Docente, edificio 900, Facultad de Ciencias de la Ingenier\u00eda Jueves 26 de noviembre 9.00\u00a0 &#8211; 9.15\u00a0\u00a0\u00a0\u00a0\u00a0\u00a0\u00a0\u00a0\u00a0 Bienvenida. 9.15 &#8211; 10.00\u00a0\u00a0\u00a0\u00a0\u00a0\u00a0\u00a0\u00a0 Javier Jaimovich: \u201cSe\u00f1ales fisiol\u00f3gicas para la creaci\u00f3n de sistemas interactivos de sonido\u201d. 10.00 &#8211; 10.30\u00a0\u00a0\u00a0\u00a0\u00a0\u00a0 Felipe Otondo y Rodrigo Torres: \u201cUtilizando el sonido m\u00f3vil para explorar [&hellip;]<\/p>\n","protected":false},"author":2,"featured_media":6854,"parent":4495,"menu_order":0,"comment_status":"closed","ping_status":"closed","template":"","meta":{"footnotes":""},"class_list":["post-6856","page","type-page","status-publish","has-post-thumbnail","hentry"],"_links":{"self":[{"href":"https:\/\/www.acusticauach.cl\/index.php?rest_route=\/wp\/v2\/pages\/6856","targetHints":{"allow":["GET"]}}],"collection":[{"href":"https:\/\/www.acusticauach.cl\/index.php?rest_route=\/wp\/v2\/pages"}],"about":[{"href":"https:\/\/www.acusticauach.cl\/index.php?rest_route=\/wp\/v2\/types\/page"}],"author":[{"embeddable":true,"href":"https:\/\/www.acusticauach.cl\/index.php?rest_route=\/wp\/v2\/users\/2"}],"replies":[{"embeddable":true,"href":"https:\/\/www.acusticauach.cl\/index.php?rest_route=%2Fwp%2Fv2%2Fcomments&post=6856"}],"version-history":[{"count":0,"href":"https:\/\/www.acusticauach.cl\/index.php?rest_route=\/wp\/v2\/pages\/6856\/revisions"}],"up":[{"embeddable":true,"href":"https:\/\/www.acusticauach.cl\/index.php?rest_route=\/wp\/v2\/pages\/4495"}],"wp:featuredmedia":[{"embeddable":true,"href":"https:\/\/www.acusticauach.cl\/index.php?rest_route=\/wp\/v2\/media\/6854"}],"wp:attachment":[{"href":"https:\/\/www.acusticauach.cl\/index.php?rest_route=%2Fwp%2Fv2%2Fmedia&parent=6856"}],"curies":[{"name":"wp","href":"https:\/\/api.w.org\/{rel}","templated":true}]}}

<p><img decoding="async" class="aligncenter size-full wp-image-6937" src="https://www.acusticauach.cl/wp-content/uploads/2015/10/Recorte01_Afiche_Simposio_Acustica.jpg" alt="__Recorte01_Afiche_Simposio_Acustica" width="972" height="486" srcset="https://www.acusticauach.cl/wp-content/uploads/2015/10/Recorte01_Afiche_Simposio_Acustica.jpg 972w, https://www.acusticauach.cl/wp-content/uploads/2015/10/Recorte01_Afiche_Simposio_Acustica-300x150.jpg 300w, https://www.acusticauach.cl/wp-content/uploads/2015/10/Recorte01_Afiche_Simposio_Acustica-700x350.jpg 700w, https://www.acusticauach.cl/wp-content/uploads/2015/10/Recorte01_Afiche_Simposio_Acustica-500x250.jpg 500w" sizes="(max-width: 972px) 100vw, 972px" /></p>
<h5><strong>Programa del Simposio sobre Creatividad, Sonido y Tecnología</strong></h5>
<p><strong>Pabellón Docente, edificio 900, Facultad de Ciencias de la Ingeniería</strong></p>
<hr />
<h5><strong>Jueves 26 de noviembre</strong></h5>
<p>9.00  &#8211; 9.15          Bienvenida.</p>
<p>9.15 &#8211; 10.00         Javier Jaimovich: “Señales fisiológicas para la creación de sistemas interactivos de sonido”.</p>
<p>10.00 &#8211; 10.30       Felipe Otondo y Rodrigo Torres: “Utilizando el sonido móvil para explorar relaciones espaciales entre danza y música”.</p>
<p>10.30 &#8211; 11.15       Pausa café (posters de estudiantes de acústica)</p>
<p>11.15 &#8211; 12.00       Federico Schumacher &amp; Claudio Fuentes: “Acusmática y cognición: de la música a la experiencia musical”.</p>
<p>12.00 &#8211; 13.00       Mesa redonda / conversatorio: (Javier, Federico, Claudio, Felipe).</p>
<p>Tarde / noche:     Actividades festival Relincha.</p>
<hr />
<h5><strong>Viernes 27 de noviembre</strong></h5>
<p>9.00 &#8211; 9.15           Bienvenida.</p>
<p>9.15 &#8211; 10.00         Rodrigo Cádiz: “Síntesis de sonidos con tonos de distorsión auditiva”</p>
<p>10.00 &#8211; 10.30       Sergio Núñez: “Diseño y aplicación de sistemas de captura de movimiento en la composición musical”.</p>
<p>10.30 &#8211; 11.15       Pausa café (posters de estudiantes de acústica).</p>
<p>11.15 &#8211; 12.00       Nicolas Collins: “Tecnología musical y creatividad”.</p>
<p>12.00 &#8211; 13.00       Mesa redonda / conversatorio: (Nicolas, Rodrigo, Sergio, Felipe).</p>
<p>Tarde / noche: actividades festival Relincha.</p>
<p>19.00 &#8211; 19.45       <u>Sesión de escucha</u>: paisajes sonoros imaginarios (concierto de música electroacústica &#8211; Curatoría y difusión en vivo: Federico Schumacher).</p>
<hr />
<h5><strong>Sábado 28 de noviembre</strong></h5>
<p>10.00 &#8211; 11.30       Taller sobre proyecto de danza y diseño sonoro “Emovere” con Francisca Morand, Javier Jaimovich e investigadores de la Universidad de Chile.</p>
<p>11.30 &#8211; 13.00       Taller de música electrónica y hardware con Nicolas Collins.</p>
<p>19.00 &#8211; 19.45       <u>Sesión de escucha</u>: paisajes sonoros del mundo (concierto con piezas seleccionadas del llamado a obras internacional).</p>
<ul>
<li><a href="https://www.acusticauach.cl/?page_id=6882"><strong>Inicio Simposio sobre Creatividad, Sonido y Tecnología</strong></a></li>
<li><strong><a href="https://www.acusticauach.cl/?page_id=6856">Programa del Simposio sobre Creatividad, Sonido y Tecnología</a></strong></li>
<li><strong><a href="https://www.acusticauach.cl/?page_id=6907">Ponencias del Simposio sobre Creatividad, Sonido y Tecnología</a></strong></li>
<li><strong><a href="https://www.acusticauach.cl/?page_id=7146">Descargar Presentaciones del Simposio sobre Creatividad, Sonido y Tecnología</a></strong></li>
<li><strong><a href="https://www.acusticauach.cl/?page_id=7167">Fotos del Simposio sobre Creatividad, Sonido y Tecnología</a></strong></li>
<li><strong><a href="https://www.acusticauach.cl/?page_id=7582">Videos del Simposio sobre Creatividad, Sonido y Tecnología</a></strong></li>
</ul>
<p><a href="https://www.acusticauach.cl/wp-content/uploads/2015/10/Programa_Simposio_Acustica.jpg"><img decoding="async" class="aligncenter size-full wp-image-6962" src="https://www.acusticauach.cl/wp-content/uploads/2015/10/Programa_Simposio_Acustica.jpg" alt="Programa_Simposio_Acustica" width="1276" height="1556" srcset="https://www.acusticauach.cl/wp-content/uploads/2015/10/Programa_Simposio_Acustica.jpg 1276w, https://www.acusticauach.cl/wp-content/uploads/2015/10/Programa_Simposio_Acustica-246x300.jpg 246w, https://www.acusticauach.cl/wp-content/uploads/2015/10/Programa_Simposio_Acustica-840x1024.jpg 840w, https://www.acusticauach.cl/wp-content/uploads/2015/10/Programa_Simposio_Acustica-700x854.jpg 700w, https://www.acusticauach.cl/wp-content/uploads/2015/10/Programa_Simposio_Acustica-500x610.jpg 500w" sizes="(max-width: 1276px) 100vw, 1276px" /></a></p>

<p>Programa del Simposio sobre Creatividad, Sonido y Tecnología Pabellón Docente, edificio 900, Facultad de Ciencias de la Ingeniería Jueves 26 de noviembre 9.00  &#8211; 9.15          Bienvenida. 9.15 &#8211; 10.00         Javier Jaimovich: “Señales fisiológicas para la creación de sistemas interactivos de sonido”. 10.00 &#8211; 10.30       Felipe Otondo y Rodrigo Torres: “Utilizando el sonido móvil para explorar [&hellip;]</p>
