{"id":6548,"date":"2015-08-06T09:49:01","date_gmt":"2015-08-06T13:49:01","guid":{"rendered":"http:\/\/www.acusticauach.cl\/?page_id=6548"},"modified":"2019-12-03T15:03:53","modified_gmt":"2019-12-03T18:03:53","slug":"5-concurso-de-bandas-2015","status":"publish","type":"page","link":"https:\/\/www.acusticauach.cl\/?page_id=6548","title":{"rendered":"5\u00b0 Concurso de Bandas 2015"},"content":{"rendered":"<p><a href=\"https:\/\/www.acusticauach.cl\/wp-content\/uploads\/2015\/08\/afiche-imprenta-baja.jpg\"><img decoding=\"async\" class=\"alignright wp-image-6549 size-medium\" src=\"https:\/\/www.acusticauach.cl\/wp-content\/uploads\/2015\/08\/afiche-imprenta-baja-120x300.jpg\" alt=\"boceto v2\" width=\"120\" height=\"300\" srcset=\"https:\/\/www.acusticauach.cl\/wp-content\/uploads\/2015\/08\/afiche-imprenta-baja-120x300.jpg 120w, https:\/\/www.acusticauach.cl\/wp-content\/uploads\/2015\/08\/afiche-imprenta-baja-408x1024.jpg 408w, https:\/\/www.acusticauach.cl\/wp-content\/uploads\/2015\/08\/afiche-imprenta-baja-700x1756.jpg 700w, https:\/\/www.acusticauach.cl\/wp-content\/uploads\/2015\/08\/afiche-imprenta-baja-500x1254.jpg 500w, https:\/\/www.acusticauach.cl\/wp-content\/uploads\/2015\/08\/afiche-imprenta-baja.jpg 784w\" sizes=\"(max-width: 120px) 100vw, 120px\" \/><\/a>Por quinto\u00a0a\u00f1o consecutivo la Escuela de Ingenier\u00eda Civil Ac\u00fastica de la Universidad Austral de Chile invit\u00f3 a todos los estudiantes secundarios del pa\u00eds a participar en una nueva versi\u00f3n del Concurso de Bandas Escolares 2014. El concurso est\u00e1 dirigido a bandas de todo Chile, que sean estudiantes regulares de ense\u00f1anza media y que posean alg\u00fan demo o canci\u00f3n in\u00e9dita de su propia autor\u00eda.<\/p>\n<h5><strong>Ganadores<\/strong><\/h5>\n<p>De las 21\u00a0bandas concursantes, el primer lugar lo obtuvo\u00a0Imagine con el tema \u201cTanto tiempo\u201d.\u00a0Los estudiantes del Liceo de la Madera de la ciudad de Coronel viajaron hasta Valdivia para grabar profesionalmente dos de sus temas originales, en el Estudio del Instituto de Ac\u00fastica UACh. Este premio incluye la grabaci\u00f3n, mezcla y masterizaci\u00f3n de los temas, adem\u00e1s del traslado y estad\u00eda de toda la banda y su profesor o profesora a cargo.<\/p>\n<p>El Segundo Lugar fue para Lag Mental del Colegio Bautista de Temuco con el tema \u201cInverso\u201d, mientras que el Tercer Lugar lo recibi\u00f3 Perisound del Colegio Alem\u00e1n de Valpara\u00edso con el tema \u201cLass Mich Gehen\u201d.<\/p>\n<p><a href=\"https:\/\/www.acusticauach.cl\/wp-content\/uploads\/2015\/08\/banner-grande.jpg\"><img decoding=\"async\" class=\"aligncenter size-full wp-image-6536\" src=\"https:\/\/www.acusticauach.cl\/wp-content\/uploads\/2015\/08\/banner-grande.jpg\" alt=\"banner-grande\" width=\"1002\" height=\"339\" srcset=\"https:\/\/www.acusticauach.cl\/wp-content\/uploads\/2015\/08\/banner-grande.jpg 1002w, https:\/\/www.acusticauach.cl\/wp-content\/uploads\/2015\/08\/banner-grande-300x101.jpg 300w, https:\/\/www.acusticauach.cl\/wp-content\/uploads\/2015\/08\/banner-grande-700x237.jpg 700w, https:\/\/www.acusticauach.cl\/wp-content\/uploads\/2015\/08\/banner-grande-500x169.jpg 500w\" sizes=\"(max-width: 1002px) 100vw, 1002px\" \/><\/a><\/p>\n<p><a href=\"https:\/\/www.acusticauach.cl\/wp-content\/uploads\/2015\/08\/afiche-imprenta-baja.jpg\" target=\"_blank\" rel=\"noopener noreferrer\">Descargar Afiche.<\/a><\/p>\n<h5><strong>Fotograf\u00edas<\/strong><\/h5>\n<p>Galer\u00eda de Fotograf\u00edas de Imagine, en el Estudio de Grabaci\u00f3n de AcusticaUACh.<\/p>\n<div id='gallery-1' class='gallery galleryid-6548 gallery-columns-3 gallery-size-thumbnail'><figure class='gallery-item'>\n\t\t\t<div class='gallery-icon landscape'>\n\t\t\t\t<a href='https:\/\/www.acusticauach.cl\/?attachment_id=7877'><img decoding=\"async\" width=\"150\" height=\"150\" src=\"https:\/\/www.acusticauach.cl\/wp-content\/uploads\/2015\/08\/Imagine_01-150x150.jpg\" class=\"attachment-thumbnail size-thumbnail\" alt=\"\" srcset=\"https:\/\/www.acusticauach.cl\/wp-content\/uploads\/2015\/08\/Imagine_01-150x150.jpg 150w, https:\/\/www.acusticauach.cl\/wp-content\/uploads\/2015\/08\/Imagine_01-65x65.jpg 65w, https:\/\/www.acusticauach.cl\/wp-content\/uploads\/2015\/08\/Imagine_01-55x55.jpg 55w, https:\/\/www.acusticauach.cl\/wp-content\/uploads\/2015\/08\/Imagine_01-94x94.jpg 94w, https:\/\/www.acusticauach.cl\/wp-content\/uploads\/2015\/08\/Imagine_01-86x86.jpg 86w, https:\/\/www.acusticauach.cl\/wp-content\/uploads\/2015\/08\/Imagine_01-120x120.jpg 120w, https:\/\/www.acusticauach.cl\/wp-content\/uploads\/2015\/08\/Imagine_01-215x215.jpg 215w\" sizes=\"(max-width: 150px) 100vw, 150px\" \/><\/a>\n\t\t\t<\/div><\/figure><figure class='gallery-item'>\n\t\t\t<div class='gallery-icon landscape'>\n\t\t\t\t<a href='https:\/\/www.acusticauach.cl\/?attachment_id=7878'><img decoding=\"async\" width=\"150\" height=\"150\" src=\"https:\/\/www.acusticauach.cl\/wp-content\/uploads\/2015\/08\/Imagine_02-150x150.jpg\" class=\"attachment-thumbnail size-thumbnail\" alt=\"\" srcset=\"https:\/\/www.acusticauach.cl\/wp-content\/uploads\/2015\/08\/Imagine_02-150x150.jpg 150w, https:\/\/www.acusticauach.cl\/wp-content\/uploads\/2015\/08\/Imagine_02-65x65.jpg 65w, https:\/\/www.acusticauach.cl\/wp-content\/uploads\/2015\/08\/Imagine_02-55x55.jpg 55w, https:\/\/www.acusticauach.cl\/wp-content\/uploads\/2015\/08\/Imagine_02-94x94.jpg 94w, https:\/\/www.acusticauach.cl\/wp-content\/uploads\/2015\/08\/Imagine_02-86x86.jpg 86w, https:\/\/www.acusticauach.cl\/wp-content\/uploads\/2015\/08\/Imagine_02-120x120.jpg 120w, https:\/\/www.acusticauach.cl\/wp-content\/uploads\/2015\/08\/Imagine_02-215x215.jpg 215w\" sizes=\"(max-width: 150px) 100vw, 150px\" \/><\/a>\n\t\t\t<\/div><\/figure><figure class='gallery-item'>\n\t\t\t<div class='gallery-icon landscape'>\n\t\t\t\t<a href='https:\/\/www.acusticauach.cl\/?attachment_id=7879'><img decoding=\"async\" width=\"150\" height=\"150\" src=\"https:\/\/www.acusticauach.cl\/wp-content\/uploads\/2015\/08\/Imagine_03-150x150.jpg\" class=\"attachment-thumbnail size-thumbnail\" alt=\"\" srcset=\"https:\/\/www.acusticauach.cl\/wp-content\/uploads\/2015\/08\/Imagine_03-150x150.jpg 150w, https:\/\/www.acusticauach.cl\/wp-content\/uploads\/2015\/08\/Imagine_03-65x65.jpg 65w, https:\/\/www.acusticauach.cl\/wp-content\/uploads\/2015\/08\/Imagine_03-55x55.jpg 55w, https:\/\/www.acusticauach.cl\/wp-content\/uploads\/2015\/08\/Imagine_03-94x94.jpg 94w, https:\/\/www.acusticauach.cl\/wp-content\/uploads\/2015\/08\/Imagine_03-86x86.jpg 86w, https:\/\/www.acusticauach.cl\/wp-content\/uploads\/2015\/08\/Imagine_03-120x120.jpg 120w, https:\/\/www.acusticauach.cl\/wp-content\/uploads\/2015\/08\/Imagine_03-215x215.jpg 215w\" sizes=\"(max-width: 150px) 100vw, 150px\" \/><\/a>\n\t\t\t<\/div><\/figure><figure class='gallery-item'>\n\t\t\t<div class='gallery-icon landscape'>\n\t\t\t\t<a href='https:\/\/www.acusticauach.cl\/?attachment_id=7880'><img decoding=\"async\" width=\"150\" height=\"150\" src=\"https:\/\/www.acusticauach.cl\/wp-content\/uploads\/2015\/08\/Imagine_04-150x150.jpg\" class=\"attachment-thumbnail size-thumbnail\" alt=\"\" srcset=\"https:\/\/www.acusticauach.cl\/wp-content\/uploads\/2015\/08\/Imagine_04-150x150.jpg 150w, https:\/\/www.acusticauach.cl\/wp-content\/uploads\/2015\/08\/Imagine_04-65x65.jpg 65w, https:\/\/www.acusticauach.cl\/wp-content\/uploads\/2015\/08\/Imagine_04-55x55.jpg 55w, https:\/\/www.acusticauach.cl\/wp-content\/uploads\/2015\/08\/Imagine_04-94x94.jpg 94w, https:\/\/www.acusticauach.cl\/wp-content\/uploads\/2015\/08\/Imagine_04-86x86.jpg 86w, https:\/\/www.acusticauach.cl\/wp-content\/uploads\/2015\/08\/Imagine_04-120x120.jpg 120w, https:\/\/www.acusticauach.cl\/wp-content\/uploads\/2015\/08\/Imagine_04-215x215.jpg 215w\" sizes=\"(max-width: 150px) 100vw, 150px\" \/><\/a>\n\t\t\t<\/div><\/figure><figure class='gallery-item'>\n\t\t\t<div class='gallery-icon landscape'>\n\t\t\t\t<a href='https:\/\/www.acusticauach.cl\/?attachment_id=7881'><img decoding=\"async\" width=\"150\" height=\"150\" src=\"https:\/\/www.acusticauach.cl\/wp-content\/uploads\/2015\/08\/Imagine_05-150x150.jpg\" class=\"attachment-thumbnail size-thumbnail\" alt=\"\" srcset=\"https:\/\/www.acusticauach.cl\/wp-content\/uploads\/2015\/08\/Imagine_05-150x150.jpg 150w, https:\/\/www.acusticauach.cl\/wp-content\/uploads\/2015\/08\/Imagine_05-65x65.jpg 65w, https:\/\/www.acusticauach.cl\/wp-content\/uploads\/2015\/08\/Imagine_05-55x55.jpg 55w, https:\/\/www.acusticauach.cl\/wp-content\/uploads\/2015\/08\/Imagine_05-94x94.jpg 94w, https:\/\/www.acusticauach.cl\/wp-content\/uploads\/2015\/08\/Imagine_05-86x86.jpg 86w, https:\/\/www.acusticauach.cl\/wp-content\/uploads\/2015\/08\/Imagine_05-120x120.jpg 120w, https:\/\/www.acusticauach.cl\/wp-content\/uploads\/2015\/08\/Imagine_05-215x215.jpg 215w\" sizes=\"(max-width: 150px) 100vw, 150px\" \/><\/a>\n\t\t\t<\/div><\/figure><figure class='gallery-item'>\n\t\t\t<div class='gallery-icon portrait'>\n\t\t\t\t<a href='https:\/\/www.acusticauach.cl\/?attachment_id=7882'><img decoding=\"async\" width=\"150\" height=\"150\" src=\"https:\/\/www.acusticauach.cl\/wp-content\/uploads\/2015\/08\/Imagine_06-150x150.jpg\" class=\"attachment-thumbnail size-thumbnail\" alt=\"\" srcset=\"https:\/\/www.acusticauach.cl\/wp-content\/uploads\/2015\/08\/Imagine_06-150x150.jpg 150w, https:\/\/www.acusticauach.cl\/wp-content\/uploads\/2015\/08\/Imagine_06-65x65.jpg 65w, https:\/\/www.acusticauach.cl\/wp-content\/uploads\/2015\/08\/Imagine_06-55x55.jpg 55w, https:\/\/www.acusticauach.cl\/wp-content\/uploads\/2015\/08\/Imagine_06-94x94.jpg 94w, https:\/\/www.acusticauach.cl\/wp-content\/uploads\/2015\/08\/Imagine_06-86x86.jpg 86w, https:\/\/www.acusticauach.cl\/wp-content\/uploads\/2015\/08\/Imagine_06-120x120.jpg 120w, https:\/\/www.acusticauach.cl\/wp-content\/uploads\/2015\/08\/Imagine_06-215x215.jpg 215w\" sizes=\"(max-width: 150px) 100vw, 150px\" \/><\/a>\n\t\t\t<\/div><\/figure><figure class='gallery-item'>\n\t\t\t<div class='gallery-icon portrait'>\n\t\t\t\t<a href='https:\/\/www.acusticauach.cl\/?attachment_id=7883'><img decoding=\"async\" width=\"150\" height=\"150\" src=\"https:\/\/www.acusticauach.cl\/wp-content\/uploads\/2015\/08\/Imagine_07-150x150.jpg\" class=\"attachment-thumbnail size-thumbnail\" alt=\"\" srcset=\"https:\/\/www.acusticauach.cl\/wp-content\/uploads\/2015\/08\/Imagine_07-150x150.jpg 150w, https:\/\/www.acusticauach.cl\/wp-content\/uploads\/2015\/08\/Imagine_07-65x65.jpg 65w, https:\/\/www.acusticauach.cl\/wp-content\/uploads\/2015\/08\/Imagine_07-55x55.jpg 55w, https:\/\/www.acusticauach.cl\/wp-content\/uploads\/2015\/08\/Imagine_07-94x94.jpg 94w, https:\/\/www.acusticauach.cl\/wp-content\/uploads\/2015\/08\/Imagine_07-86x86.jpg 86w, https:\/\/www.acusticauach.cl\/wp-content\/uploads\/2015\/08\/Imagine_07-120x120.jpg 120w, https:\/\/www.acusticauach.cl\/wp-content\/uploads\/2015\/08\/Imagine_07-215x215.jpg 215w\" sizes=\"(max-width: 150px) 100vw, 150px\" \/><\/a>\n\t\t\t<\/div><\/figure><figure class='gallery-item'>\n\t\t\t<div class='gallery-icon landscape'>\n\t\t\t\t<a href='https:\/\/www.acusticauach.cl\/?attachment_id=7884'><img decoding=\"async\" width=\"150\" height=\"150\" src=\"https:\/\/www.acusticauach.cl\/wp-content\/uploads\/2015\/08\/Imagine_08-150x150.jpg\" class=\"attachment-thumbnail size-thumbnail\" alt=\"\" srcset=\"https:\/\/www.acusticauach.cl\/wp-content\/uploads\/2015\/08\/Imagine_08-150x150.jpg 150w, https:\/\/www.acusticauach.cl\/wp-content\/uploads\/2015\/08\/Imagine_08-65x65.jpg 65w, https:\/\/www.acusticauach.cl\/wp-content\/uploads\/2015\/08\/Imagine_08-55x55.jpg 55w, https:\/\/www.acusticauach.cl\/wp-content\/uploads\/2015\/08\/Imagine_08-94x94.jpg 94w, https:\/\/www.acusticauach.cl\/wp-content\/uploads\/2015\/08\/Imagine_08-86x86.jpg 86w, https:\/\/www.acusticauach.cl\/wp-content\/uploads\/2015\/08\/Imagine_08-120x120.jpg 120w, https:\/\/www.acusticauach.cl\/wp-content\/uploads\/2015\/08\/Imagine_08-215x215.jpg 215w\" sizes=\"(max-width: 150px) 100vw, 150px\" \/><\/a>\n\t\t\t<\/div><\/figure><figure class='gallery-item'>\n\t\t\t<div class='gallery-icon landscape'>\n\t\t\t\t<a href='https:\/\/www.acusticauach.cl\/?attachment_id=7885'><img decoding=\"async\" width=\"150\" height=\"150\" src=\"https:\/\/www.acusticauach.cl\/wp-content\/uploads\/2015\/08\/Imagine_09-150x150.jpg\" class=\"attachment-thumbnail size-thumbnail\" alt=\"\" srcset=\"https:\/\/www.acusticauach.cl\/wp-content\/uploads\/2015\/08\/Imagine_09-150x150.jpg 150w, https:\/\/www.acusticauach.cl\/wp-content\/uploads\/2015\/08\/Imagine_09-65x65.jpg 65w, https:\/\/www.acusticauach.cl\/wp-content\/uploads\/2015\/08\/Imagine_09-55x55.jpg 55w, https:\/\/www.acusticauach.cl\/wp-content\/uploads\/2015\/08\/Imagine_09-94x94.jpg 94w, https:\/\/www.acusticauach.cl\/wp-content\/uploads\/2015\/08\/Imagine_09-86x86.jpg 86w, https:\/\/www.acusticauach.cl\/wp-content\/uploads\/2015\/08\/Imagine_09-120x120.jpg 120w, https:\/\/www.acusticauach.cl\/wp-content\/uploads\/2015\/08\/Imagine_09-215x215.jpg 215w\" sizes=\"(max-width: 150px) 100vw, 150px\" \/><\/a>\n\t\t\t<\/div><\/figure>\n\t\t<\/div>\n\n<p><a href=\"https:\/\/www.flickr.com\/photos\/acusticauach\/sets\/72157661534213067\/\" target=\"_blank\" rel=\"noopener noreferrer\"><img decoding=\"async\" class=\"aligncenter size-full wp-image-9353\" src=\"https:\/\/www.acusticauach.cl\/wp-content\/uploads\/2017\/11\/flickr-app-fotografia.jpg\" alt=\"\" width=\"421\" height=\"171\" srcset=\"https:\/\/www.acusticauach.cl\/wp-content\/uploads\/2017\/11\/flickr-app-fotografia.jpg 421w, https:\/\/www.acusticauach.cl\/wp-content\/uploads\/2017\/11\/flickr-app-fotografia-300x122.jpg 300w\" sizes=\"(max-width: 421px) 100vw, 421px\" \/><\/a><\/p>\n<p><a title=\"5\u00b0 Concurso de Bandas 2015\" href=\"https:\/\/www.flickr.com\/photos\/acusticauach\/albums\/72157661534213067\" data-flickr-embed=\"true\" data-header=\"true\" data-footer=\"true\"><img decoding=\"async\" class=\"aligncenter\" src=\"https:\/\/live.staticflickr.com\/4738\/39011649721_40b885ac42_o.jpg\" alt=\"5\u00b0 Concurso de Bandas 2015\" width=\"346\" height=\"326\" \/><\/a><\/p>\n<p><script async=\"\" src=\"\/\/embedr.flickr.com\/assets\/client-code.js\" charset=\"utf-8\"><\/script><a href=\"https:\/\/www.facebook.com\/acusticauach\/photos\/a.989201141161526.1073741864.194362960645352\/989201371161503\/?type=3\" target=\"_blank\" rel=\"noopener noreferrer\">\u00c1lbum de Fotos en Facebook<\/a><\/p>\n<p><iframe style=\"border: none; overflow: hidden;\" src=\"https:\/\/www.facebook.com\/plugins\/post.php?href=https%3A%2F%2Fwww.facebook.com%2Fmedia%2Fset%2F%3Fset%3Da.989201141161526.1073741864.194362960645352%26type%3D3&amp;width=500\" width=\"500\" height=\"683\" frameborder=\"0\" scrolling=\"no\"><\/iframe><\/p>\n<p><a href=\"https:\/\/www.acusticauach.cl\/wp-content\/uploads\/2015\/08\/Imagine_Grabando.jpg\"><img decoding=\"async\" class=\"aligncenter size-full wp-image-7886\" src=\"https:\/\/www.acusticauach.cl\/wp-content\/uploads\/2015\/08\/Imagine_Grabando.jpg\" alt=\"Imagine_Grabando\" width=\"800\" height=\"267\" srcset=\"https:\/\/www.acusticauach.cl\/wp-content\/uploads\/2015\/08\/Imagine_Grabando.jpg 800w, https:\/\/www.acusticauach.cl\/wp-content\/uploads\/2015\/08\/Imagine_Grabando-300x100.jpg 300w, https:\/\/www.acusticauach.cl\/wp-content\/uploads\/2015\/08\/Imagine_Grabando-700x234.jpg 700w, https:\/\/www.acusticauach.cl\/wp-content\/uploads\/2015\/08\/Imagine_Grabando-500x167.jpg 500w\" sizes=\"(max-width: 800px) 100vw, 800px\" \/><\/a><\/p>\n<h5><strong>Audios<\/strong><\/h5>\n<p>Grabaci\u00f3n de Imagine, las canciones grabadas en el Estudio de Grabaci\u00f3n de AcusticaUACh:<\/p>\n<h5><strong>Tema \u00abMagia\u00bb, de Banda Imagine (2016)<\/strong><\/h5>\n<audio class=\"wp-audio-shortcode\" id=\"audio-6548-1\" preload=\"none\" style=\"width: 100%;\" controls=\"controls\"><source type=\"audio\/mpeg\" src=\"https:\/\/www.acusticauach.cl\/wp-content\/uploads\/2016\/09\/Magia2016-1.mp3?_=1\" \/><a href=\"https:\/\/www.acusticauach.cl\/wp-content\/uploads\/2016\/09\/Magia2016-1.mp3\">https:\/\/www.acusticauach.cl\/wp-content\/uploads\/2016\/09\/Magia2016-1.mp3<\/a><\/audio>\n<h5><strong>Tema \u00abTanto Tiempo\u00bb, de Banda Imagine (2016)<\/strong><\/h5>\n<audio class=\"wp-audio-shortcode\" id=\"audio-6548-2\" preload=\"none\" style=\"width: 100%;\" controls=\"controls\"><source type=\"audio\/mpeg\" src=\"https:\/\/www.acusticauach.cl\/wp-content\/uploads\/2015\/08\/TantoTiempo2016-1.mp3?_=2\" \/><a href=\"https:\/\/www.acusticauach.cl\/wp-content\/uploads\/2015\/08\/TantoTiempo2016-1.mp3\">https:\/\/www.acusticauach.cl\/wp-content\/uploads\/2015\/08\/TantoTiempo2016-1.mp3<\/a><\/audio>\n<p><a href=\"https:\/\/www.acusticauach.cl\/wp-content\/uploads\/2015\/08\/Imagine_Grabando2.jpg\"><img decoding=\"async\" class=\"aligncenter size-full wp-image-7887\" src=\"https:\/\/www.acusticauach.cl\/wp-content\/uploads\/2015\/08\/Imagine_Grabando2.jpg\" alt=\"Imagine_Grabando2\" width=\"800\" height=\"267\" srcset=\"https:\/\/www.acusticauach.cl\/wp-content\/uploads\/2015\/08\/Imagine_Grabando2.jpg 800w, https:\/\/www.acusticauach.cl\/wp-content\/uploads\/2015\/08\/Imagine_Grabando2-300x100.jpg 300w, https:\/\/www.acusticauach.cl\/wp-content\/uploads\/2015\/08\/Imagine_Grabando2-700x234.jpg 700w, https:\/\/www.acusticauach.cl\/wp-content\/uploads\/2015\/08\/Imagine_Grabando2-500x167.jpg 500w\" sizes=\"(max-width: 800px) 100vw, 800px\" \/><\/a><\/p>\n<h5><strong>Prensa<\/strong><\/h5>\n<p><strong>Lanzan concurso de bandas 2015.<\/strong><\/p>\n<ul>\n<li><a href=\"http:\/\/noticias.uach.cl\/principal.php?pag=noticia-externo&amp;cod=85194&amp;admin=1\" target=\"_blank\" rel=\"noopener noreferrer\">Noticia en Portal UACh<\/a> \/ <a href=\"http:\/\/ingenieria.uach.org\/index.php\/noticias\/todas\/8479-atencion-se-abre-la-convocatoria-al-concurso-de-bandas-escolares-uach\" target=\"_blank\" rel=\"noopener noreferrer\">Portal FCI<\/a>.<\/li>\n<\/ul>\n<p>M\u00e1s Noticias:<\/p>\n<ul>\n<li><a href=\"https:\/\/www.acusticauach.cl\/?p=6889\">5\u00b0 Concurso de Bandas Escolares: \u00a1Ya tenemos finalistas!<\/a><\/li>\n<li><a href=\"https:\/\/www.acusticauach.cl\/?p=6984\">\u00a1Y el ganador es\u2026!<\/a><\/li>\n<li><a href=\"https:\/\/www.acusticauach.cl\/?p=7334\">Imagine en Valdivia<\/a><\/li>\n<\/ul>\n<h5>Break Universitario: Entrevista 5to Concurso de Bandas Escolares Gana y Graba (19.08.2015)<\/h5>\n<h5><iframe style=\"border: 0px; padding: 0px; margin: 0px;\" src=\"http:\/\/videoteca.uach.cl\/videos\/video\/1323\/embed\/?access_token=shr00000013238254616583323829178796503648456\" width=\"700\" height=\"421\" frameborder=\"0\" scrolling=\"no\" allowfullscreen=\"allowfullscreen\"><\/iframe><br \/>\n<strong>Jurado<\/strong><\/h5>\n<p>El jurado estuvo compuesto por el compositor nacional y l\u00edder del grupo Los Tetas<strong> Cristi\u00e1n Moraga (C-Funk)<\/strong>, <strong>Milton Bitelbick<\/strong>, tecladista y productor musical de Sexual Democracia, y el profesor<strong> Jorge C\u00e1rdena<\/strong>s, acad\u00e9mico del Instituto de Ac\u00fastica de la UACh. Destacaron el excelente nivel de las bandas que participaron en esta versi\u00f3n del concurso, adem\u00e1s del enorme trabajo creativo, variedad en los temas y estilos, situaci\u00f3n que hizo m\u00e1s compleja la decisi\u00f3n para elegir los ganadores.<\/p>\n<p>Para Milton Bitelbick, m\u00fasico valdiviano radicado actualmente en Ciudad de M\u00e9xico, Imagine \u201ces una banda que tiene melod\u00edas y armon\u00edas acordes al estilo que representan. El trabajo que han logrado los tiene bien cohesionados y se nota que hay un buen trabajo detr\u00e1s de esta banda\u201d.<\/p>\n<h5><strong>Concursos Anteriores<\/strong><\/h5>\n<p><strong><a href=\"https:\/\/www.acusticauach.cl\/?page_id=4642\">Concurso de Bandas Escolares (Principal)<\/a><\/strong><\/p>\n<ul id=\"menu-concursobandas\" class=\"menu\">\n<li class=\"menu-item menu-item-type-post_type menu-item-object-page menu-item-6559\"><a href=\"https:\/\/www.acusticauach.cl\/?page_id=11030\">8\u00b0 Concurso de Bandas 2018<\/a><\/li>\n<li class=\"menu-item menu-item-type-post_type menu-item-object-page menu-item-6559\"><a href=\"https:\/\/www.acusticauach.cl\/?page_id=9482\">7\u00b0 Concurso de Bandas 2017<\/a><\/li>\n<li class=\"menu-item menu-item-type-post_type menu-item-object-page menu-item-6559\"><a href=\"https:\/\/www.acusticauach.cl\/?page_id=9175\">6\u00b0 Concurso de Bandas 2016<\/a><\/li>\n<li id=\"menu-item-6559\" class=\"menu-item menu-item-type-post_type menu-item-object-page menu-item-6559\"><a href=\"https:\/\/www.acusticauach.cl\/?page_id=6548\">5\u00b0 Concurso de Bandas 2015<\/a><\/li>\n<li id=\"menu-item-4637\" class=\"menu-item menu-item-type-post_type menu-item-object-page menu-item-4637\"><a href=\"https:\/\/www.acusticauach.cl\/?page_id=4144\">4o Concurso de Bandas 2014<\/a><\/li>\n<li id=\"menu-item-4640\" class=\"menu-item menu-item-type-post_type menu-item-object-page menu-item-4640\"><a href=\"https:\/\/www.acusticauach.cl\/?page_id=3162\">3er Concurso de Bandas 2013<\/a><\/li>\n<li id=\"menu-item-4639\" class=\"menu-item menu-item-type-post_type menu-item-object-page menu-item-4639\"><a href=\"https:\/\/www.acusticauach.cl\/?page_id=3173\">2o Concurso de Bandas 2012<\/a><\/li>\n<li id=\"menu-item-4638\" class=\"menu-item menu-item-type-post_type menu-item-object-page menu-item-4638\"><a href=\"https:\/\/www.acusticauach.cl\/?page_id=3242\">1er Concurso de Bandas 2011<\/a><\/li>\n<\/ul>\n","protected":false},"excerpt":{"rendered":"<p>Por quinto\u00a0a\u00f1o consecutivo la Escuela de Ingenier\u00eda Civil Ac\u00fastica de la Universidad Austral de Chile invit\u00f3 a todos los estudiantes secundarios del pa\u00eds a participar en una nueva versi\u00f3n del Concurso de Bandas Escolares 2014. El concurso est\u00e1 dirigido a bandas de todo Chile, que sean estudiantes regulares de ense\u00f1anza media y que posean alg\u00fan [&hellip;]<\/p>\n","protected":false},"author":2,"featured_media":6577,"parent":4642,"menu_order":4,"comment_status":"closed","ping_status":"closed","template":"","meta":{"footnotes":""},"class_list":["post-6548","page","type-page","status-publish","has-post-thumbnail","hentry"],"_links":{"self":[{"href":"https:\/\/www.acusticauach.cl\/index.php?rest_route=\/wp\/v2\/pages\/6548","targetHints":{"allow":["GET"]}}],"collection":[{"href":"https:\/\/www.acusticauach.cl\/index.php?rest_route=\/wp\/v2\/pages"}],"about":[{"href":"https:\/\/www.acusticauach.cl\/index.php?rest_route=\/wp\/v2\/types\/page"}],"author":[{"embeddable":true,"href":"https:\/\/www.acusticauach.cl\/index.php?rest_route=\/wp\/v2\/users\/2"}],"replies":[{"embeddable":true,"href":"https:\/\/www.acusticauach.cl\/index.php?rest_route=%2Fwp%2Fv2%2Fcomments&post=6548"}],"version-history":[{"count":0,"href":"https:\/\/www.acusticauach.cl\/index.php?rest_route=\/wp\/v2\/pages\/6548\/revisions"}],"up":[{"embeddable":true,"href":"https:\/\/www.acusticauach.cl\/index.php?rest_route=\/wp\/v2\/pages\/4642"}],"wp:featuredmedia":[{"embeddable":true,"href":"https:\/\/www.acusticauach.cl\/index.php?rest_route=\/wp\/v2\/media\/6577"}],"wp:attachment":[{"href":"https:\/\/www.acusticauach.cl\/index.php?rest_route=%2Fwp%2Fv2%2Fmedia&parent=6548"}],"curies":[{"name":"wp","href":"https:\/\/api.w.org\/{rel}","templated":true}]}}