{"id":5913,"date":"2015-05-25T23:10:30","date_gmt":"2015-05-26T03:10:30","guid":{"rendered":"http:\/\/www.acusticauach.cl\/?page_id=5913"},"modified":"2024-08-12T13:22:55","modified_gmt":"2024-08-12T17:22:55","slug":"postgrado","status":"publish","type":"page","link":"https:\/\/www.acusticauach.cl\/?page_id=5913","title":{"rendered":"Magister"},"content":{"rendered":"<p><iframe title=\"Magister en Ac\u00fastica y Vibraciones UACh\" width=\"1200\" height=\"675\" src=\"https:\/\/www.youtube.com\/embed\/Kp2GsgquofQ?feature=oembed\" frameborder=\"0\" allow=\"accelerometer; autoplay; clipboard-write; encrypted-media; gyroscope; picture-in-picture; web-share\" referrerpolicy=\"strict-origin-when-cross-origin\" allowfullscreen><\/iframe><\/p>\n<p style=\"text-align: justify;\">El Mag\u00edster en Ac\u00fastica y Vibraciones <strong>(MAV)<\/strong> proporciona a los estudiantes las capacidades para contribuir al avance del conocimiento en las Ciencias de la Ingenier\u00eda en las \u00e1reas tem\u00e1ticas de la Ac\u00fastica y las Vibraciones, mediante la entrega de conceptos te\u00f3ricos, actividades pr\u00e1cticas de laboratorios, estudio individual guiado y el desarrollo de una tesis de mag\u00edster. As\u00ed, el graduado es capacitado para el perfeccionamiento, la innovaci\u00f3n tecnol\u00f3gica y el desarrollo de investigaci\u00f3n cient\u00edfica con un alto grado de independencia.<\/p>\n<p>\u00danicos en Chile y Latinoam\u00e9rica, y adem\u00e1s:<\/p>\n<ul>\n<li><a href=\"https:\/\/www.acusticauach.cl\/?page_id=11074\">Doble Titulaci\u00f3n con la Universidad Polit\u00e9cnica de Valencia (Espa\u00f1a)<\/a><\/li>\n<li><a href=\"https:\/\/www.acusticauach.cl\/?page_id=9468\">Continuidad de Estudios (doctorado) con la Universidad Polit\u00e9cnica de Madrid (Espa\u00f1a)<\/a><\/li>\n<\/ul>\n<p><img decoding=\"async\" class=\"aligncenter wp-image-16622 size-medium\" src=\"https:\/\/www.acusticauach.cl\/wp-content\/uploads\/2024\/08\/N.Acredit-Mag-Acustica-y-V-242x300.png\" alt=\"\" width=\"242\" height=\"300\" srcset=\"https:\/\/www.acusticauach.cl\/wp-content\/uploads\/2024\/08\/N.Acredit-Mag-Acustica-y-V-242x300.png 242w, https:\/\/www.acusticauach.cl\/wp-content\/uploads\/2024\/08\/N.Acredit-Mag-Acustica-y-V-825x1024.png 825w, https:\/\/www.acusticauach.cl\/wp-content\/uploads\/2024\/08\/N.Acredit-Mag-Acustica-y-V-768x953.png 768w, https:\/\/www.acusticauach.cl\/wp-content\/uploads\/2024\/08\/N.Acredit-Mag-Acustica-y-V-101x125.png 101w, https:\/\/www.acusticauach.cl\/wp-content\/uploads\/2024\/08\/N.Acredit-Mag-Acustica-y-V-60x75.png 60w, https:\/\/www.acusticauach.cl\/wp-content\/uploads\/2024\/08\/N.Acredit-Mag-Acustica-y-V.png 1200w\" sizes=\"(max-width: 242px) 100vw, 242px\" \/><\/p>\n<p>Ver m\u00e1s en:<\/p>\n<p style=\"text-align: center;\"><a href=\"https:\/\/www.acusticauach.cl\/?page_id=164\">Presentaci\u00f3n Mag\u00edster<\/a>\u00a0\u00a0|\u00a0<a href=\"https:\/\/www.acusticauach.cl\/?page_id=8808\">Postulaci\u00f3n\u00a0 Magister<\/a> | <a href=\"https:\/\/www.acusticauach.cl\/?page_id=11284\">Matr\u00edcula, Arancel, Becas y Beneficios<\/a> |\u00a0<a href=\"https:\/\/www.acusticauach.cl\/?page_id=166\">Plan de Estudios<\/a>\u00a0|<a href=\"https:\/\/www.acusticauach.cl\/?page_id=6248\"> Docentes del Programa\u00a0<\/a>|\u00a0<a href=\"https:\/\/www.acusticauach.cl\/?page_id=6185\">Graduados \u00a0del Programa<\/a>\u00a0|\u00a0<a href=\"https:\/\/www.acusticauach.cl\/?page_id=6758\">Vinculaci\u00f3n Pre-Posgrado<\/a>\u00a0| <a href=\"https:\/\/www.acusticauach.cl\/?page_id=9468\">Continuaci\u00f3n de Estudios<\/a>\u00a0| <a href=\"https:\/\/www.acusticauach.cl\/?page_id=11074\">Doble Titulaci\u00f3n<\/a>\u00a0|\u00a0<a href=\"https:\/\/www.acusticauach.cl\/?page_id=11053\">Recursos Bibliogr\u00e1ficos<\/a>\u00a0|\u00a0<a href=\"https:\/\/www.acusticauach.cl\/?cat=907\">Noticias Magister<\/a><\/p>\n<p style=\"text-align: center;\">\n","protected":false},"excerpt":{"rendered":"<p>El Mag\u00edster en Ac\u00fastica y Vibraciones (MAV) proporciona a los estudiantes las capacidades para contribuir al avance del conocimiento en las Ciencias de la Ingenier\u00eda en las \u00e1reas tem\u00e1ticas de la Ac\u00fastica y las Vibraciones, mediante la entrega de conceptos te\u00f3ricos, actividades pr\u00e1cticas de laboratorios, estudio individual guiado y el desarrollo de una tesis de [&hellip;]<\/p>\n","protected":false},"author":5,"featured_media":12110,"parent":0,"menu_order":0,"comment_status":"closed","ping_status":"closed","template":"","meta":{"footnotes":""},"class_list":["post-5913","page","type-page","status-publish","has-post-thumbnail","hentry"],"_links":{"self":[{"href":"https:\/\/www.acusticauach.cl\/index.php?rest_route=\/wp\/v2\/pages\/5913","targetHints":{"allow":["GET"]}}],"collection":[{"href":"https:\/\/www.acusticauach.cl\/index.php?rest_route=\/wp\/v2\/pages"}],"about":[{"href":"https:\/\/www.acusticauach.cl\/index.php?rest_route=\/wp\/v2\/types\/page"}],"author":[{"embeddable":true,"href":"https:\/\/www.acusticauach.cl\/index.php?rest_route=\/wp\/v2\/users\/5"}],"replies":[{"embeddable":true,"href":"https:\/\/www.acusticauach.cl\/index.php?rest_route=%2Fwp%2Fv2%2Fcomments&post=5913"}],"version-history":[{"count":0,"href":"https:\/\/www.acusticauach.cl\/index.php?rest_route=\/wp\/v2\/pages\/5913\/revisions"}],"wp:featuredmedia":[{"embeddable":true,"href":"https:\/\/www.acusticauach.cl\/index.php?rest_route=\/wp\/v2\/media\/12110"}],"wp:attachment":[{"href":"https:\/\/www.acusticauach.cl\/index.php?rest_route=%2Fwp%2Fv2%2Fmedia&parent=5913"}],"curies":[{"name":"wp","href":"https:\/\/api.w.org\/{rel}","templated":true}]}}