{"id":5906,"date":"2015-05-25T22:45:05","date_gmt":"2015-05-26T02:45:05","guid":{"rendered":"http:\/\/www.acusticauach.cl\/?page_id=5906"},"modified":"2023-10-28T21:39:39","modified_gmt":"2023-10-29T00:39:39","slug":"carrera-2","status":"publish","type":"page","link":"https:\/\/www.acusticauach.cl\/?page_id=5906","title":{"rendered":"Carrera"},"content":{"rendered":"<p style=\"text-align: justify;\">En esta carrera, los estudiantes se preparan para resolver problemas de ingenier\u00eda ac\u00fastica y de dise\u00f1o en su especialidad, aplicando conocimientos de matem\u00e1tica, ciencias, ciencias sociales, m\u00fasica, ciencias econ\u00f3micas y administrativas, programaci\u00f3n, simulaci\u00f3n de sistemas, ciencias de la ingenier\u00eda, los fundamentos de la ac\u00fastica y la tecnolog\u00eda de la ingenier\u00eda ac\u00fastica.<\/p>\n<p><img decoding=\"async\" class=\"aligncenter wp-image-8106 size-full\" src=\"https:\/\/www.acusticauach.cl\/wp-content\/uploads\/2014\/09\/promocion_2016a.jpg\" alt=\"\" width=\"1000\" height=\"667\" srcset=\"https:\/\/www.acusticauach.cl\/wp-content\/uploads\/2014\/09\/promocion_2016a.jpg 1000w, https:\/\/www.acusticauach.cl\/wp-content\/uploads\/2014\/09\/promocion_2016a-300x200.jpg 300w, https:\/\/www.acusticauach.cl\/wp-content\/uploads\/2014\/09\/promocion_2016a-768x512.jpg 768w, https:\/\/www.acusticauach.cl\/wp-content\/uploads\/2014\/09\/promocion_2016a-700x467.jpg 700w, https:\/\/www.acusticauach.cl\/wp-content\/uploads\/2014\/09\/promocion_2016a-500x334.jpg 500w\" sizes=\"(max-width: 1000px) 100vw, 1000px\" \/><\/p>\n<p style=\"text-align: center;\"><a href=\"https:\/\/www.acusticauach.cl\/?page_id=789\">Admisi\u00f3n 2024<\/a>\u00a0|\u00a0<a href=\"https:\/\/www.acusticauach.cl\/?page_id=8259\">Plan de Estudios<\/a>\u00a0|\u00a0<a href=\"https:\/\/www.acusticauach.cl\/?page_id=63\">Descripci\u00f3n<\/a>\u00a0|\u00a0<a href=\"https:\/\/www.acusticauach.cl\/?page_id=101\">Historia<\/a>\u00a0|\u00a0<a href=\"https:\/\/www.acusticauach.cl\/?page_id=103\">Perfil de Egreso<\/a>\u00a0|\u00a0<a href=\"https:\/\/www.acusticauach.cl\/?page_id=480\">Campo Laboral<\/a>\u00a0|\u00a0<a href=\"https:\/\/www.acusticauach.cl\/?page_id=131\">Asignaturas de Ac\u00fastica<\/a>\u00a0| <a href=\"https:\/\/www.acusticauach.cl\/?page_id=7843\">Titulaci\u00f3n<\/a>\u00a0| <a href=\"https:\/\/www.acusticauach.cl\/?page_id=139\">Profesores de Ac\u00fastica<\/a>\u00a0|\u00a0<a href=\"https:\/\/www.acusticauach.cl\/?page_id=2932\">Escuela de Ing. Civil Ac\u00fastica<\/a><\/p>\n","protected":false},"excerpt":{"rendered":"<p>En esta carrera, los estudiantes se preparan para resolver problemas de ingenier\u00eda ac\u00fastica y de dise\u00f1o en su especialidad, aplicando conocimientos de matem\u00e1tica, ciencias, ciencias sociales, m\u00fasica, ciencias econ\u00f3micas y administrativas, programaci\u00f3n, simulaci\u00f3n de sistemas, ciencias de la ingenier\u00eda, los fundamentos de la ac\u00fastica y la tecnolog\u00eda de la ingenier\u00eda ac\u00fastica. Admisi\u00f3n 2024\u00a0|\u00a0Plan de Estudios\u00a0|\u00a0Descripci\u00f3n\u00a0|\u00a0Historia\u00a0|\u00a0Perfil [&hellip;]<\/p>\n","protected":false},"author":5,"featured_media":12112,"parent":0,"menu_order":0,"comment_status":"closed","ping_status":"closed","template":"","meta":{"footnotes":""},"class_list":["post-5906","page","type-page","status-publish","has-post-thumbnail","hentry"],"_links":{"self":[{"href":"https:\/\/www.acusticauach.cl\/index.php?rest_route=\/wp\/v2\/pages\/5906","targetHints":{"allow":["GET"]}}],"collection":[{"href":"https:\/\/www.acusticauach.cl\/index.php?rest_route=\/wp\/v2\/pages"}],"about":[{"href":"https:\/\/www.acusticauach.cl\/index.php?rest_route=\/wp\/v2\/types\/page"}],"author":[{"embeddable":true,"href":"https:\/\/www.acusticauach.cl\/index.php?rest_route=\/wp\/v2\/users\/5"}],"replies":[{"embeddable":true,"href":"https:\/\/www.acusticauach.cl\/index.php?rest_route=%2Fwp%2Fv2%2Fcomments&post=5906"}],"version-history":[{"count":0,"href":"https:\/\/www.acusticauach.cl\/index.php?rest_route=\/wp\/v2\/pages\/5906\/revisions"}],"wp:featuredmedia":[{"embeddable":true,"href":"https:\/\/www.acusticauach.cl\/index.php?rest_route=\/wp\/v2\/media\/12112"}],"wp:attachment":[{"href":"https:\/\/www.acusticauach.cl\/index.php?rest_route=%2Fwp%2Fv2%2Fmedia&parent=5906"}],"curies":[{"name":"wp","href":"https:\/\/api.w.org\/{rel}","templated":true}]}}

<p style="text-align: justify;">En esta carrera, los estudiantes se preparan para resolver problemas de ingeniería acústica y de diseño en su especialidad, aplicando conocimientos de matemática, ciencias, ciencias sociales, música, ciencias económicas y administrativas, programación, simulación de sistemas, ciencias de la ingeniería, los fundamentos de la acústica y la tecnología de la ingeniería acústica.</p>
<p><img decoding="async" class="aligncenter wp-image-8106 size-full" src="https://www.acusticauach.cl/wp-content/uploads/2014/09/promocion_2016a.jpg" alt="" width="1000" height="667" srcset="https://www.acusticauach.cl/wp-content/uploads/2014/09/promocion_2016a.jpg 1000w, https://www.acusticauach.cl/wp-content/uploads/2014/09/promocion_2016a-300x200.jpg 300w, https://www.acusticauach.cl/wp-content/uploads/2014/09/promocion_2016a-768x512.jpg 768w, https://www.acusticauach.cl/wp-content/uploads/2014/09/promocion_2016a-700x467.jpg 700w, https://www.acusticauach.cl/wp-content/uploads/2014/09/promocion_2016a-500x334.jpg 500w" sizes="(max-width: 1000px) 100vw, 1000px" /></p>
<p style="text-align: center;"><a href="https://www.acusticauach.cl/?page_id=789">Admisión 2024</a> | <a href="https://www.acusticauach.cl/?page_id=8259">Plan de Estudios</a> | <a href="https://www.acusticauach.cl/?page_id=63">Descripción</a> | <a href="https://www.acusticauach.cl/?page_id=101">Historia</a> | <a href="https://www.acusticauach.cl/?page_id=103">Perfil de Egreso</a> | <a href="https://www.acusticauach.cl/?page_id=480">Campo Laboral</a> | <a href="https://www.acusticauach.cl/?page_id=131">Asignaturas de Acústica</a> | <a href="https://www.acusticauach.cl/?page_id=7843">Titulación</a> | <a href="https://www.acusticauach.cl/?page_id=139">Profesores de Acústica</a> | <a href="https://www.acusticauach.cl/?page_id=2932">Escuela de Ing. Civil Acústica</a></p>

<p>En esta carrera, los estudiantes se preparan para resolver problemas de ingeniería acústica y de diseño en su especialidad, aplicando conocimientos de matemática, ciencias, ciencias sociales, música, ciencias económicas y administrativas, programación, simulación de sistemas, ciencias de la ingeniería, los fundamentos de la acústica y la tecnología de la ingeniería acústica. Admisión 2024 | Plan de Estudios | Descripción | Historia | Perfil [&hellip;]</p>
