{"id":583,"date":"2012-09-15T18:43:42","date_gmt":"2012-09-15T21:43:42","guid":{"rendered":"http:\/\/190.114.255.83\/~acustic1\/?page_id=583"},"modified":"2019-11-08T20:15:00","modified_gmt":"2019-11-08T23:15:00","slug":"carolina-pontigo-ardiles","status":"publish","type":"page","link":"https:\/\/www.acusticauach.cl\/?page_id=583","title":{"rendered":"Carolina Pontigo Ardiles"},"content":{"rendered":"<h2><strong>T\u00edtulos y Grados<\/strong><img decoding=\"async\" class=\"alignright wp-image-5750 size-medium\" title=\"Sra Carolina Pontigo\" src=\"https:\/\/www.acusticauach.cl\/wp-content\/uploads\/2012\/09\/ACUS-7-200x300.jpg\" alt=\"\" width=\"200\" height=\"300\" srcset=\"https:\/\/www.acusticauach.cl\/wp-content\/uploads\/2012\/09\/ACUS-7-200x300.jpg 200w, https:\/\/www.acusticauach.cl\/wp-content\/uploads\/2012\/09\/ACUS-7-500x750.jpg 500w, https:\/\/www.acusticauach.cl\/wp-content\/uploads\/2012\/09\/ACUS-7.jpg 667w\" sizes=\"(max-width: 200px) 100vw, 200px\" \/><\/h2>\n<p>Secretaria Ejecutiva<\/p>\n<p style=\"text-align: justify;\">Carolina Pontigo est\u00e1 a cargo del apoyo administrativo del Instituto de Ac\u00fastica. Es responsable de la coordinaci\u00f3n de correspondencia y otras materias vinculadas con la organizaci\u00f3n de la unidad, la coordinaci\u00f3n de informaci\u00f3n de los cursos de la especialidad, actividad y servicios de laboratorios del Instituto de Ac\u00fastica, entre otros.<\/p>\n<h2><strong><span style=\"font-size: inherit;\">Contacto<\/span><\/strong><\/h2>\n<ul>\n<li>Instituto de Ac\u00fastica<\/li>\n<li>Facultad de Ciencias de la Ingenier\u00eda<\/li>\n<li>Universidad Austral de Chile<\/li>\n<li>Edificio 6000, Campus Miraflores, Casilla 567, Valdivia, Chile<\/li>\n<li>Fax: (56 63) 2221013<\/li>\n<li>Fono: (56 63) 2221339<\/li>\n<li>Email: acustica@uach.cl<\/li>\n<\/ul>\n<p><a href=\"https:\/\/www.acusticauach.cl\/?page_id=139\">Profesores de Ac\u00fastica<\/a><\/p>\n","protected":false},"excerpt":{"rendered":"<p>T\u00edtulos y Grados Secretaria Ejecutiva Carolina Pontigo est\u00e1 a cargo del apoyo administrativo del Instituto de Ac\u00fastica. Es responsable de la coordinaci\u00f3n de correspondencia y otras materias vinculadas con la organizaci\u00f3n de la unidad, la coordinaci\u00f3n de informaci\u00f3n de los cursos de la especialidad, actividad y servicios de laboratorios del Instituto de Ac\u00fastica, entre otros. [&hellip;]<\/p>\n","protected":false},"author":2,"featured_media":0,"parent":139,"menu_order":0,"comment_status":"closed","ping_status":"closed","template":"","meta":{"footnotes":""},"class_list":["post-583","page","type-page","status-publish","hentry"],"_links":{"self":[{"href":"https:\/\/www.acusticauach.cl\/index.php?rest_route=\/wp\/v2\/pages\/583","targetHints":{"allow":["GET"]}}],"collection":[{"href":"https:\/\/www.acusticauach.cl\/index.php?rest_route=\/wp\/v2\/pages"}],"about":[{"href":"https:\/\/www.acusticauach.cl\/index.php?rest_route=\/wp\/v2\/types\/page"}],"author":[{"embeddable":true,"href":"https:\/\/www.acusticauach.cl\/index.php?rest_route=\/wp\/v2\/users\/2"}],"replies":[{"embeddable":true,"href":"https:\/\/www.acusticauach.cl\/index.php?rest_route=%2Fwp%2Fv2%2Fcomments&post=583"}],"version-history":[{"count":0,"href":"https:\/\/www.acusticauach.cl\/index.php?rest_route=\/wp\/v2\/pages\/583\/revisions"}],"up":[{"embeddable":true,"href":"https:\/\/www.acusticauach.cl\/index.php?rest_route=\/wp\/v2\/pages\/139"}],"wp:attachment":[{"href":"https:\/\/www.acusticauach.cl\/index.php?rest_route=%2Fwp%2Fv2%2Fmedia&parent=583"}],"curies":[{"name":"wp","href":"https:\/\/api.w.org\/{rel}","templated":true}]}}