{"id":5373,"date":"2015-01-16T14:30:17","date_gmt":"2015-01-16T17:30:17","guid":{"rendered":"http:\/\/www.acusticauach.cl\/?page_id=5373"},"modified":"2019-10-25T10:25:51","modified_gmt":"2019-10-25T13:25:51","slug":"encuentro-sonoacustico-2014","status":"publish","type":"page","link":"https:\/\/www.acusticauach.cl\/?page_id=5373","title":{"rendered":"Encuentro Sonoacustico 2014"},"content":{"rendered":"<h5><strong>El evento realizado en noviembre, reuni\u00f3 a distintas generaciones de egresados y titulados de Ac\u00fastica y Sonido de la Universidad Austral de Chile<\/strong><\/h5>\n<p>Risas, an\u00e9cdotas y reencuentros fueron la t\u00f3nica de la reuni\u00f3n de egresados y titulados de laEscuela de Ac\u00fastica la cual actualmente imparte la carrera de Ingenier\u00eda Civil Ac\u00fastica.<\/p>\n<p>El encuentro Sonoac\u00fastico realizado en las dependencias de la UACh es el segundo que se realiza, el primero se tuvo lugar en el a\u00f1o 2011. En esta oportunidad el evento se llev\u00f3 a cabo en el contexto de IX Congreso Iberoamericano de Ac\u00fastica-FIA 2014 y las diferentes actividades realizadas por los estudiantes de Ingenier\u00eda Civil Ac\u00fastica y el Instituto de Ac\u00fastica como el Yakeelandia, Ingeacus y Simposio AES Chile, entre otras.<\/p>\n<p>Durante la jornada se reunieron m\u00e1s de cuarenta y cinco profesionales formados en la UACh, muchos de los cuales vinieron de otras regiones del pa\u00eds para ser parte del encuentro. Se cont\u00f3 con el apoyo de la Unidad de Vinculaci\u00f3n con Egresados (UVE), dependiente de la Direcci\u00f3n de Vinculaci\u00f3n con el Medio, quienes realizaron un obsequi\u00f3 de insignias de la UACh a los asistentes<\/p>\n<p>Sof\u00eda Leman, quien lleg\u00f3 recientemente a Chile desde Portugal donde estuvo realizado un Doctorado en Ingenier\u00eda en Materiales destac\u00f3 la calidad de la formaci\u00f3n de pregrado recibida durante sus a\u00f1os de estudios y agreg\u00f3 que \u201ces fant\u00e1stico poder encontrarse con profesores, compa\u00f1eros y colegas\u201d.<\/p>\n<blockquote><p>Es una actividad muy bonita, muy entretenida y nost\u00e1lgica\u201d agreg\u00f3, Mariette Almarza, quien viaj\u00f3 desde Santiago para las distintas actividades. La ingeniera tambi\u00e9n pudo disfrutar de las diferentes actividades ligadas a la ac\u00fastica durante esos d\u00edas. \u201cFuimos al Yankeelandia, estuvo muy entretenido\u201d, dijo.<\/p><\/blockquote>\n<h5><strong>Reconocimiento al Dr. Sommerhoff<\/strong><\/h5>\n<p><a href=\"https:\/\/www.acusticauach.cl\/wp-content\/uploads\/2015\/01\/2014_11_30_Sonoacusticos_II_08.jpg\"><img decoding=\"async\" class=\"size-full wp-image-5339 alignnone\" src=\"https:\/\/www.acusticauach.cl\/wp-content\/uploads\/2015\/01\/2014_11_30_Sonoacusticos_II_08.jpg\" alt=\"2014_11_30_Sonoacusticos_II_08\" width=\"1000\" height=\"562\" srcset=\"https:\/\/www.acusticauach.cl\/wp-content\/uploads\/2015\/01\/2014_11_30_Sonoacusticos_II_08.jpg 1000w, https:\/\/www.acusticauach.cl\/wp-content\/uploads\/2015\/01\/2014_11_30_Sonoacusticos_II_08-300x168.jpg 300w, https:\/\/www.acusticauach.cl\/wp-content\/uploads\/2015\/01\/2014_11_30_Sonoacusticos_II_08-700x393.jpg 700w, https:\/\/www.acusticauach.cl\/wp-content\/uploads\/2015\/01\/2014_11_30_Sonoacusticos_II_08-500x281.jpg 500w\" sizes=\"(max-width: 1000px) 100vw, 1000px\" \/><\/a><\/p>\n<p>En la oportunidad se le hizo un reconocimiento al profesor Dr. Jorge Sommerhoff por su compromiso permanente con la ense\u00f1anza y formaci\u00f3n de profesionales, para lo cual se le obsequi\u00f3 un reloj en manera con una placa con la inscripci\u00f3n:<\/p>\n<blockquote><p>Por hacernos parte de su sue\u00f1o, form\u00e1ndonos como ac\u00fasticos, dedicaci\u00f3n y entrega\u201d.<\/p><\/blockquote>\n<h5><strong>\u00c1lbum de Fotos en<a href=\"https:\/\/www.facebook.com\/acusticauach\" target=\"_blank\" rel=\"noopener noreferrer\">\u00a0<\/a>Flickr <a href=\"https:\/\/flic.kr\/s\/aHsm9Xz8cu\" target=\"_blank\" rel=\"noopener noreferrer\">https:\/\/flic.kr\/s\/aHsm9Xz8cu<\/a><\/strong><\/h5>\n<p><a title=\"Encuentro Sonoac\u00fastico 2014\" href=\"https:\/\/www.flickr.com\/photos\/acusticauach\/albums\/72157689849174574\" data-flickr-embed=\"true\" data-header=\"true\" data-footer=\"true\"><img decoding=\"async\" src=\"https:\/\/live.staticflickr.com\/4520\/23907575547_0dd0292bfa_c.jpg\" alt=\"Encuentro Sonoac\u00fastico 2014\" width=\"800\" height=\"450\" \/><\/a><script async=\"\" src=\"\/\/embedr.flickr.com\/assets\/client-code.js\" charset=\"utf-8\"><\/script><\/p>\n<p><a href=\"https:\/\/www.acusticauach.cl\/?page_id=5370\">Encuentro Sonoac\u00fastico<\/a><\/p>\n<ul>\n<li><a href=\"https:\/\/www.acusticauach.cl\/?page_id=4880\">Primer Encuentro Sonoac\u00fastico 2011<\/a><\/li>\n<li><a title=\"Encuentro Sonoacustico 2014\" href=\"https:\/\/www.acusticauach.cl\/?page_id=5373\">Segundo Encuentro Sonoac\u00fastico 2014<\/a><\/li>\n<li><a href=\"https:\/\/www.acusticauach.cl\/?page_id=12007\">Tercer Encuentro Sonoac\u00fastico 2017<\/a><\/li>\n<\/ul>\n","protected":false},"excerpt":{"rendered":"<p>El evento realizado en noviembre, reuni\u00f3 a distintas generaciones de egresados y titulados de Ac\u00fastica y Sonido de la Universidad Austral de Chile Risas, an\u00e9cdotas y reencuentros fueron la t\u00f3nica de la reuni\u00f3n de egresados y titulados de laEscuela de Ac\u00fastica la cual actualmente imparte la carrera de Ingenier\u00eda Civil Ac\u00fastica. El encuentro Sonoac\u00fastico realizado [&hellip;]<\/p>\n","protected":false},"author":2,"featured_media":12062,"parent":5370,"menu_order":0,"comment_status":"closed","ping_status":"closed","template":"","meta":{"footnotes":""},"class_list":["post-5373","page","type-page","status-publish","has-post-thumbnail","hentry"],"_links":{"self":[{"href":"https:\/\/www.acusticauach.cl\/index.php?rest_route=\/wp\/v2\/pages\/5373","targetHints":{"allow":["GET"]}}],"collection":[{"href":"https:\/\/www.acusticauach.cl\/index.php?rest_route=\/wp\/v2\/pages"}],"about":[{"href":"https:\/\/www.acusticauach.cl\/index.php?rest_route=\/wp\/v2\/types\/page"}],"author":[{"embeddable":true,"href":"https:\/\/www.acusticauach.cl\/index.php?rest_route=\/wp\/v2\/users\/2"}],"replies":[{"embeddable":true,"href":"https:\/\/www.acusticauach.cl\/index.php?rest_route=%2Fwp%2Fv2%2Fcomments&post=5373"}],"version-history":[{"count":0,"href":"https:\/\/www.acusticauach.cl\/index.php?rest_route=\/wp\/v2\/pages\/5373\/revisions"}],"up":[{"embeddable":true,"href":"https:\/\/www.acusticauach.cl\/index.php?rest_route=\/wp\/v2\/pages\/5370"}],"wp:featuredmedia":[{"embeddable":true,"href":"https:\/\/www.acusticauach.cl\/index.php?rest_route=\/wp\/v2\/media\/12062"}],"wp:attachment":[{"href":"https:\/\/www.acusticauach.cl\/index.php?rest_route=%2Fwp%2Fv2%2Fmedia&parent=5373"}],"curies":[{"name":"wp","href":"https:\/\/api.w.org\/{rel}","templated":true}]}}

<h5><strong>El evento realizado en noviembre, reunió a distintas generaciones de egresados y titulados de Acústica y Sonido de la Universidad Austral de Chile</strong></h5>
<p>Risas, anécdotas y reencuentros fueron la tónica de la reunión de egresados y titulados de laEscuela de Acústica la cual actualmente imparte la carrera de Ingeniería Civil Acústica.</p>
<p>El encuentro Sonoacústico realizado en las dependencias de la UACh es el segundo que se realiza, el primero se tuvo lugar en el año 2011. En esta oportunidad el evento se llevó a cabo en el contexto de IX Congreso Iberoamericano de Acústica-FIA 2014 y las diferentes actividades realizadas por los estudiantes de Ingeniería Civil Acústica y el Instituto de Acústica como el Yakeelandia, Ingeacus y Simposio AES Chile, entre otras.</p>
<p>Durante la jornada se reunieron más de cuarenta y cinco profesionales formados en la UACh, muchos de los cuales vinieron de otras regiones del país para ser parte del encuentro. Se contó con el apoyo de la Unidad de Vinculación con Egresados (UVE), dependiente de la Dirección de Vinculación con el Medio, quienes realizaron un obsequió de insignias de la UACh a los asistentes</p>
<p>Sofía Leman, quien llegó recientemente a Chile desde Portugal donde estuvo realizado un Doctorado en Ingeniería en Materiales destacó la calidad de la formación de pregrado recibida durante sus años de estudios y agregó que “es fantástico poder encontrarse con profesores, compañeros y colegas”.</p>
<blockquote><p>Es una actividad muy bonita, muy entretenida y nostálgica” agregó, Mariette Almarza, quien viajó desde Santiago para las distintas actividades. La ingeniera también pudo disfrutar de las diferentes actividades ligadas a la acústica durante esos días. “Fuimos al Yankeelandia, estuvo muy entretenido”, dijo.</p></blockquote>
<h5><strong>Reconocimiento al Dr. Sommerhoff</strong></h5>
<p><a href="https://www.acusticauach.cl/wp-content/uploads/2015/01/2014_11_30_Sonoacusticos_II_08.jpg"><img decoding="async" class="size-full wp-image-5339 alignnone" src="https://www.acusticauach.cl/wp-content/uploads/2015/01/2014_11_30_Sonoacusticos_II_08.jpg" alt="2014_11_30_Sonoacusticos_II_08" width="1000" height="562" srcset="https://www.acusticauach.cl/wp-content/uploads/2015/01/2014_11_30_Sonoacusticos_II_08.jpg 1000w, https://www.acusticauach.cl/wp-content/uploads/2015/01/2014_11_30_Sonoacusticos_II_08-300x168.jpg 300w, https://www.acusticauach.cl/wp-content/uploads/2015/01/2014_11_30_Sonoacusticos_II_08-700x393.jpg 700w, https://www.acusticauach.cl/wp-content/uploads/2015/01/2014_11_30_Sonoacusticos_II_08-500x281.jpg 500w" sizes="(max-width: 1000px) 100vw, 1000px" /></a></p>
<p>En la oportunidad se le hizo un reconocimiento al profesor Dr. Jorge Sommerhoff por su compromiso permanente con la enseñanza y formación de profesionales, para lo cual se le obsequió un reloj en manera con una placa con la inscripción:</p>
<blockquote><p>Por hacernos parte de su sueño, formándonos como acústicos, dedicación y entrega”.</p></blockquote>
<h5><strong>Álbum de Fotos en<a href="https://www.facebook.com/acusticauach" target="_blank" rel="noopener noreferrer"> </a>Flickr <a href="https://flic.kr/s/aHsm9Xz8cu" target="_blank" rel="noopener noreferrer">https://flic.kr/s/aHsm9Xz8cu</a></strong></h5>
<p><a title="Encuentro Sonoacústico 2014" href="https://www.flickr.com/photos/acusticauach/albums/72157689849174574" data-flickr-embed="true" data-header="true" data-footer="true"><img decoding="async" src="https://live.staticflickr.com/4520/23907575547_0dd0292bfa_c.jpg" alt="Encuentro Sonoacústico 2014" width="800" height="450" /></a><script async="" src="//embedr.flickr.com/assets/client-code.js" charset="utf-8"></script></p>
<p><a href="https://www.acusticauach.cl/?page_id=5370">Encuentro Sonoacústico</a></p>
<ul>
<li><a href="https://www.acusticauach.cl/?page_id=4880">Primer Encuentro Sonoacústico 2011</a></li>
<li><a title="Encuentro Sonoacustico 2014" href="https://www.acusticauach.cl/?page_id=5373">Segundo Encuentro Sonoacústico 2014</a></li>
<li><a href="https://www.acusticauach.cl/?page_id=12007">Tercer Encuentro Sonoacústico 2017</a></li>
</ul>

<p>El evento realizado en noviembre, reunió a distintas generaciones de egresados y titulados de Acústica y Sonido de la Universidad Austral de Chile Risas, anécdotas y reencuentros fueron la tónica de la reunión de egresados y titulados de laEscuela de Acústica la cual actualmente imparte la carrera de Ingeniería Civil Acústica. El encuentro Sonoacústico realizado [&hellip;]</p>
