{"id":5370,"date":"2015-01-16T14:25:28","date_gmt":"2015-01-16T17:25:28","guid":{"rendered":"http:\/\/www.acusticauach.cl\/?page_id=5370"},"modified":"2023-10-30T07:55:04","modified_gmt":"2023-10-30T10:55:04","slug":"encuentro-sonoacusticos","status":"publish","type":"page","link":"https:\/\/www.acusticauach.cl\/?page_id=5370","title":{"rendered":"Encuentro Sonoac\u00fastico"},"content":{"rendered":"<p>Con el fin de fomentar y fortalecer el contacto entre los exalumn@s de nuestras carreras de Ingenier\u00eda de Ejecuci\u00f3n en Sonido, Ingenier\u00eda Ac\u00fastica e Ingenier\u00eda Civil Ac\u00fastica, se han organizado encuentros que hemos llamado Encuentro SonoAc\u00fastico, o Encuentro de Exalumnos de Sonido y Ac\u00fastica de la UACh.<\/p>\n<p>A la fecha se han llevado a cabo tres encuentros:<\/p>\n<ul>\n<li><a title=\"Encuentro Sonoacustico 2011\" href=\"https:\/\/www.acusticauach.cl\/?page_id=4880\">Primer Encuentro Soniac\u00fastico 2011<\/a><\/li>\n<li><a title=\"Encuentro Sonoacustico 2014\" href=\"https:\/\/www.acusticauach.cl\/?page_id=5373\">Segundo Encuentro Sonoac\u00fastico 2014<\/a><\/li>\n<li><a href=\"https:\/\/www.acusticauach.cl\/?page_id=12007\">Tercer Encuentro Sonoac\u00fastico 2017<\/a><\/li>\n<\/ul>\n<p><iframe title=\"CEREMONIA DEL ENCUENTRO SONOACUSTICO 2017: 50 A\u00d1OS DE ACUSTICAUACH\" width=\"1200\" height=\"675\" src=\"https:\/\/www.youtube.com\/embed\/C1P2kUsFOPA?feature=oembed\" frameborder=\"0\" allow=\"accelerometer; autoplay; clipboard-write; encrypted-media; gyroscope; picture-in-picture; web-share\" allowfullscreen><\/iframe><\/p>\n<p style=\"text-align: center;\"><strong>VIDEO: CEREMONIA DEL ENCUENTRO SONOACUSTICO 2017: 50 A\u00d1OS DE ACUSTICAUACH (<a href=\"https:\/\/youtu.be\/C1P2kUsFOPA?si=Tb1gp_es11if8Oe_\" target=\"_blank\" rel=\"noopener\">https:\/\/youtu.be\/C1P2kUsFOPA?si=Tb1gp_es11if8Oe_<\/a>)<\/strong><\/p>\n<p>La intenci\u00f3n es reconocer una historia y un pasado en com\u00fan, por las experiencias de estudios universitarios. Estos Encuentros se generan porque quienes estudiaron en la UACh parten de un origen colectivo que ha impuesto un sello y una forma de ver el mundo. Es un acto de reconocimiento y reencuentro que tiene que ver con la identidad, con ser parte de un grupo especial, y porque fue justamente nuestra forma especial de ver el mundo, lo que marc\u00f3 la elecci\u00f3n de estudiar el sonido, la m\u00fasica, la f\u00edsica y las matem\u00e1ticas para integrarlas en una profesi\u00f3n. (<a href=\"https:\/\/www.acusticauach.cl\/wp-content\/uploads\/2015\/01\/DISCUROS-BIENVENIDA-PRIMER-ENCUENTRO-SONOACUSTICO-2011.pdf\" target=\"_blank\" rel=\"noopener noreferrer\">Del discurso de bienvenida del Primer Encuentro Sonoac\u00fastico 2011<\/a>).<\/p>\n<p>&nbsp;<\/p>\n<p><img decoding=\"async\" class=\"alignleft size-full wp-image-5390\" src=\"https:\/\/www.acusticauach.cl\/wp-content\/uploads\/2015\/01\/2011_01_22_ENCUENTRO_SONOACUSTICO006.jpg\" alt=\"2011_01_22_ENCUENTRO_SONOACUSTICO006\" width=\"1000\" height=\"563\" srcset=\"https:\/\/www.acusticauach.cl\/wp-content\/uploads\/2015\/01\/2011_01_22_ENCUENTRO_SONOACUSTICO006.jpg 1000w, https:\/\/www.acusticauach.cl\/wp-content\/uploads\/2015\/01\/2011_01_22_ENCUENTRO_SONOACUSTICO006-300x168.jpg 300w, https:\/\/www.acusticauach.cl\/wp-content\/uploads\/2015\/01\/2011_01_22_ENCUENTRO_SONOACUSTICO006-700x394.jpg 700w, https:\/\/www.acusticauach.cl\/wp-content\/uploads\/2015\/01\/2011_01_22_ENCUENTRO_SONOACUSTICO006-500x281.jpg 500w\" sizes=\"(max-width: 1000px) 100vw, 1000px\" \/><\/p>\n<p>&nbsp;<\/p>\n<p>&nbsp;<\/p>\n<p>&nbsp;<\/p>\n","protected":false},"excerpt":{"rendered":"<p>Con el fin de fomentar y fortalecer el contacto entre los exalumn@s de nuestras carreras de Ingenier\u00eda de Ejecuci\u00f3n en Sonido, Ingenier\u00eda Ac\u00fastica e Ingenier\u00eda Civil Ac\u00fastica, se han organizado encuentros que hemos llamado Encuentro SonoAc\u00fastico, o Encuentro de Exalumnos de Sonido y Ac\u00fastica de la UACh. A la fecha se han llevado a cabo [&hellip;]<\/p>\n","protected":false},"author":2,"featured_media":2400,"parent":8,"menu_order":0,"comment_status":"closed","ping_status":"closed","template":"","meta":{"footnotes":""},"class_list":["post-5370","page","type-page","status-publish","has-post-thumbnail","hentry"],"_links":{"self":[{"href":"https:\/\/www.acusticauach.cl\/index.php?rest_route=\/wp\/v2\/pages\/5370","targetHints":{"allow":["GET"]}}],"collection":[{"href":"https:\/\/www.acusticauach.cl\/index.php?rest_route=\/wp\/v2\/pages"}],"about":[{"href":"https:\/\/www.acusticauach.cl\/index.php?rest_route=\/wp\/v2\/types\/page"}],"author":[{"embeddable":true,"href":"https:\/\/www.acusticauach.cl\/index.php?rest_route=\/wp\/v2\/users\/2"}],"replies":[{"embeddable":true,"href":"https:\/\/www.acusticauach.cl\/index.php?rest_route=%2Fwp%2Fv2%2Fcomments&post=5370"}],"version-history":[{"count":0,"href":"https:\/\/www.acusticauach.cl\/index.php?rest_route=\/wp\/v2\/pages\/5370\/revisions"}],"up":[{"embeddable":true,"href":"https:\/\/www.acusticauach.cl\/index.php?rest_route=\/wp\/v2\/pages\/8"}],"wp:featuredmedia":[{"embeddable":true,"href":"https:\/\/www.acusticauach.cl\/index.php?rest_route=\/wp\/v2\/media\/2400"}],"wp:attachment":[{"href":"https:\/\/www.acusticauach.cl\/index.php?rest_route=%2Fwp%2Fv2%2Fmedia&parent=5370"}],"curies":[{"name":"wp","href":"https:\/\/api.w.org\/{rel}","templated":true}]}}

Encuentro Sonoacústico

<p>Con el fin de fomentar y fortalecer el contacto entre los exalumn@s de nuestras carreras de Ingeniería de Ejecución en Sonido, Ingeniería Acústica e Ingeniería Civil Acústica, se han organizado encuentros que hemos llamado Encuentro SonoAcústico, o Encuentro de Exalumnos de Sonido y Acústica de la UACh.</p>
<p>A la fecha se han llevado a cabo tres encuentros:</p>
<ul>
<li><a title="Encuentro Sonoacustico 2011" href="https://www.acusticauach.cl/?page_id=4880">Primer Encuentro Soniacústico 2011</a></li>
<li><a title="Encuentro Sonoacustico 2014" href="https://www.acusticauach.cl/?page_id=5373">Segundo Encuentro Sonoacústico 2014</a></li>
<li><a href="https://www.acusticauach.cl/?page_id=12007">Tercer Encuentro Sonoacústico 2017</a></li>
</ul>
<p><iframe title="CEREMONIA DEL ENCUENTRO SONOACUSTICO 2017: 50 AÑOS DE ACUSTICAUACH" width="1200" height="675" src="https://www.youtube.com/embed/C1P2kUsFOPA?feature=oembed" frameborder="0" allow="accelerometer; autoplay; clipboard-write; encrypted-media; gyroscope; picture-in-picture; web-share" allowfullscreen></iframe></p>
<p style="text-align: center;"><strong>VIDEO: CEREMONIA DEL ENCUENTRO SONOACUSTICO 2017: 50 AÑOS DE ACUSTICAUACH (<a href="https://youtu.be/C1P2kUsFOPA?si=Tb1gp_es11if8Oe_" target="_blank" rel="noopener">https://youtu.be/C1P2kUsFOPA?si=Tb1gp_es11if8Oe_</a>)</strong></p>
<p>La intención es reconocer una historia y un pasado en común, por las experiencias de estudios universitarios. Estos Encuentros se generan porque quienes estudiaron en la UACh parten de un origen colectivo que ha impuesto un sello y una forma de ver el mundo. Es un acto de reconocimiento y reencuentro que tiene que ver con la identidad, con ser parte de un grupo especial, y porque fue justamente nuestra forma especial de ver el mundo, lo que marcó la elección de estudiar el sonido, la música, la física y las matemáticas para integrarlas en una profesión. (<a href="https://www.acusticauach.cl/wp-content/uploads/2015/01/DISCUROS-BIENVENIDA-PRIMER-ENCUENTRO-SONOACUSTICO-2011.pdf" target="_blank" rel="noopener noreferrer">Del discurso de bienvenida del Primer Encuentro Sonoacústico 2011</a>).</p>
<p>&nbsp;</p>
<p><img decoding="async" class="alignleft size-full wp-image-5390" src="https://www.acusticauach.cl/wp-content/uploads/2015/01/2011_01_22_ENCUENTRO_SONOACUSTICO006.jpg" alt="2011_01_22_ENCUENTRO_SONOACUSTICO006" width="1000" height="563" srcset="https://www.acusticauach.cl/wp-content/uploads/2015/01/2011_01_22_ENCUENTRO_SONOACUSTICO006.jpg 1000w, https://www.acusticauach.cl/wp-content/uploads/2015/01/2011_01_22_ENCUENTRO_SONOACUSTICO006-300x168.jpg 300w, https://www.acusticauach.cl/wp-content/uploads/2015/01/2011_01_22_ENCUENTRO_SONOACUSTICO006-700x394.jpg 700w, https://www.acusticauach.cl/wp-content/uploads/2015/01/2011_01_22_ENCUENTRO_SONOACUSTICO006-500x281.jpg 500w" sizes="(max-width: 1000px) 100vw, 1000px" /></p>
<p>&nbsp;</p>
<p>&nbsp;</p>
<p>&nbsp;</p>

<p>Con el fin de fomentar y fortalecer el contacto entre los exalumn@s de nuestras carreras de Ingeniería de Ejecución en Sonido, Ingeniería Acústica e Ingeniería Civil Acústica, se han organizado encuentros que hemos llamado Encuentro SonoAcústico, o Encuentro de Exalumnos de Sonido y Acústica de la UACh. A la fecha se han llevado a cabo [&hellip;]</p>
