{"id":4599,"date":"2014-09-26T13:56:52","date_gmt":"2014-09-26T16:56:52","guid":{"rendered":"http:\/\/www.acusticauach.cl\/?page_id=4599"},"modified":"2019-10-21T23:13:34","modified_gmt":"2019-10-22T02:13:34","slug":"ingeacus-1995","status":"publish","type":"page","link":"https:\/\/www.acusticauach.cl\/?page_id=4599","title":{"rendered":"INGEACUS 1995"},"content":{"rendered":"<h2><a href=\"https:\/\/www.acusticauach.cl\/wp-content\/uploads\/2014\/09\/AFICHE_INGEACUS1995.jpg\"><img decoding=\"async\" class=\"aligncenter wp-image-4591 size-full\" src=\"https:\/\/www.acusticauach.cl\/wp-content\/uploads\/2014\/09\/AFICHE_INGEACUS1995.jpg\" alt=\"AFICHE_INGEACUS1995\" width=\"640\" height=\"822\" srcset=\"https:\/\/www.acusticauach.cl\/wp-content\/uploads\/2014\/09\/AFICHE_INGEACUS1995.jpg 640w, https:\/\/www.acusticauach.cl\/wp-content\/uploads\/2014\/09\/AFICHE_INGEACUS1995-233x300.jpg 233w, https:\/\/www.acusticauach.cl\/wp-content\/uploads\/2014\/09\/AFICHE_INGEACUS1995-500x642.jpg 500w\" sizes=\"(max-width: 640px) 100vw, 640px\" \/><\/a><\/h2>\n<h5>INGEACUS 1995 &#8211; 4as Jornadas de Estudiantes de Ingenier\u00eda Ac\u00fastica &#8211; 2o Encuentro Internacional de Ac\u00fastica en Chile<\/h5>\n<p>Se llev\u00f3 a cabo del 20 al 22 de Octubre de 1995 en la Universidad Austral de Chile, en Valdivia.<\/p>\n<p>Se realizaron siete conferencias invitadas: <strong>Prof. Leo L. Beranek<\/strong>, <strong>Prof. Antonio Calvo Manzano<\/strong> (Sociedad Espa\u00f1ola de Ac\u00fastica),<strong> Prof. Eugenio Collados<\/strong> (Universidad de Santiago, Chile), <strong>Prof. Malcolm J. Crocker<\/strong> (Auburn University, Estados Unidos), <strong>Prof. Samir Gerges<\/strong> (Universidad Federal de Santa Catarina, Brasil), <strong>Prof. Michael M\u00f6ser<\/strong> (Technische Universit\u00e4t Berl\u00edn, Alemania), <strong>Prof. Jiri Tichy<\/strong> (Pennsylvania State University, Estados Unidos)<\/p>\n<p>Adem\u00e1s, se incluyeron 27 sesiones t\u00e9cnicas y otras actividades.\u00a0<strong><a href=\"http:\/\/issuu.com\/acusticauach\/docs\/ingeacus1995\/1\" target=\"_blank\" rel=\"noopener noreferrer\">Memorias\u00a0INGEACUS 1995 en ISSUU<\/a><\/strong><\/p>\n<h5>Comisi\u00f3n Organizadora<\/h5>\n<p>Mart\u00edn Gutierrez (Presidente)<br \/>\nJuan Pablo Gil<br \/>\nPablo Hern\u00e1ndez<br \/>\nC\u00e9sar Jara<br \/>\nAriel Medina<br \/>\nChristian Mesa<br \/>\nAna Mar\u00eda Monsalve<br \/>\nGabriel Ruiz<br \/>\nCarlos Troncoso<br \/>\nClaudia Ugalde<\/p>\n<h5>Comit\u00e9 de Administraci\u00f3n<\/h5>\n<p>Antonieta Alvarez<br \/>\nCristian Bustos<br \/>\nMauricio Canales<br \/>\nFernando Fuentealba<br \/>\nJorge Guzm\u00e1n<br \/>\nKlaus Horning<br \/>\nEmilio Millar<br \/>\nGuillermo Montoya<br \/>\nNelson Olate<br \/>\nB\u00e1rbara Orellana<br \/>\nMarcela Villena<br \/>\nClaudius Rieth<\/p>\n<h5>Colaboradores<\/h5>\n<p>Prof. Jorge Arenas<br \/>\nProf. Jorge C\u00e1rdenas<br \/>\nProf. V\u00edctor Poblete<br \/>\nProf. Jorge Sommerhoff<br \/>\nHilda Negr\u00f3n<br \/>\nV\u00edctor Cumi\u00e1n<\/p>\n<h5>Patrocinadores<\/h5>\n<p>Sociedad Chilena de Ac\u00fastica<br \/>\nSociedade Brasileira de Ac\u00fastica<br \/>\nAsociaci\u00f3n de Ac\u00fasticos Argentinos<br \/>\nSociedad Peruana de Ac\u00fastica<br \/>\nInstituto Mexicano de Ac\u00fastica<br \/>\nUniversidad Austral de Chile<br \/>\nFacultad de Ciencias de la Ingenier\u00eda<br \/>\nInstituto de Ac\u00fastica<br \/>\nEscuela del Sonido<\/p>\n<h5>Memorias<\/h5>\n<div class=\"issuuembed\" style=\"width: 700px; height: 495px;\" data-configid=\"2439625\/9482614\"><\/div>\n<h2><script src=\"\/\/e.issuu.com\/embed.js\" async=\"true\" type=\"text\/javascript\"><\/script><\/h2>\n<h5>\u00c1lbum de Fotograf\u00edas <a href=\"http:\/\/www.facebook.com\/acusticauach\" target=\"_blank\" rel=\"noopener noreferrer\">Facebook.com\/acusticauach<\/a><\/h5>\n<div id=\"fb-root\"><\/div>\n<p><script>\/\/ <![CDATA[ (function(d, s, id) { var js, fjs = d.getElementsByTagName(s)[0]; if (d.getElementById(id)) return; js = d.createElement(s); js.id = id; js.src = \"\/\/connect.facebook.net\/es_LA\/all.js#xfbml=1\"; fjs.parentNode.insertBefore(js, fjs); }(document, 'script', 'facebook-jssdk')); \/\/ ]]><\/script><\/p>\n<div class=\"fb-post\" data-href=\"https:\/\/www.facebook.com\/media\/set\/?set=a.718385128243130.1073741834.194362960645352&amp;type=1\" data-width=\"700\">\n<div class=\"fb-xfbml-parse-ignore\"><a href=\"https:\/\/www.facebook.com\/media\/set\/?set=a.718385128243130.1073741834.194362960645352&amp;type=1\">Publicaci\u00f3n<\/a> de <a href=\"https:\/\/www.facebook.com\/acusticauach\">Acustica UACh<\/a>.<\/div>\n<\/div>\n","protected":false},"excerpt":{"rendered":"<p>INGEACUS 1995 &#8211; 4as Jornadas de Estudiantes de Ingenier\u00eda Ac\u00fastica &#8211; 2o Encuentro Internacional de Ac\u00fastica en Chile Se llev\u00f3 a cabo del 20 al 22 de Octubre de 1995 en la Universidad Austral de Chile, en Valdivia. Se realizaron siete conferencias invitadas: Prof. Leo L. Beranek, Prof. Antonio Calvo Manzano (Sociedad Espa\u00f1ola de Ac\u00fastica), [&hellip;]<\/p>\n","protected":false},"author":2,"featured_media":4573,"parent":4506,"menu_order":0,"comment_status":"closed","ping_status":"closed","template":"","meta":{"footnotes":""},"class_list":["post-4599","page","type-page","status-publish","has-post-thumbnail","hentry"],"_links":{"self":[{"href":"https:\/\/www.acusticauach.cl\/index.php?rest_route=\/wp\/v2\/pages\/4599","targetHints":{"allow":["GET"]}}],"collection":[{"href":"https:\/\/www.acusticauach.cl\/index.php?rest_route=\/wp\/v2\/pages"}],"about":[{"href":"https:\/\/www.acusticauach.cl\/index.php?rest_route=\/wp\/v2\/types\/page"}],"author":[{"embeddable":true,"href":"https:\/\/www.acusticauach.cl\/index.php?rest_route=\/wp\/v2\/users\/2"}],"replies":[{"embeddable":true,"href":"https:\/\/www.acusticauach.cl\/index.php?rest_route=%2Fwp%2Fv2%2Fcomments&post=4599"}],"version-history":[{"count":0,"href":"https:\/\/www.acusticauach.cl\/index.php?rest_route=\/wp\/v2\/pages\/4599\/revisions"}],"up":[{"embeddable":true,"href":"https:\/\/www.acusticauach.cl\/index.php?rest_route=\/wp\/v2\/pages\/4506"}],"wp:featuredmedia":[{"embeddable":true,"href":"https:\/\/www.acusticauach.cl\/index.php?rest_route=\/wp\/v2\/media\/4573"}],"wp:attachment":[{"href":"https:\/\/www.acusticauach.cl\/index.php?rest_route=%2Fwp%2Fv2%2Fmedia&parent=4599"}],"curies":[{"name":"wp","href":"https:\/\/api.w.org\/{rel}","templated":true}]}}

<h2><a href="https://www.acusticauach.cl/wp-content/uploads/2014/09/AFICHE_INGEACUS1995.jpg"><img decoding="async" class="aligncenter wp-image-4591 size-full" src="https://www.acusticauach.cl/wp-content/uploads/2014/09/AFICHE_INGEACUS1995.jpg" alt="AFICHE_INGEACUS1995" width="640" height="822" srcset="https://www.acusticauach.cl/wp-content/uploads/2014/09/AFICHE_INGEACUS1995.jpg 640w, https://www.acusticauach.cl/wp-content/uploads/2014/09/AFICHE_INGEACUS1995-233x300.jpg 233w, https://www.acusticauach.cl/wp-content/uploads/2014/09/AFICHE_INGEACUS1995-500x642.jpg 500w" sizes="(max-width: 640px) 100vw, 640px" /></a></h2>
<h5>INGEACUS 1995 &#8211; 4as Jornadas de Estudiantes de Ingeniería Acústica &#8211; 2o Encuentro Internacional de Acústica en Chile</h5>
<p>Se llevó a cabo del 20 al 22 de Octubre de 1995 en la Universidad Austral de Chile, en Valdivia.</p>
<p>Se realizaron siete conferencias invitadas: <strong>Prof. Leo L. Beranek</strong>, <strong>Prof. Antonio Calvo Manzano</strong> (Sociedad Española de Acústica),<strong> Prof. Eugenio Collados</strong> (Universidad de Santiago, Chile), <strong>Prof. Malcolm J. Crocker</strong> (Auburn University, Estados Unidos), <strong>Prof. Samir Gerges</strong> (Universidad Federal de Santa Catarina, Brasil), <strong>Prof. Michael Möser</strong> (Technische Universität Berlín, Alemania), <strong>Prof. Jiri Tichy</strong> (Pennsylvania State University, Estados Unidos)</p>
<p>Además, se incluyeron 27 sesiones técnicas y otras actividades. <strong><a href="http://issuu.com/acusticauach/docs/ingeacus1995/1" target="_blank" rel="noopener noreferrer">Memorias INGEACUS 1995 en ISSUU</a></strong></p>
<h5>Comisión Organizadora</h5>
<p>Martín Gutierrez (Presidente)<br />
Juan Pablo Gil<br />
Pablo Hernández<br />
César Jara<br />
Ariel Medina<br />
Christian Mesa<br />
Ana María Monsalve<br />
Gabriel Ruiz<br />
Carlos Troncoso<br />
Claudia Ugalde</p>
<h5>Comité de Administración</h5>
<p>Antonieta Alvarez<br />
Cristian Bustos<br />
Mauricio Canales<br />
Fernando Fuentealba<br />
Jorge Guzmán<br />
Klaus Horning<br />
Emilio Millar<br />
Guillermo Montoya<br />
Nelson Olate<br />
Bárbara Orellana<br />
Marcela Villena<br />
Claudius Rieth</p>
<h5>Colaboradores</h5>
<p>Prof. Jorge Arenas<br />
Prof. Jorge Cárdenas<br />
Prof. Víctor Poblete<br />
Prof. Jorge Sommerhoff<br />
Hilda Negrón<br />
Víctor Cumián</p>
<h5>Patrocinadores</h5>
<p>Sociedad Chilena de Acústica<br />
Sociedade Brasileira de Acústica<br />
Asociación de Acústicos Argentinos<br />
Sociedad Peruana de Acústica<br />
Instituto Mexicano de Acústica<br />
Universidad Austral de Chile<br />
Facultad de Ciencias de la Ingeniería<br />
Instituto de Acústica<br />
Escuela del Sonido</p>
<h5>Memorias</h5>
<div class="issuuembed" style="width: 700px; height: 495px;" data-configid="2439625/9482614"></div>
<h2><script src="//e.issuu.com/embed.js" async="true" type="text/javascript"></script></h2>
<h5>Álbum de Fotografías <a href="http://www.facebook.com/acusticauach" target="_blank" rel="noopener noreferrer">Facebook.com/acusticauach</a></h5>
<div id="fb-root"></div>
<p><script>// <![CDATA[ (function(d, s, id) { var js, fjs = d.getElementsByTagName(s)[0]; if (d.getElementById(id)) return; js = d.createElement(s); js.id = id; js.src = "//connect.facebook.net/es_LA/all.js#xfbml=1"; fjs.parentNode.insertBefore(js, fjs); }(document, 'script', 'facebook-jssdk')); // ]]></script></p>
<div class="fb-post" data-href="https://www.facebook.com/media/set/?set=a.718385128243130.1073741834.194362960645352&amp;type=1" data-width="700">
<div class="fb-xfbml-parse-ignore"><a href="https://www.facebook.com/media/set/?set=a.718385128243130.1073741834.194362960645352&amp;type=1">Publicación</a> de <a href="https://www.facebook.com/acusticauach">Acustica UACh</a>.</div>
</div>

<p>INGEACUS 1995 &#8211; 4as Jornadas de Estudiantes de Ingeniería Acústica &#8211; 2o Encuentro Internacional de Acústica en Chile Se llevó a cabo del 20 al 22 de Octubre de 1995 en la Universidad Austral de Chile, en Valdivia. Se realizaron siete conferencias invitadas: Prof. Leo L. Beranek, Prof. Antonio Calvo Manzano (Sociedad Española de Acústica), [&hellip;]</p>
