{"id":421,"date":"2012-09-13T19:08:56","date_gmt":"2012-09-13T22:08:56","guid":{"rendered":"http:\/\/190.114.255.83\/~acustic1\/?page_id=421"},"modified":"2026-04-05T12:02:09","modified_gmt":"2026-04-05T16:02:09","slug":"publicaciones-no-isi","status":"publish","type":"page","link":"https:\/\/www.acusticauach.cl\/?page_id=421","title":{"rendered":"Publicaciones no WoS"},"content":{"rendered":"<h5><strong>Publicaciones no indexadas en WoS, con Comit\u00e9 Editorial<\/strong><\/h5>\n<ol>\n<li>Vida, J.; Rodr\u00edguez, F.E.; <strong>Su\u00e1rez, E.<\/strong>; Est\u00e9vez, L.: \u00abM\u00e1s all\u00e1 de los Decibeles: Evaluaci\u00f3n de la Calidad Ac\u00fastica en el Centro Hist\u00f3rico de Morelia Seg\u00fan la Norma ISO 12913\u00bb, Revista PRAGMA, Benem\u00e9rita Universidad Aut\u00f3noma de Puebla, M\u00e9xico. A\u00f1o 04, N\u00famero 08 abril-septiembre 2026 (Latindex) <a href=\"https:\/\/pragma.buap.mx\/index.php\/revistafabuap\/article\/view\/92\/259\" target=\"_blank\" rel=\"noopener\">https:\/\/pragma.buap.mx\/index.php\/revistafabuap\/article\/view\/92\/259<\/a>.<\/li>\n<li>\n<div data-ogsc=\"\"><b data-ogsc=\"\">R. Venegas, G. N\u00fa\u00f1ez, F. Orellana, C. Caama\u00f1o<\/b>, N. Castro, J. Rebolledo, N. Szczepanczyk, B. Liu, J. Yang,\u00a0<span data-ogsc=\"\">\u00abLabyrinthine metamaterials and sorptive porous media applied to vented-box loudspeakers&#8217; design\u00bb,\u00a0<\/span><span data-ogsc=\"\">Forum Acusticum 2023 , Torino, 11-15 September, Italy. <a href=\"https:\/\/appfa2023.silsystem.solutions\/atti\/000280.pdf\" target=\"_blank\" rel=\"noopener\">https:\/\/appfa2023.silsystem.solutions\/atti\/000280.pdf<\/a><\/span><\/div>\n<\/li>\n<li>\n<div data-ogsc=\"\"><b data-ogsc=\"\">R. Venegas, G. N\u00fa\u00f1ez<\/b>, J. Rebolledo,\u00a0<b data-ogsc=\"\">J.P. Arenas, F. Orellana<\/b>, C. Boutin,\u00a0<span data-ogsc=\"\">\u00abSound absorption of multiscale sorptive metamaterials\u00bb, Forum Acusticum 2023, Torino, 11-15 September, Italy <a href=\"https:\/\/appfa2023.silsystem.solutions\/atti\/000346.pdf\" target=\"_blank\" rel=\"noopener\">h<\/a><\/span>ttps:\/\/appfa2023.silsystem.solutions\/atti\/000346.pdf<\/div>\n<\/li>\n<li><strong>Rhoddy Viveros-Mu\u00f1oz, <\/strong>Pablo Huijse<strong>, Victor Vargas, Diego Espejo, Victor Poblete, Jorge P. Arenas, <\/strong>Matthieu Vernier,<strong> Diego Vergara, Enrique Su\u00e1rez<\/strong>. Dataset for polyphonic sound event detection tasks in urban soundscapes: The synthetic polyphonic ambient sound source (SPASS) dataset.Data in Brief, Volume 50,2023, 109552, ISSN 2352-3409, (SCOPUS) <a href=\"https:\/\/doi.org\/10.1016\/j.dib.2023.109552\" target=\"_blank\" rel=\"noopener\">https:\/\/doi.org\/10.1016\/j.dib.2023.109552<\/a><\/li>\n<li><strong>J.P. Arenas, E. Su\u00e1rez,<\/strong> P. Huijse, <strong>V. Poblete,<\/strong> M. Vernier, R. <strong>Viveros-Mu\u00f1oz, D. Espejo<\/strong>, V. Vargas, <strong>D. Vergara.<\/strong> FuSA: Application of a machine learning system for noise mitigation action plans in urban environments. Conference Paper. Forum Acusticum 2023, 8th to the 10th of September; Torino, Italy. (SCOPUS) <a href=\"https:\/\/www.doi.org\/10.61782\/fa.2023.1274\" target=\"_blank\" rel=\"noopener\">https:\/\/www.doi.org\/10.61782\/fa.2023.1274<\/a><a href=\"https:\/\/appfa2023.silsystem.solutions\/atti\/001274.pdf\" target=\"_blank\" rel=\"noopener\"> https:\/\/appfa2023.silsystem.solutions\/atti\/001274.pdf\u00a0<\/a><\/li>\n<li>Francesco Aletta, Thu Lan Nguyen, Hui Xie, S\u00f3nia Antunes, Sara Khelil, Bhan Lam, Julia Chieng, Mats Nilsson, Giuseppina Puglisi, Jian Kang, Farid Jafari , Andrew Mitchell, Anugrah Sudarsono, Koji Nagahata, Hyun In Jo, Jin Yong Jeon, Tin Oberman, Sugeng Sarwono, Pablo Kogan, Arianna Astolfi, Pierre Aumond, Jer\u00f3nimo Vida Manzano, Nikolaos Papadakis, Georgios Stavroulakis, Woon-Seng Gan, Karn Watcharasupat, Sureenate Jaratjarungkiat, Zhen-Ting Ong, Kenneth Ooi, Rafael Garc\u00eda Quesada, Kirsten van den Bosch, Sonia Alves, <strong>Enrique Su\u00e1rez,<\/strong> Joo Young Hong, Maria Luiza Carvalho, Kristian Jambro\u0161i\u0107, Tallal Abdel Karim Bouzir , Tamara L\u00fchr, Nicolas Orlik, Darragh Fitzpatrick, Anastasios Sarampalis, Papatya Dokmeci Yorukoglu, Ugur Beyza Ercakmak Osma, Louena Shtrepi, \u00d6sten Axelsson, Yuan Zhang, Ruining Zhang, Yang Xinhao, Min Li, Jos\u00e9 Almagro Pastor, Cleopatra Moshona, Ranny Michalski, Steffen Lepa, Djihed Berkouk, Andr\u00e9 Fiebig, Catherine Lavandier, Tamara Zaninovi\u0107. Preliminary results of the Soundscape Attributes Translation Project (SATP): lessons learned and next steps. Conference Paper. Forum Acusticum 2023, 8th to the 10th of September; Torino, Italy. (SCOPUS) <a href=\"https:\/\/www.doi.org\/10.61782\/fa.2023.0095\" target=\"_blank\" rel=\"noopener\">https:\/\/www.doi.org\/10.61782\/fa.2023.0095<\/a> <a href=\"https:\/\/www.researchgate.net\/publication\/373946697\" target=\"_blank\" rel=\"noopener\">https:\/\/www.researchgate.net\/publication\/373946697\u00a0<\/a><\/li>\n<li>Morales, J., Saldivia, C., Carrasco, M., <strong>Poblete, V<\/strong>. Geochemical data clustering using UMAP: A comparative study on the Rapel river fluvial system. IEEE Chilean Conference on Electrical, Electronics Engineering, Information and Communication Technologies (CHILECON). 2023. Valdivia, Chile, pp. 1-4. <a href=\"https:\/\/doi.org\/10.1109\/CHILECON60335.2023.10418654\" target=\"_blank\" rel=\"noopener\">https:\/\/doi.org\/10.1109\/CHILECON60335.2023.10418654<\/a>.<\/li>\n<li><strong>Otondo, F<\/strong>. y Osorio, E. Espacios aurales en arquitectura: Una aproximaci\u00f3n a las percepciones sensoriales en un evento espec\u00edfico del lugar. AUS [Arquitectura \/ Urbanismo \/ Sustentabilidad] 30, 4-9. 2021. DOI:10.4206\/aus.2021.n30-02. (SCOPUS). <a href=\"http:\/\/revistas.uach.cl\/index.php\/aus\/article\/view\/6846\" target=\"_blank\" rel=\"noopener noreferrer\">http:\/\/revistas.uach.cl\/index.php\/aus\/article\/view\/6846<\/a><\/li>\n<li>Aletta, Francesco; Oberman, Tin; Axelsson, \u00d6sten; Xie, Hui; Zhang, Yuan; Lau, Siu-Kit; Tang, Shiu-Keung; Jambro\u0161i\u0107, Kristian; De Coensel, Bert; van den Bosch, Kirsten; Aumond, Pierre; Guastavino, Catherine; Lavandier, Catherine; Fiebig, Andr\u00e9; Schulte-Fortkamp, Brigitte; Sarwono, Joko; Sudarsono, Anugrah; Astolfi, Arianna; Nagahata, Koji; Jeon, Jin-Yong; Jo, Hyun-In; Chieng, Julia; Gan, Woon-Seng; Hong, Joo-Young; Lam, Bhan; Ong, Zhen-Ting; Kogan, Pablo; <strong>Silva, Enrique Su\u00e1rez<\/strong>; Manzano, Jer\u00f3nimo Vida; Y\u00f6r\u00fcko\u011flu, Papatya Nur D\u00f6kmeci; Nguyen, Thu Lan; Kang, Jian; Soundscape assessment: towards a validated translation of perceptual attributes in different languages. INTER-NOISE and NOISE-CON Congress and Conference Proceedings, InterNoise20, Seoul, Korea, pages 2990-3981 [<a href=\"https:\/\/www.ingentaconnect.com\/content\/ince\/incecp\/2020\/00000261\/00000003\/art00018\" target=\"_blank\" rel=\"noopener\">https:\/\/www.ingentaconnect.com\/content\/ince\/incecp\/2020\/00000261\/00000003\/art00018<\/a>]<\/li>\n<li><strong>J.P. Arenas<\/strong>, V. Marin.\u00a0Noise reduction using a bi-membrane sound absorber unit. Proceedings SOUND AND VIBRATION. INTERNATIONAL CONGRESS. 25TH 2018. (ICSV 25).\u00a0( SCOPUS)<\/li>\n<li><strong>E. Su\u00e1rez, J.P. Arenas<\/strong>, G. Rey.\u00a0Educational app for traffic noise mapping. Proceedings. INTERNOISE2018. 2018 .\u00a0( SCOPUS)<\/li>\n<li><b>Arenas, J.P.<\/b>, Casta\u00f1o, J.L., Auad, M.L. Dynamical mechanical characterization of a nanostructured vibration damping layer, Journal of Physics: Conference Series, 1075(1), 012027 (2018). DOI: 10.1088\/1742-6596\/1075\/1\/012027 [<a href=\"http:\/\/doi.org\/10.1088\/1742-6596\/1075\/1\/012027\" target=\"_blank\" rel=\"noopener noreferrer\">http:\/\/doi.org\/10.1088\/1742-6596\/1075\/1\/012027<\/a>]<\/li>\n<li><strong>J.P. Arenas<\/strong>, J.L. Casta\u00f1o, M.L. Auad.\u00a0Dynamical mechanical characterization of a nanostructured vibration damping layer.\u00a0Journal of Physics: Conf. Ser. 2018.\u00a0( SCOPUS).<\/li>\n<li><strong>Otondo F<\/strong>. Exploring sonic landscapes through the use of spatial and temporal sampling techniques. Proceedings of the 2017 International Computer Music Conference. Shanghai, China. 488-491. 2017.( SCOPUS).<\/li>\n<li><strong>J.P. Arenas, E. Suarez, J. C\u00e1rdenas<\/strong>.\u00a0Estimating the contribution of public transport buses to the total traffic noise in Santiago de Chile. Proceedings. SOUND AND VIBRATION. INTERNATIONAL CONGRESS. 24TH 2017. (ICSV 24).\u00a0( SCOPUS)<\/li>\n<li>Novoa J, Escudero JP, Wuth J, <strong>Poblete V<\/strong>, King S, Stern RM, Yoma NB. Exploring the robustness of features and enhancement on speech recognition systems in highly-reverberant real environments. arXiv:1803.09013v1 [eess.AS]. 2018.<\/li>\n<li>Escudero JP, <strong>Poblete V<\/strong>, Novoa J, Wuth J, Fredes J, Mahu R, Stern RM, Yoma NB. Highly-Reverberant Real Environment database: HRRE. arXiv:1801.09651v2 [eess.AS]. 2018.<\/li>\n<li><strong>Poblete V<\/strong>, Escudero JP, Fredes J, Novoa J, Stern RM, King S, Yoma NB. The use of locally normalized cepstral coefficients (LNCC) to improve speaker recognition accuracy in highly reverberant rooms. Proceedings of the Annual Conference of the International Speech Communication Association, INTERSPEECH. San Francisco, USA. 2373-2377. 2016. (SCOPUS).\u00a0<a href=\"https:\/\/www.semanticscholar.org\/paper\/The-Use-of-Locally-Normalized-Cepstral-Coefficients-Poblete-Escudero\/39a8e0390375f254a55e84ef3fc213552ba20146\" target=\"_blank\" rel=\"noopener noreferrer\">Link<\/a><\/li>\n<li>Fredes J, Novoa J, <strong>Poblete V<\/strong>, King S, Stern RM, Yoma NB. Robustness to additive noise of locally-normalized cepstral coefficients in speaker verification. Proceedings of the Annual Conference of the International Speech Communication Association, INTERSPEECH. Dresden, Germany. 3011-3015. 2015. (SCOPUS).<\/li>\n<li><strong>Andr\u00e9s Fern\u00e1ndez, D. <\/strong>(2017), Canto, liturgia, ceremonial y culto en Am\u00e9rica Latina seg\u00fan la Recopilaci\u00f3n de Leyes de los Reynos de Indias, Resonancias: revista de investigaci\u00f3n musical, 21(40), pp. 13-32.<\/li>\n<li><strong>Otondo F.<\/strong> Music technology, composition and employability skills. Journal of Music, Technology and Education 9(3), 229-240 (2016).\u00a0DOI: 10.1386\/jmte.9.3.229_1\u00a0<a href=\"http:\/\/www.intellectbooks.co.uk\/journals\/view-Article,id=23350\/\" target=\"_blank\" rel=\"noopener noreferrer\">http:\/\/www.intellectbooks.co.uk\/journals\/view-Article,id=23350\/<\/a><\/li>\n<li><b>Otondo F. y Torres, R. <\/b>Sound vest for dance performance. Proceedings of the 2016 International Computer Music Conference. Utrecht, The Netherlands. 290-293. 2016. (SCOPUS).<\/li>\n<li><b>Otondo F. y Torres<\/b>, R. Wearable sound device for dance and music. Proceedings of the 2015 International Computer Music Conference. Texas, USA. 310-314. 2015. (SCOPUS)..<\/li>\n<li><strong>Aguilera, A., Barros, J.L., Rolleri, A., C\u00e1rdenas, J., M\u00e9ausoone, P.J., &amp; Aguilar, C. <\/strong>Assessment of Machining Performance for Solid Wood Moulding. Advances on Trials Running with Sharp Cutting Edge. ProLigno 9 (4): 398-407,\u00a02013.\u00a0ISSN 2069-7430<\/li>\n<li><strong>Basti\u00e1n, N.<\/strong> Comparaci\u00f3n entre diferentes m\u00e9todos de modelaci\u00f3n del software EASE, Sonac, 3: 35-41, 2012<\/li>\n<li><strong>Oberreuter, J.<\/strong>, Influencia de la incertidumbre en los datos de entrada en la generaci\u00f3n de mapas de ruido de grandes ciudades, Sonac, 3: 95-106, 2012<\/li>\n<li><strong>Sommerhoff, J.,<\/strong> Dise\u00f1o y evaluaci\u00f3n ac\u00fastica de salas para la ense\u00f1anza, Sonac, 3: 117-125, 2012<\/li>\n<li><strong>Alvarez J., Su\u00e1rez E<\/strong>. Estduio comparativo para modelos predictivos del ruido de tr\u00e1fico rodado, a trav\u00e9s de mediciones in situ de la ciudad de Osorno.\u00a0S\u00edntesis Tecnol\u00f3gica 4(2), 17-24 (2011).<\/li>\n<li><strong>Acu\u00f1a N., Barros J.<\/strong>, An\u00e1lisis vibratorio de placas arm\u00f3nicas en la guitarra ac\u00fastica. S\u00edntesis Tecnol\u00f3gica 4(2), 25-35(2011).<\/li>\n<li><strong>Hidalgo J., Sommerhoff J., Rosas C.<\/strong>, Elaboraci\u00f3n de un corpus de log\u00e1tomos fon\u00e9ticamente balanceados para la evaluaci\u00f3n de la inteligibilidad de la palabra en espa\u00f1ol. S\u00edntesis Tecnol\u00f3gica 4(2), 37-49 (2011).<\/li>\n<li><strong>Rehren C., C\u00e1rdenas J.<\/strong> Motores de audio para video juegos. S\u00edntesis Tecnol\u00f3gica 4(2), 81-99(2011).<\/li>\n<li><strong>Catal\u00e1n, D., Arenas, J.P., and Gerges, S.N.Y.<\/strong>, Determinaci\u00f3n de la atenuaci\u00f3n en dispositivos auditivos tipo orejera aplicados en la protecci\u00f3n, comunicaci\u00f3n y entretenimiento con control activo de ruido, S\u00edntesis Tecnol\u00f3gica 4(2), 51-68 (2011).<\/li>\n<li><strong>de Almeida-Agurto, D., Gerges, S.N.Y., and Arenas, J.P.<\/strong>, An objective methodology for measuring earmuff hearing protector noise attenuation, Proc. Society of Automotive Engineering, paper SAE 2010-36-0502 (2010).<\/li>\n<li><strong>Su\u00e1rez E.<\/strong> Contaminaci\u00f3n Ac\u00fastica: un Problema de Planificaci\u00f3n Territorial. Revista TMAS (IST), Noviembre (2009).<\/li>\n<li><strong>Su\u00e1rez E.<\/strong>\u00a0Ruido y Ordenamiento Territorial, Revista ECOAMERICA, Chile. Junio (2009).<\/li>\n<li><strong>J.P. Arenas<\/strong> Assessig the significance of acoustical journal through current queatitative Tools, International Journal of Acoustics and Vibration, 13(3), 94-95(2008)<\/li>\n<li><strong>J.P. Arenas , J.L. Aguayo, S.N.Y. Gerges, V. Poblete<\/strong> . \u00abCaracterizaci\u00f3n de la Impedancia Ac\u00fastica de Entrada en C\u00e1maras de Expansi\u00f3n Reactivas\u00bb. Informaci\u00f3n Tecnol\u00f3gica, Vol.17, No.3, 2006<\/li>\n<li><strong>J.P. Arenas , R.N. Margasahayam.<\/strong> \u00abNoise and vibration of spacecraft structures\u00bb. Revista Chilena de Ingenier\u00eda, Vol.14, No.3, 2006.<\/li>\n<li><strong>Su\u00e1rez E.<\/strong>\u00a0Patrimonio Sonoro como Valor Ambiental, Revista ECOAMERICA, Chile. Abril (2006).<\/li>\n<li><strong>C. Jurado, J.P. Arenas .<\/strong> \u00abMedida de la impedancia ac\u00fastica en conductos y silenciadores bajo condiciones de borde diferentes\u00bb. S\u00edntesis Tecnol\u00f3gica, Vol.2, No.1, 2005<\/li>\n<li><strong>J.P. Arenas .<\/strong> \u00abEditorial Note: Acoustics is making waves in South America\u00bb. International Journal of Acoustics and Vibration, Vol.10, No.1, 2005<\/li>\n<li><strong>M.J. Crocker, Z. Li, J.P. Arenas .<\/strong> \u00abMeasurements of tyre\/road noise and of acoustical properties of porous road surfaces\u00bb. International Journal of Acoustics and Vibration, Vol.10, No.2, 2005<\/li>\n<li><strong>S. Soeiro, E.B. Teodoro, S.N.Y. Gerges, R. Jordan, J.P. Arenas .<\/strong> \u00abNumerical modeling of the vibro-acoustic behavior of a vehicle gearbox\u00bb. International Journal of Acoustics and Vibration, Vol.10, No.2, 2005<\/li>\n<li><strong>Su\u00e1rez E.<\/strong>\u00a0Elaboraci\u00f3n de Norma de Emisi\u00f3n de Ruidos Generados por Actividades de Construcci\u00f3n, Revista AIDIS CHILE Junio &#8211; N\u00b0 37.\u00a0(2005)<\/li>\n<li><strong>Barros, J.L. .<\/strong> \u00abSistema para medir p\u00e9rdida de transmisi\u00f3n de silenciadores ac\u00fasticos en un tubo con terminaci\u00f3n absorbente activa\u00bb. S\u00edntesis Tecnol\u00f3gica, Vol.1, No. 1, 2004<\/li>\n<li><strong>M.J. Crocker, J.P. Arenas , R.E. Dyamannavar<\/strong>. \u00abFundamentals of the direct measurement of sound intensity and practical applications\u00bb. Akusticheskii Zhurnal, Vol.49, No.2, 2003<\/li>\n<li><strong>J.P. Arenas , M.J. Crocker.<\/strong> \u00abSound radiation efficiency of a baffled rectangular plate excited by harmonic point forces using its surface resistance matrix\u00bb. International Journal of Acoustics and Vibration, Vol.7, No.4, 2002<\/li>\n<li><strong>J.P. Arenas, V. Poblete .<\/strong> \u00abAplicaci\u00f3n de control adaptivo de ruido a se\u00f1ales vibratorias en maquinarias\u00bb. Informaci\u00f3n Tecnol\u00f3gica, Vol.12, No.3, 2001<\/li>\n<li><strong>J.P. Arenas , A.M. Monsalve.<\/strong> \u00abModification of the diffracted sound field by some noise barrier edge design\u00bb. International Journal of Acoustics and Vibration, Vol.6, No.2, 2001<\/li>\n<li><strong>R. R\u00edos, Y. P\u00e9rez, V. Poblete, J.P. Arenas<\/strong> . \u00abObtenci\u00f3n experimental de frecuencias naturales en sierras circulares\u00bb. Informaci\u00f3n Tecnol\u00f3gica, Vol.10, No.2, 1999<\/li>\n<li><strong>A.M. Salazar, J.P. Arenas , A.M. Monsalve, J.A. Munita.<\/strong> \u00abDise\u00f1o de un reductor electr\u00f3nico de ruido\u00bb. Bolet\u00edn Cient\u00edfico, Vol.1, No.1, 1999<\/li>\n<li><strong>V. Poblete, J.P. Arenas ,E. Millar, R. R\u00edos.<\/strong> \u00abVibraci\u00f3n y ruido en vac\u00edo de sierras circulares\u00bb. Ciencia e Investigaci\u00f3n Forestal, Vol.10, No.2, 1996<\/li>\n<li><strong>J.P. Arenas , J. Gaete.<\/strong> \u00abEstimaci\u00f3n del coeficiente de reflexi\u00f3n complejo por algoritmo de m\u00ednimos cuadrados\u00bb . Rev. Lat. de Ac\u00fastica, Vol.2, No.2, 1994<\/li>\n<\/ol>\n<p><a href=\"https:\/\/www.acusticauach.cl\/?page_id=423\"><strong>Presentaciones en Congresos<\/strong><\/a><\/p>\n","protected":false},"excerpt":{"rendered":"<p>Publicaciones no indexadas en WoS, con Comit\u00e9 Editorial Vida, J.; Rodr\u00edguez, F.E.; Su\u00e1rez, E.; Est\u00e9vez, L.: \u00abM\u00e1s all\u00e1 de los Decibeles: Evaluaci\u00f3n de la Calidad Ac\u00fastica en el Centro Hist\u00f3rico de Morelia Seg\u00fan la Norma ISO 12913\u00bb, Revista PRAGMA, Benem\u00e9rita Universidad Aut\u00f3noma de Puebla, M\u00e9xico. A\u00f1o 04, N\u00famero 08 abril-septiembre 2026 (Latindex) https:\/\/pragma.buap.mx\/index.php\/revistafabuap\/article\/view\/92\/259. R. Venegas, [&hellip;]<\/p>\n","protected":false},"author":2,"featured_media":16004,"parent":0,"menu_order":0,"comment_status":"closed","ping_status":"closed","template":"","meta":{"footnotes":""},"class_list":["post-421","page","type-page","status-publish","has-post-thumbnail","hentry"],"_links":{"self":[{"href":"https:\/\/www.acusticauach.cl\/index.php?rest_route=\/wp\/v2\/pages\/421","targetHints":{"allow":["GET"]}}],"collection":[{"href":"https:\/\/www.acusticauach.cl\/index.php?rest_route=\/wp\/v2\/pages"}],"about":[{"href":"https:\/\/www.acusticauach.cl\/index.php?rest_route=\/wp\/v2\/types\/page"}],"author":[{"embeddable":true,"href":"https:\/\/www.acusticauach.cl\/index.php?rest_route=\/wp\/v2\/users\/2"}],"replies":[{"embeddable":true,"href":"https:\/\/www.acusticauach.cl\/index.php?rest_route=%2Fwp%2Fv2%2Fcomments&post=421"}],"version-history":[{"count":3,"href":"https:\/\/www.acusticauach.cl\/index.php?rest_route=\/wp\/v2\/pages\/421\/revisions"}],"predecessor-version":[{"id":17466,"href":"https:\/\/www.acusticauach.cl\/index.php?rest_route=\/wp\/v2\/pages\/421\/revisions\/17466"}],"wp:featuredmedia":[{"embeddable":true,"href":"https:\/\/www.acusticauach.cl\/index.php?rest_route=\/wp\/v2\/media\/16004"}],"wp:attachment":[{"href":"https:\/\/www.acusticauach.cl\/index.php?rest_route=%2Fwp%2Fv2%2Fmedia&parent=421"}],"curies":[{"name":"wp","href":"https:\/\/api.w.org\/{rel}","templated":true}]}}