{"id":2932,"date":"2013-04-28T22:43:51","date_gmt":"2013-04-29T02:43:51","guid":{"rendered":"http:\/\/www.acusticauach.cl\/?page_id=2932"},"modified":"2026-03-23T21:51:43","modified_gmt":"2026-03-24T00:51:43","slug":"escuela-de-ing-civil-acustica","status":"publish","type":"page","link":"https:\/\/www.acusticauach.cl\/?page_id=2932","title":{"rendered":"Escuela de Ingenier\u00eda Civil Ac\u00fastica"},"content":{"rendered":"<h2><strong>Director de Escuela<\/strong><\/h2>\n<p><a href=\"https:\/\/www.acusticauach.cl\/?page_id=528\">Prof. Jorge C\u00e1rdenas M.<\/a><\/p>\n<p>Fono:+56 63 2221338<\/p>\n<p>e-mail: jcardenas@uach.cl<\/p>\n<p>&nbsp;<\/p>\n<h2><strong>Secretaria de Escuela<\/strong><\/h2>\n<p><a href=\"https:\/\/www.acusticauach.cl\/?page_id=1422\">Sra. Rosa Gallardo Ampuero<\/a><\/p>\n<p>Fono\/Fax: 56 63 221338<\/p>\n<p>e-mail: eacustic@uach.cl<\/p>\n<h3><strong style=\"font-size: inherit; font-family: 'Noto Serif';\"><br \/>\n1. Resumen de Principales L\u00edneas de Acci\u00f3n 2024-2027\u00a0<\/strong><\/h3>\n<ul>\n<li>Promocionar activamente la carrera, mediante diversos medios, entre estudiantes de educaci\u00f3n media del pa\u00eds.<\/li>\n<li>Revisar y actualizar el Reglamento de escuela.<\/li>\n<li>De acuerdo al proyecto de innovaci\u00f3n curricular, mejorar el \u00edndice de retenci\u00f3n y titulaci\u00f3n de los estudiantes en la carrera.<\/li>\n<li>Realizar el an\u00e1lisis microcurricular para actualizar y\/o mejorar la malla de la carrera.<\/li>\n<li>Mejorar los canales de comunicaci\u00f3n con los estudiantes y en particular con el Centro de Estudiantes de la carrera.<\/li>\n<li>Optimizar la cantidad y pertinencia de las asignaturas electivas de especializaci\u00f3n y profundizaci\u00f3n en la carrera.<\/li>\n<li>Facilitar el proceso de vinculaci\u00f3n con los programas de postgrado de la FCI, especialmente con el MAV.<\/li>\n<li>Organizar reuniones entre estudiantes y directores de los programas de postgrado de la FCI.<\/li>\n<li>Promover la realizaci\u00f3n de Trabajos de Titulaci\u00f3n orientados hacia la innovaci\u00f3n, el emprendimiento y la sustentabilidad.<\/li>\n<\/ul>\n<h3><strong>2. Consejo de Escuela\u00a0<\/strong><\/h3>\n<p>Su funci\u00f3n es asesorar a la Escuela en solicitudes especiales de estudiantes referidas al curr\u00edculum, toma de asignaturas, validez de estudios, modificaciones curriculares y vinculaci\u00f3n de la carrera con el medio profesional. Es un cuerpo colegiado interno a la universidad. Los profesores que lo forman hacen clases en la carrera.<\/p>\n<ul>\n<li>Prof. Jorge C\u00e1rdenas (Presidente del Consejo, Acad\u00e9mico Instituto de Ac\u00fastica)<\/li>\n<li>Prof. Felipe Figueroa (Consejero, Acad\u00e9mico Instituto de Ac\u00fastica)<\/li>\n<li>Prof. Paola Utreras (Consejera, Centro de Docencia de Cs. B\u00e1sicas para Ingenier\u00eda)<\/li>\n<li>Srta. Yanira Villa (Consejera, representante de los estudiantes de ICA)<\/li>\n<\/ul>\n","protected":false},"excerpt":{"rendered":"<p>Director de Escuela Prof. Jorge C\u00e1rdenas M. Fono:+56 63 2221338 e-mail: jcardenas@uach.cl &nbsp; Secretaria de Escuela Sra. Rosa Gallardo Ampuero Fono\/Fax: 56 63 221338 e-mail: eacustic@uach.cl 1. Resumen de Principales L\u00edneas de Acci\u00f3n 2024-2027\u00a0 Promocionar activamente la carrera, mediante diversos medios, entre estudiantes de educaci\u00f3n media del pa\u00eds. Revisar y actualizar el Reglamento de escuela. [&hellip;]<\/p>\n","protected":false},"author":2,"featured_media":7946,"parent":5903,"menu_order":0,"comment_status":"closed","ping_status":"closed","template":"","meta":{"footnotes":""},"class_list":["post-2932","page","type-page","status-publish","has-post-thumbnail","hentry"],"_links":{"self":[{"href":"https:\/\/www.acusticauach.cl\/index.php?rest_route=\/wp\/v2\/pages\/2932","targetHints":{"allow":["GET"]}}],"collection":[{"href":"https:\/\/www.acusticauach.cl\/index.php?rest_route=\/wp\/v2\/pages"}],"about":[{"href":"https:\/\/www.acusticauach.cl\/index.php?rest_route=\/wp\/v2\/types\/page"}],"author":[{"embeddable":true,"href":"https:\/\/www.acusticauach.cl\/index.php?rest_route=\/wp\/v2\/users\/2"}],"replies":[{"embeddable":true,"href":"https:\/\/www.acusticauach.cl\/index.php?rest_route=%2Fwp%2Fv2%2Fcomments&post=2932"}],"version-history":[{"count":2,"href":"https:\/\/www.acusticauach.cl\/index.php?rest_route=\/wp\/v2\/pages\/2932\/revisions"}],"predecessor-version":[{"id":17458,"href":"https:\/\/www.acusticauach.cl\/index.php?rest_route=\/wp\/v2\/pages\/2932\/revisions\/17458"}],"up":[{"embeddable":true,"href":"https:\/\/www.acusticauach.cl\/index.php?rest_route=\/wp\/v2\/pages\/5903"}],"wp:featuredmedia":[{"embeddable":true,"href":"https:\/\/www.acusticauach.cl\/index.php?rest_route=\/wp\/v2\/media\/7946"}],"wp:attachment":[{"href":"https:\/\/www.acusticauach.cl\/index.php?rest_route=%2Fwp%2Fv2%2Fmedia&parent=2932"}],"curies":[{"name":"wp","href":"https:\/\/api.w.org\/{rel}","templated":true}]}}