{"id":199,"date":"2012-09-01T22:49:09","date_gmt":"2012-09-02T02:49:09","guid":{"rendered":"http:\/\/190.114.255.83\/~acustic1\/?page_id=199"},"modified":"2019-10-21T21:38:17","modified_gmt":"2019-10-22T00:38:17","slug":"laboratorios-integrados-de-la-facultad-de-ciencias-de-la-ingenieria","status":"publish","type":"page","link":"https:\/\/www.acusticauach.cl\/?page_id=199","title":{"rendered":"Laboratorios Integrados de la Facultad de Ciencias de la Ingenier\u00eda"},"content":{"rendered":"<p style=\"text-align: justify;\">El proyecto de mejoramiento de la calidad de la educaci\u00f3n superior MECESUP \u201cMejoramiento de la Calidad en la Formaci\u00f3n de Ingenieros Implementando Curr\u00edculos Basados en Competencias\u201d ha permitido realizar inversiones importantes tendientes modernizar la infraestructura de laboratorios. En el a\u00f1o 2007 se ha finalizado un nuevo edificio para estudiantes de ingenier\u00eda, el cual contempla tres tipos de espacios f\u00edsicos agrupados en un Centro Integrado de Laboratorios (CIL): a) espacios para metodolog\u00edas activas de aprendizaje, b) laboratorios de especialidades, y c) espacios de desarrollo de proyectos para los estudiantes.<\/p>\n<p style=\"text-align: justify;\">Este importante edificio incluye, entre otros laboratorios\u00a0(m\u00e1quinas herramientas, transferencia de calor, electr\u00f3nica, rob\u00f3tica, mec\u00e1nica de fluidos y s\u00f3lidos, etc.), un Laboratorio de Ac\u00fastica y Vibraciones con moderno equipamiento tecnol\u00f3gico. Entre el equipamiento con que cuenta el laboratorio se tienen demostradores completos para el estudio de ondas,\u00a0 generadores\/osciladores mec\u00e1nicos de ondas, un sistema avanzado de cubeta de ondas,\u00a0generadores de funciones, sintetizador de Fourier, un set de l\u00e1minas Chladni para el estudio de ondas, tubos de resonancia para ondas ac\u00fasticas, Osciloscopio digital, shakers excitadores de vibraci\u00f3n, Luz estrobosc\u00f3pica, Aceler\u00f3metros, Martillo de impactos, Transductores de fuerza, Calibradores, Sonda medidora de Intensidad Ac\u00fastica, Cabezas de impedancia, Vibr\u00f3metro L\u00e1ser, Micr\u00f3fonos de Medici\u00f3n y preamplificadores de \u00bd, 1\/4 y 1&#8243;, Audi\u00f3metro, o\u00eddo artificial, Son\u00f3metros para salida a terreno, Analizadores de ruido, Software de predicci\u00f3n de ruido CADNA con modelaci\u00f3n de aeropuertos, m\u00e1s varios sistemas de adquisici\u00f3n y an\u00e1lisis de ruido y vibraciones.<\/p>\n","protected":false},"excerpt":{"rendered":"<p>El proyecto de mejoramiento de la calidad de la educaci\u00f3n superior MECESUP \u201cMejoramiento de la Calidad en la Formaci\u00f3n de Ingenieros Implementando Curr\u00edculos Basados en Competencias\u201d ha permitido realizar inversiones importantes tendientes modernizar la infraestructura de laboratorios. En el a\u00f1o 2007 se ha finalizado un nuevo edificio para estudiantes de ingenier\u00eda, el cual contempla tres [&hellip;]<\/p>\n","protected":false},"author":1,"featured_media":5904,"parent":0,"menu_order":0,"comment_status":"closed","ping_status":"closed","template":"","meta":{"footnotes":""},"class_list":["post-199","page","type-page","status-publish","has-post-thumbnail","hentry"],"_links":{"self":[{"href":"https:\/\/www.acusticauach.cl\/index.php?rest_route=\/wp\/v2\/pages\/199","targetHints":{"allow":["GET"]}}],"collection":[{"href":"https:\/\/www.acusticauach.cl\/index.php?rest_route=\/wp\/v2\/pages"}],"about":[{"href":"https:\/\/www.acusticauach.cl\/index.php?rest_route=\/wp\/v2\/types\/page"}],"author":[{"embeddable":true,"href":"https:\/\/www.acusticauach.cl\/index.php?rest_route=\/wp\/v2\/users\/1"}],"replies":[{"embeddable":true,"href":"https:\/\/www.acusticauach.cl\/index.php?rest_route=%2Fwp%2Fv2%2Fcomments&post=199"}],"version-history":[{"count":0,"href":"https:\/\/www.acusticauach.cl\/index.php?rest_route=\/wp\/v2\/pages\/199\/revisions"}],"wp:featuredmedia":[{"embeddable":true,"href":"https:\/\/www.acusticauach.cl\/index.php?rest_route=\/wp\/v2\/media\/5904"}],"wp:attachment":[{"href":"https:\/\/www.acusticauach.cl\/index.php?rest_route=%2Fwp%2Fv2%2Fmedia&parent=199"}],"curies":[{"name":"wp","href":"https:\/\/api.w.org\/{rel}","templated":true}]}}