{"id":197,"date":"2012-09-01T22:48:27","date_gmt":"2012-09-02T02:48:27","guid":{"rendered":"http:\/\/190.114.255.83\/~acustic1\/?page_id=197"},"modified":"2023-10-07T16:56:34","modified_gmt":"2023-10-07T19:56:34","slug":"laboratorio-de-absorcion-y-resistencia-de-flujo","status":"publish","type":"page","link":"https:\/\/www.acusticauach.cl\/?page_id=197","title":{"rendered":"Laboratorio de Absorci\u00f3n y resistencia de flujo"},"content":{"rendered":"<p style=\"text-align: justify;\">Este laboratorio cuenta con un sistema de medici\u00f3n de Coeficiente de Reflexi\u00f3n Complejo e Impedancia Ac\u00fastica Espec\u00edfica a incidencia normal, basado en el m\u00e9todo de la Funci\u00f3n de Transferencia (ISO 10534-2, Parte 2. La adquisici\u00f3n de se\u00f1ales se realiza a trav\u00e9s de una tarjeta An\u00e1logo-Digital Multicanal, y las se\u00f1ales son procesadas digitalmente. Este sistema permite obtener las caracter\u00edsticas de absorci\u00f3n, reflexi\u00f3n, resistencia de flujo e impedancia de diferentes materiales y configuraciones de estos, informaci\u00f3n de gran utilidad para el desarrollo de proyectos y soluciones en el \u00e1rea. Adem\u00e1s, se cuenta con un sistema de medici\u00f3n de resistencia de flujo basado en la norma ASTM C522-87. La resistencia de flujo de los materiales est\u00e1 \u00edntimamente ligada a las propiedades ac\u00fasticas de los materiales, especialmente materiales porosos y fibrosos para absorci\u00f3n del sonido.<\/p>\n","protected":false},"excerpt":{"rendered":"<p>Este laboratorio cuenta con un sistema de medici\u00f3n de Coeficiente de Reflexi\u00f3n Complejo e Impedancia Ac\u00fastica Espec\u00edfica a incidencia normal, basado en el m\u00e9todo de la Funci\u00f3n de Transferencia (ISO 10534-2, Parte 2. La adquisici\u00f3n de se\u00f1ales se realiza a trav\u00e9s de una tarjeta An\u00e1logo-Digital Multicanal, y las se\u00f1ales son procesadas digitalmente. Este sistema permite [&hellip;]<\/p>\n","protected":false},"author":1,"featured_media":16011,"parent":0,"menu_order":0,"comment_status":"closed","ping_status":"closed","template":"","meta":{"footnotes":""},"class_list":["post-197","page","type-page","status-publish","has-post-thumbnail","hentry"],"_links":{"self":[{"href":"https:\/\/www.acusticauach.cl\/index.php?rest_route=\/wp\/v2\/pages\/197","targetHints":{"allow":["GET"]}}],"collection":[{"href":"https:\/\/www.acusticauach.cl\/index.php?rest_route=\/wp\/v2\/pages"}],"about":[{"href":"https:\/\/www.acusticauach.cl\/index.php?rest_route=\/wp\/v2\/types\/page"}],"author":[{"embeddable":true,"href":"https:\/\/www.acusticauach.cl\/index.php?rest_route=\/wp\/v2\/users\/1"}],"replies":[{"embeddable":true,"href":"https:\/\/www.acusticauach.cl\/index.php?rest_route=%2Fwp%2Fv2%2Fcomments&post=197"}],"version-history":[{"count":0,"href":"https:\/\/www.acusticauach.cl\/index.php?rest_route=\/wp\/v2\/pages\/197\/revisions"}],"wp:featuredmedia":[{"embeddable":true,"href":"https:\/\/www.acusticauach.cl\/index.php?rest_route=\/wp\/v2\/media\/16011"}],"wp:attachment":[{"href":"https:\/\/www.acusticauach.cl\/index.php?rest_route=%2Fwp%2Fv2%2Fmedia&parent=197"}],"curies":[{"name":"wp","href":"https:\/\/api.w.org\/{rel}","templated":true}]}}