{"id":15169,"date":"2022-01-20T10:50:08","date_gmt":"2022-01-20T13:50:08","guid":{"rendered":"http:\/\/www.acusticauach.cl\/?page_id=15169"},"modified":"2024-03-03T19:52:51","modified_gmt":"2024-03-03T22:52:51","slug":"diacam-diplomado-en-acustica-ambiental-4","status":"publish","type":"page","link":"https:\/\/www.acusticauach.cl\/?page_id=15169","title":{"rendered":"DIACAM Diplomado en Ac\u00fastica Ambiental"},"content":{"rendered":"\n<h3 class=\"wp-block-heading\"><strong>Tercera versi\u00f3n 2024<\/strong><\/h3>\n\n\n<div class=\"wp-block-image\">\n<figure class=\"aligncenter size-full\"><a href=\"https:\/\/www.acusticauach.cl\/wp-content\/uploads\/2024\/02\/postulaciones_hasta_30-marzo_2024-1.jpg\"><img decoding=\"async\" width=\"847\" height=\"847\" src=\"https:\/\/www.acusticauach.cl\/wp-content\/uploads\/2024\/02\/postulaciones_hasta_30-marzo_2024-1.jpg\" alt=\"\" class=\"wp-image-16386\" srcset=\"https:\/\/www.acusticauach.cl\/wp-content\/uploads\/2024\/02\/postulaciones_hasta_30-marzo_2024-1.jpg 847w, https:\/\/www.acusticauach.cl\/wp-content\/uploads\/2024\/02\/postulaciones_hasta_30-marzo_2024-1-300x300.jpg 300w, https:\/\/www.acusticauach.cl\/wp-content\/uploads\/2024\/02\/postulaciones_hasta_30-marzo_2024-1-150x150.jpg 150w, https:\/\/www.acusticauach.cl\/wp-content\/uploads\/2024\/02\/postulaciones_hasta_30-marzo_2024-1-768x768.jpg 768w, https:\/\/www.acusticauach.cl\/wp-content\/uploads\/2024\/02\/postulaciones_hasta_30-marzo_2024-1-125x125.jpg 125w, https:\/\/www.acusticauach.cl\/wp-content\/uploads\/2024\/02\/postulaciones_hasta_30-marzo_2024-1-75x75.jpg 75w, https:\/\/www.acusticauach.cl\/wp-content\/uploads\/2024\/02\/postulaciones_hasta_30-marzo_2024-1-540x540.jpg 540w\" sizes=\"(max-width: 847px) 100vw, 847px\" \/><\/a><\/figure>\n<\/div>\n\n\n<p>El DIACAM es un programa especializado que entrega los conocimientos que permitir\u00e1n entender el origen de los problemas ac\u00fasticos ambientales, su tratamiento normativo, las formas habituales de control de ruido ambiental, y los procesos de evaluaci\u00f3n ambiental de los mismos. Se trata de un programa \u00fanico en Chile, y sin equivalentes a nivel Latinoamericano.<\/p>\n\n\n\n<p>Est\u00e1 especialmente dirigido a profesionales,\nt\u00e9cnicos profesionales o personas que se desempe\u00f1en en el sector p\u00fablico\n(ministerios, gobiernos regionales, municipios), en el \u00e1rea privada\n(consultores, empresarios, arquitectos, ingenieros, economistas, consultores,\nplanificadores), en el \u00e1mbito acad\u00e9mico (profesores, ayudantes y estudiantes)\nde universidades p\u00fablicas y privadas, en organizaciones ciudadanas u organismos\nno gubernamentales.<\/p>\n\n\n\n<h3 class=\"wp-block-heading\"><strong>Informaci\u00f3n<\/strong><\/h3>\n\n\n\n<ul class=\"wp-block-list\">\n<li>Fecha Inicio: Abril\/Mayo de 2024<\/li>\n\n\n\n<li>Fechas de Postulaci\u00f3n: Primer llamado hasta el 30 de noviembre de 2023, segundo llamado hasta el 15 de enero 2024. \u00daltimo llamado hasta el 30 de marzo de 2024.<\/li>\n\n\n\n<li>Duraci\u00f3n: 164 horas pedag\u00f3gicas, aproximadamente 6 meses<\/li>\n\n\n\n<li>Horarios: Clases en vivo martes y jueves (19:00 a 20:00h), s\u00e1bado 09:30 a 11:30h. Todas las sesiones quedan grabadas y se pueden ver con posterioridad.<\/li>\n\n\n\n<li>Lugar de Realizaci\u00f3n: Latinoam\u00e9rica<\/li>\n\n\n\n<li>Modalidad: 100% Online, clases sincr\u00f3nicas y requisito de asistencia m\u00ednima.<\/li>\n\n\n\n<li>\u00c1rea: Medio Ambiente, Ac\u00fastica<\/li>\n<\/ul>\n\n\n<div class=\"wp-block-image\">\n<figure class=\"aligncenter\"><a href=\"https:\/\/secure12.uach.cl\/Postgrado\/PostulacionAdmision\/\" target=\"_blank\" rel=\"noreferrer noopener\"><img decoding=\"async\" width=\"305\" height=\"110\" src=\"https:\/\/www.acusticauach.cl\/wp-content\/uploads\/2022\/01\/postulacion.png\" alt=\"\" class=\"wp-image-15193\" srcset=\"https:\/\/www.acusticauach.cl\/wp-content\/uploads\/2022\/01\/postulacion.png 305w, https:\/\/www.acusticauach.cl\/wp-content\/uploads\/2022\/01\/postulacion-300x108.png 300w, https:\/\/www.acusticauach.cl\/wp-content\/uploads\/2022\/01\/postulacion-125x45.png 125w, https:\/\/www.acusticauach.cl\/wp-content\/uploads\/2022\/01\/postulacion-75x27.png 75w\" sizes=\"(max-width: 305px) 100vw, 305px\" \/><\/a><figcaption class=\"wp-element-caption\"><a href=\"https:\/\/secure20.uach.cl\/Postgrado\/PostulacionAdmision\/PosBuscarPrograma.aspx\" target=\"_blank\" rel=\"noreferrer noopener\">https:\/\/secure20.uach.cl\/Postgrado\/PostulacionAdmision\/PosBuscarPrograma.aspx<\/a><\/figcaption><\/figure>\n<\/div>\n\n\n<h3 class=\"wp-block-heading\"><strong>Consultas:<\/strong><\/h3>\n\n\n\n<p class=\"has-very-light-gray-color has-text-color has-background has-medium-font-size\" style=\"background-color:#369da6\">Director del Programa: Dr. Enrique Su\u00e1rez &lt;enriquesuarez@uach.cl&gt;<\/p>\n\n\n\n<p class=\"has-very-light-gray-color has-text-color has-background has-medium-font-size\" style=\"background-color:#369da6\">Escuela de Graduados: Secretar\u00eda Sra. Carolina Llancam\u00e1n &lt;gradinge@uach.cl&gt;<\/p>\n\n\n\n<p class=\"has-text-align-center\"> <a href=\"https:\/\/www.acusticauach.cl\/?page_id=15169\">Presentaci\u00f3n Diplomado<\/a>&nbsp;|&nbsp;<a href=\"https:\/\/www.acusticauach.cl\/?page_id=15174\">Postulaci\u00f3n&nbsp;Diplomado<\/a>&nbsp;|&nbsp;<a href=\"https:\/\/www.acusticauach.cl\/?page_id=15087\">Descripci\u00f3n DIACAM&nbsp;<\/a>|<a href=\"https:\/\/www.acusticauach.cl\/?page_id=15113\">Estructura y M\u00f3dulos<\/a>&nbsp;|<a href=\"https:\/\/www.acusticauach.cl\/?page_id=15120\">&nbsp;Docentes del Programa<\/a><\/p>\n","protected":false},"excerpt":{"rendered":"<p>Tercera versi\u00f3n 2024 El DIACAM es un programa especializado que entrega los conocimientos que permitir\u00e1n entender el origen de los problemas ac\u00fasticos ambientales, su tratamiento normativo, las formas habituales de control de ruido ambiental, y los procesos de evaluaci\u00f3n ambiental de los mismos. Se trata de un programa \u00fanico en Chile, y sin equivalentes a [&hellip;]<\/p>\n","protected":false},"author":2,"featured_media":16252,"parent":0,"menu_order":0,"comment_status":"closed","ping_status":"closed","template":"","meta":{"footnotes":""},"class_list":["post-15169","page","type-page","status-publish","has-post-thumbnail","hentry"],"_links":{"self":[{"href":"https:\/\/www.acusticauach.cl\/index.php?rest_route=\/wp\/v2\/pages\/15169","targetHints":{"allow":["GET"]}}],"collection":[{"href":"https:\/\/www.acusticauach.cl\/index.php?rest_route=\/wp\/v2\/pages"}],"about":[{"href":"https:\/\/www.acusticauach.cl\/index.php?rest_route=\/wp\/v2\/types\/page"}],"author":[{"embeddable":true,"href":"https:\/\/www.acusticauach.cl\/index.php?rest_route=\/wp\/v2\/users\/2"}],"replies":[{"embeddable":true,"href":"https:\/\/www.acusticauach.cl\/index.php?rest_route=%2Fwp%2Fv2%2Fcomments&post=15169"}],"version-history":[{"count":0,"href":"https:\/\/www.acusticauach.cl\/index.php?rest_route=\/wp\/v2\/pages\/15169\/revisions"}],"wp:featuredmedia":[{"embeddable":true,"href":"https:\/\/www.acusticauach.cl\/index.php?rest_route=\/wp\/v2\/media\/16252"}],"wp:attachment":[{"href":"https:\/\/www.acusticauach.cl\/index.php?rest_route=%2Fwp%2Fv2%2Fmedia&parent=15169"}],"curies":[{"name":"wp","href":"https:\/\/api.w.org\/{rel}","templated":true}]}}

DIACAM Diplomado en Acústica Ambiental

<h3 class="wp-block-heading"><strong>Tercera versión 2024</strong></h3>


<div class="wp-block-image">
<figure class="aligncenter size-full"><a href="https://www.acusticauach.cl/wp-content/uploads/2024/02/postulaciones_hasta_30-marzo_2024-1.jpg"><img decoding="async" width="847" height="847" src="https://www.acusticauach.cl/wp-content/uploads/2024/02/postulaciones_hasta_30-marzo_2024-1.jpg" alt="" class="wp-image-16386" srcset="https://www.acusticauach.cl/wp-content/uploads/2024/02/postulaciones_hasta_30-marzo_2024-1.jpg 847w, https://www.acusticauach.cl/wp-content/uploads/2024/02/postulaciones_hasta_30-marzo_2024-1-300x300.jpg 300w, https://www.acusticauach.cl/wp-content/uploads/2024/02/postulaciones_hasta_30-marzo_2024-1-150x150.jpg 150w, https://www.acusticauach.cl/wp-content/uploads/2024/02/postulaciones_hasta_30-marzo_2024-1-768x768.jpg 768w, https://www.acusticauach.cl/wp-content/uploads/2024/02/postulaciones_hasta_30-marzo_2024-1-125x125.jpg 125w, https://www.acusticauach.cl/wp-content/uploads/2024/02/postulaciones_hasta_30-marzo_2024-1-75x75.jpg 75w, https://www.acusticauach.cl/wp-content/uploads/2024/02/postulaciones_hasta_30-marzo_2024-1-540x540.jpg 540w" sizes="(max-width: 847px) 100vw, 847px" /></a></figure>
</div>


<p>El DIACAM es un programa especializado que entrega los conocimientos que permitirán entender el origen de los problemas acústicos ambientales, su tratamiento normativo, las formas habituales de control de ruido ambiental, y los procesos de evaluación ambiental de los mismos. Se trata de un programa único en Chile, y sin equivalentes a nivel Latinoamericano.</p>



<p>Está especialmente dirigido a profesionales,
técnicos profesionales o personas que se desempeñen en el sector público
(ministerios, gobiernos regionales, municipios), en el área privada
(consultores, empresarios, arquitectos, ingenieros, economistas, consultores,
planificadores), en el ámbito académico (profesores, ayudantes y estudiantes)
de universidades públicas y privadas, en organizaciones ciudadanas u organismos
no gubernamentales.</p>



<h3 class="wp-block-heading"><strong>Información</strong></h3>



<ul class="wp-block-list">
<li>Fecha Inicio: Abril/Mayo de 2024</li>



<li>Fechas de Postulación: Primer llamado hasta el 30 de noviembre de 2023, segundo llamado hasta el 15 de enero 2024. Último llamado hasta el 30 de marzo de 2024.</li>



<li>Duración: 164 horas pedagógicas, aproximadamente 6 meses</li>



<li>Horarios: Clases en vivo martes y jueves (19:00 a 20:00h), sábado 09:30 a 11:30h. Todas las sesiones quedan grabadas y se pueden ver con posterioridad.</li>



<li>Lugar de Realización: Latinoamérica</li>



<li>Modalidad: 100% Online, clases sincrónicas y requisito de asistencia mínima.</li>



<li>Área: Medio Ambiente, Acústica</li>
</ul>


<div class="wp-block-image">
<figure class="aligncenter"><a href="https://secure12.uach.cl/Postgrado/PostulacionAdmision/" target="_blank" rel="noreferrer noopener"><img decoding="async" width="305" height="110" src="https://www.acusticauach.cl/wp-content/uploads/2022/01/postulacion.png" alt="" class="wp-image-15193" srcset="https://www.acusticauach.cl/wp-content/uploads/2022/01/postulacion.png 305w, https://www.acusticauach.cl/wp-content/uploads/2022/01/postulacion-300x108.png 300w, https://www.acusticauach.cl/wp-content/uploads/2022/01/postulacion-125x45.png 125w, https://www.acusticauach.cl/wp-content/uploads/2022/01/postulacion-75x27.png 75w" sizes="(max-width: 305px) 100vw, 305px" /></a><figcaption class="wp-element-caption"><a href="https://secure20.uach.cl/Postgrado/PostulacionAdmision/PosBuscarPrograma.aspx" target="_blank" rel="noreferrer noopener">https://secure20.uach.cl/Postgrado/PostulacionAdmision/PosBuscarPrograma.aspx</a></figcaption></figure>
</div>


<h3 class="wp-block-heading"><strong>Consultas:</strong></h3>



<p class="has-very-light-gray-color has-text-color has-background has-medium-font-size" style="background-color:#369da6">Director del Programa: Dr. Enrique Suárez &lt;enriquesuarez@uach.cl&gt;</p>



<p class="has-very-light-gray-color has-text-color has-background has-medium-font-size" style="background-color:#369da6">Escuela de Graduados: Secretaría Sra. Carolina Llancamán &lt;gradinge@uach.cl&gt;</p>



<p class="has-text-align-center"> <a href="https://www.acusticauach.cl/?page_id=15169">Presentación Diplomado</a>&nbsp;|&nbsp;<a href="https://www.acusticauach.cl/?page_id=15174">Postulación&nbsp;Diplomado</a>&nbsp;|&nbsp;<a href="https://www.acusticauach.cl/?page_id=15087">Descripción DIACAM&nbsp;</a>|<a href="https://www.acusticauach.cl/?page_id=15113">Estructura y Módulos</a>&nbsp;|<a href="https://www.acusticauach.cl/?page_id=15120">&nbsp;Docentes del Programa</a></p>

<p>Tercera versión 2024 El DIACAM es un programa especializado que entrega los conocimientos que permitirán entender el origen de los problemas acústicos ambientales, su tratamiento normativo, las formas habituales de control de ruido ambiental, y los procesos de evaluación ambiental de los mismos. Se trata de un programa único en Chile, y sin equivalentes a [&hellip;]</p>
