{"id":1406,"date":"2012-10-05T18:47:35","date_gmt":"2012-10-05T21:47:35","guid":{"rendered":"http:\/\/190.114.255.83\/~acustic1\/?page_id=1406"},"modified":"2019-11-08T20:13:28","modified_gmt":"2019-11-08T23:13:28","slug":"romina-del-rey","status":"publish","type":"page","link":"https:\/\/www.acusticauach.cl\/?page_id=1406","title":{"rendered":"Romina del Rey"},"content":{"rendered":"<h2><strong>Profesora Universidad Polit\u00e9cnica de Valencia, Espa\u00f1a<\/strong><a href=\"https:\/\/www.acusticauach.cl\/wp-content\/uploads\/2012\/10\/Romina-del-Rey.jpg\"><img decoding=\"async\" class=\"alignright size-full wp-image-1806\" title=\"Romina del Rey\" src=\"https:\/\/www.acusticauach.cl\/wp-content\/uploads\/2012\/10\/Romina-del-Rey.jpg\" alt=\"\" width=\"200\" height=\"300\"><\/a><\/h2>\n<p>Romina del Rey es Licenciada en Ciencias F\u00edsicas y Doctora en Ciencias F\u00edsicas por la Universidad Polit\u00e9cnica de Valencia. Es T\u00e9cnica Superior de Investigaci\u00f3n con Grado Doctor en el Centro de Tecnolog\u00edas F\u00edsicas: Ac\u00fastica, Materiales y Astrof\u00edsica (CTF) de la Universidad Polit\u00e9cnica de Valencia y profesora asociada en el departamento de F\u00edsica Aplicada de la misma universidad.<\/p>\n<p>Sus investigaciones en Ac\u00fastica Aplicada se enfocan en el \u00e1rea de Ingenier\u00eda Civil, concretamente en la b\u00fasqueda, dise\u00f1o e implementaci\u00f3n de soluciones sostenibles y amigables con el medio ambiente. Algunas de sus \u00faltimas investigaciones se basan en dise\u00f1o de nuevos eco-materiales absorbentes ac\u00fasticos (ECO\/13\/630249), desarrollo de soluciones constructivas sostenibles (BIA2013-41537-R), soluciones al ruido de tr\u00e1fico rodado a partir de fibras naturales y materiales de bajo coste (GV\/2012\/066), estudio de la contaminaci\u00f3n ac\u00fastica, electromagn\u00e9tica y lum\u00ednica en Neonatos (UPV-FISABIO-2017-002-930) o la patente de invenci\u00f3n \u201cCortina de barrera frente a la luz, el ruido, al calor, al fuego y a las radiaciones electromagn\u00e9ticas (ES2548068).<\/p>\n<p><strong>Actualizado 19.04.2018<\/strong><\/p>\n<h2><strong>Contacto<\/strong><\/h2>\n<ul>\n<li>Instituto de Ac\u00fastica<\/li>\n<li>Facultad de Ciencias de la Ingenier\u00eda<\/li>\n<li>Universidad Austral de Chile<\/li>\n<li>Edificio 6000, Campus Miraflores, Casilla 567, Valdivia, Chile<\/li>\n<\/ul>\n<p><a href=\"https:\/\/www.acusticauach.cl\/?page_id=139\">Profesores de Ac\u00fastica<\/a><\/p>\n","protected":false},"excerpt":{"rendered":"<p>Profesora Universidad Polit\u00e9cnica de Valencia, Espa\u00f1a Romina del Rey es Licenciada en Ciencias F\u00edsicas y Doctora en Ciencias F\u00edsicas por la Universidad Polit\u00e9cnica de Valencia. Es T\u00e9cnica Superior de Investigaci\u00f3n con Grado Doctor en el Centro de Tecnolog\u00edas F\u00edsicas: Ac\u00fastica, Materiales y Astrof\u00edsica (CTF) de la Universidad Polit\u00e9cnica de Valencia y profesora asociada en el [&hellip;]<\/p>\n","protected":false},"author":2,"featured_media":0,"parent":139,"menu_order":0,"comment_status":"closed","ping_status":"closed","template":"","meta":{"footnotes":""},"class_list":["post-1406","page","type-page","status-publish","hentry"],"_links":{"self":[{"href":"https:\/\/www.acusticauach.cl\/index.php?rest_route=\/wp\/v2\/pages\/1406","targetHints":{"allow":["GET"]}}],"collection":[{"href":"https:\/\/www.acusticauach.cl\/index.php?rest_route=\/wp\/v2\/pages"}],"about":[{"href":"https:\/\/www.acusticauach.cl\/index.php?rest_route=\/wp\/v2\/types\/page"}],"author":[{"embeddable":true,"href":"https:\/\/www.acusticauach.cl\/index.php?rest_route=\/wp\/v2\/users\/2"}],"replies":[{"embeddable":true,"href":"https:\/\/www.acusticauach.cl\/index.php?rest_route=%2Fwp%2Fv2%2Fcomments&post=1406"}],"version-history":[{"count":0,"href":"https:\/\/www.acusticauach.cl\/index.php?rest_route=\/wp\/v2\/pages\/1406\/revisions"}],"up":[{"embeddable":true,"href":"https:\/\/www.acusticauach.cl\/index.php?rest_route=\/wp\/v2\/pages\/139"}],"wp:attachment":[{"href":"https:\/\/www.acusticauach.cl\/index.php?rest_route=%2Fwp%2Fv2%2Fmedia&parent=1406"}],"curies":[{"name":"wp","href":"https:\/\/api.w.org\/{rel}","templated":true}]}}