{"id":13755,"date":"2020-10-12T11:31:21","date_gmt":"2020-10-12T14:31:21","guid":{"rendered":"http:\/\/www.acusticauach.cl\/?page_id=13755"},"modified":"2020-10-15T10:54:20","modified_gmt":"2020-10-15T13:54:20","slug":"labacam-vinculacion-con-el-medio","status":"publish","type":"page","link":"https:\/\/www.acusticauach.cl\/?page_id=13755","title":{"rendered":"LABACAM Vinculaci\u00f3n con el medio"},"content":{"rendered":"\n<h3 class=\"wp-block-heading\">Proyectos\nde Vinculaci\u00f3n con el Medio<\/h3>\n\n\n\n<div class=\"wp-block-image\"><figure class=\"aligncenter\"><img decoding=\"async\" width=\"1024\" height=\"425\" src=\"https:\/\/www.acusticauach.cl\/wp-content\/uploads\/2020\/10\/UNIVERSODELSONIDO_02-1024x425.jpg\" alt=\"\" class=\"wp-image-13825\" srcset=\"https:\/\/www.acusticauach.cl\/wp-content\/uploads\/2020\/10\/UNIVERSODELSONIDO_02.jpg 1024w, https:\/\/www.acusticauach.cl\/wp-content\/uploads\/2020\/10\/UNIVERSODELSONIDO_02-300x125.jpg 300w, https:\/\/www.acusticauach.cl\/wp-content\/uploads\/2020\/10\/UNIVERSODELSONIDO_02-768x319.jpg 768w, https:\/\/www.acusticauach.cl\/wp-content\/uploads\/2020\/10\/UNIVERSODELSONIDO_02-125x52.jpg 125w, https:\/\/www.acusticauach.cl\/wp-content\/uploads\/2020\/10\/UNIVERSODELSONIDO_02-75x31.jpg 75w\" sizes=\"(max-width: 1024px) 100vw, 1024px\" \/><figcaption>Sesi\u00f3n de grabaci\u00f3n en el Estudio de Grabaci\u00f3n. Proyecto Universo del Sonido (<a href=\"http:\/\/www.universodelsonido.cl\" target=\"_blank\" rel=\"noreferrer noopener\" aria-label=\"www.universodelsonido.cl (abre en una nueva pesta\u00f1a)\">www.universodelsonido.cl<\/a>)<\/figcaption><\/figure><\/div>\n\n\n\n<ul class=\"wp-block-list\"><li>\u201cUniverso del Sonido\u201d (2016-2017) (<a href=\"http:\/\/www.universodelsonido.cl\" target=\"_blank\" rel=\"noreferrer noopener\" aria-label=\"www.universodelsonido.cl (abre en una nueva pesta\u00f1a)\">www.universodelsonido.cl<\/a>)\u00a0 Proyecto Financiando por el Fondo Concursable de la Direcci\u00f3n de Vinculaci\u00f3n con el Medio de la Universidad Austral de Chile. Director.<\/li><\/ul>\n\n\n\n<h3 class=\"wp-block-heading\">Actividades Regulares de Vinculaci\u00f3n con el Medio<\/h3>\n\n\n\n<div class=\"wp-block-image\"><figure class=\"aligncenter\"><img decoding=\"async\" width=\"1024\" height=\"435\" src=\"https:\/\/www.acusticauach.cl\/wp-content\/uploads\/2020\/10\/latercera_tweet-1024x435.png\" alt=\"\" class=\"wp-image-13826\" srcset=\"https:\/\/www.acusticauach.cl\/wp-content\/uploads\/2020\/10\/latercera_tweet.png 1024w, https:\/\/www.acusticauach.cl\/wp-content\/uploads\/2020\/10\/latercera_tweet-300x127.png 300w, https:\/\/www.acusticauach.cl\/wp-content\/uploads\/2020\/10\/latercera_tweet-768x326.png 768w, https:\/\/www.acusticauach.cl\/wp-content\/uploads\/2020\/10\/latercera_tweet-125x53.png 125w, https:\/\/www.acusticauach.cl\/wp-content\/uploads\/2020\/10\/latercera_tweet-75x32.png 75w\" sizes=\"(max-width: 1024px) 100vw, 1024px\" \/><figcaption>Campa\u00f1a anual de educaci\u00f3n ambiental \u00abMejor Sin Ruido\u00bb<\/figcaption><\/figure><\/div>\n\n\n\n<ul class=\"wp-block-list\"><li>D\u00eda Internacional de Conciencia sobre el Ruido: <a href=\"https:\/\/www.acusticauach.cl\/?page_id=4686\">https:\/\/www.acusticauach.cl\/?page_id=4686 <\/a><\/li><\/ul>\n\n\n\n<p><\/p>\n","protected":false},"excerpt":{"rendered":"<p>Proyectos de Vinculaci\u00f3n con el Medio \u201cUniverso del Sonido\u201d (2016-2017) (www.universodelsonido.cl)\u00a0 Proyecto Financiando por el Fondo Concursable de la Direcci\u00f3n de Vinculaci\u00f3n con el Medio de la Universidad Austral de Chile. Director. Actividades Regulares de Vinculaci\u00f3n con el Medio D\u00eda Internacional de Conciencia sobre el Ruido: https:\/\/www.acusticauach.cl\/?page_id=4686<\/p>\n","protected":false},"author":2,"featured_media":13811,"parent":13666,"menu_order":0,"comment_status":"closed","ping_status":"closed","template":"","meta":{"footnotes":""},"class_list":["post-13755","page","type-page","status-publish","has-post-thumbnail","hentry"],"_links":{"self":[{"href":"https:\/\/www.acusticauach.cl\/index.php?rest_route=\/wp\/v2\/pages\/13755","targetHints":{"allow":["GET"]}}],"collection":[{"href":"https:\/\/www.acusticauach.cl\/index.php?rest_route=\/wp\/v2\/pages"}],"about":[{"href":"https:\/\/www.acusticauach.cl\/index.php?rest_route=\/wp\/v2\/types\/page"}],"author":[{"embeddable":true,"href":"https:\/\/www.acusticauach.cl\/index.php?rest_route=\/wp\/v2\/users\/2"}],"replies":[{"embeddable":true,"href":"https:\/\/www.acusticauach.cl\/index.php?rest_route=%2Fwp%2Fv2%2Fcomments&post=13755"}],"version-history":[{"count":0,"href":"https:\/\/www.acusticauach.cl\/index.php?rest_route=\/wp\/v2\/pages\/13755\/revisions"}],"up":[{"embeddable":true,"href":"https:\/\/www.acusticauach.cl\/index.php?rest_route=\/wp\/v2\/pages\/13666"}],"wp:featuredmedia":[{"embeddable":true,"href":"https:\/\/www.acusticauach.cl\/index.php?rest_route=\/wp\/v2\/media\/13811"}],"wp:attachment":[{"href":"https:\/\/www.acusticauach.cl\/index.php?rest_route=%2Fwp%2Fv2%2Fmedia&parent=13755"}],"curies":[{"name":"wp","href":"https:\/\/api.w.org\/{rel}","templated":true}]}}

LABACAM Vinculación con el medio

<h3 class="wp-block-heading">Proyectos
de Vinculación con el Medio</h3>



<div class="wp-block-image"><figure class="aligncenter"><img decoding="async" width="1024" height="425" src="https://www.acusticauach.cl/wp-content/uploads/2020/10/UNIVERSODELSONIDO_02-1024x425.jpg" alt="" class="wp-image-13825" srcset="https://www.acusticauach.cl/wp-content/uploads/2020/10/UNIVERSODELSONIDO_02.jpg 1024w, https://www.acusticauach.cl/wp-content/uploads/2020/10/UNIVERSODELSONIDO_02-300x125.jpg 300w, https://www.acusticauach.cl/wp-content/uploads/2020/10/UNIVERSODELSONIDO_02-768x319.jpg 768w, https://www.acusticauach.cl/wp-content/uploads/2020/10/UNIVERSODELSONIDO_02-125x52.jpg 125w, https://www.acusticauach.cl/wp-content/uploads/2020/10/UNIVERSODELSONIDO_02-75x31.jpg 75w" sizes="(max-width: 1024px) 100vw, 1024px" /><figcaption>Sesión de grabación en el Estudio de Grabación. Proyecto Universo del Sonido (<a href="http://www.universodelsonido.cl" target="_blank" rel="noreferrer noopener" aria-label="www.universodelsonido.cl (abre en una nueva pestaña)">www.universodelsonido.cl</a>)</figcaption></figure></div>



<ul class="wp-block-list"><li>“Universo del Sonido” (2016-2017) (<a href="http://www.universodelsonido.cl" target="_blank" rel="noreferrer noopener" aria-label="www.universodelsonido.cl (abre en una nueva pestaña)">www.universodelsonido.cl</a>)  Proyecto Financiando por el Fondo Concursable de la Dirección de Vinculación con el Medio de la Universidad Austral de Chile. Director.</li></ul>



<h3 class="wp-block-heading">Actividades Regulares de Vinculación con el Medio</h3>



<div class="wp-block-image"><figure class="aligncenter"><img decoding="async" width="1024" height="435" src="https://www.acusticauach.cl/wp-content/uploads/2020/10/latercera_tweet-1024x435.png" alt="" class="wp-image-13826" srcset="https://www.acusticauach.cl/wp-content/uploads/2020/10/latercera_tweet.png 1024w, https://www.acusticauach.cl/wp-content/uploads/2020/10/latercera_tweet-300x127.png 300w, https://www.acusticauach.cl/wp-content/uploads/2020/10/latercera_tweet-768x326.png 768w, https://www.acusticauach.cl/wp-content/uploads/2020/10/latercera_tweet-125x53.png 125w, https://www.acusticauach.cl/wp-content/uploads/2020/10/latercera_tweet-75x32.png 75w" sizes="(max-width: 1024px) 100vw, 1024px" /><figcaption>Campaña anual de educación ambiental «Mejor Sin Ruido»</figcaption></figure></div>



<ul class="wp-block-list"><li>Día Internacional de Conciencia sobre el Ruido: <a href="https://www.acusticauach.cl/?page_id=4686">https://www.acusticauach.cl/?page_id=4686 </a></li></ul>



<p></p>

<p>Proyectos de Vinculación con el Medio “Universo del Sonido” (2016-2017) (www.universodelsonido.cl)  Proyecto Financiando por el Fondo Concursable de la Dirección de Vinculación con el Medio de la Universidad Austral de Chile. Director. Actividades Regulares de Vinculación con el Medio Día Internacional de Conciencia sobre el Ruido: https://www.acusticauach.cl/?page_id=4686</p>
