{"id":13743,"date":"2020-10-12T11:22:19","date_gmt":"2020-10-12T14:22:19","guid":{"rendered":"http:\/\/www.acusticauach.cl\/?page_id=13743"},"modified":"2025-10-18T16:43:38","modified_gmt":"2025-10-18T19:43:38","slug":"labacam-proyectos-liderados","status":"publish","type":"page","link":"https:\/\/www.acusticauach.cl\/?page_id=13743","title":{"rendered":"LABACAM Proyectos"},"content":{"rendered":"<div class=\"wp-block-image\">\n<figure class=\"aligncenter\"><img decoding=\"async\" width=\"1024\" height=\"425\" src=\"https:\/\/www.acusticauach.cl\/wp-content\/uploads\/2020\/10\/mapa_de_ruido_1024x425B-1024x425.jpg\" alt=\"\" class=\"wp-image-13819\" srcset=\"https:\/\/www.acusticauach.cl\/wp-content\/uploads\/2020\/10\/mapa_de_ruido_1024x425B.jpg 1024w, https:\/\/www.acusticauach.cl\/wp-content\/uploads\/2020\/10\/mapa_de_ruido_1024x425B-300x125.jpg 300w, https:\/\/www.acusticauach.cl\/wp-content\/uploads\/2020\/10\/mapa_de_ruido_1024x425B-768x319.jpg 768w, https:\/\/www.acusticauach.cl\/wp-content\/uploads\/2020\/10\/mapa_de_ruido_1024x425B-125x52.jpg 125w, https:\/\/www.acusticauach.cl\/wp-content\/uploads\/2020\/10\/mapa_de_ruido_1024x425B-75x31.jpg 75w\" sizes=\"(max-width: 1024px) 100vw, 1024px\" \/><figcaption class=\"wp-element-caption\">2015-2016 Ministerio de Medio Ambiente. Actualizaci\u00f3n del Mapa de Ruido del Gran Santiago. ID:608897-160-LP15. Proyecto Ejecutado por Instituto de Ac\u00fastica, Universidad Austral de Chile. Director de Proyecto.<\/figcaption><\/figure>\n<\/div>\n\n\n<h4 class=\"wp-block-heading\">Proyectos Liderados<\/h4>\n\n\n\n<ol class=\"wp-block-list\">\n<li>2024-2026 Fusa Roads: Sistema Inteligente de Reconocimiento de Fuentes Sonoras Vehiculares en Mapas de Ruido para una Norma Primaria de Calidad Ambiental para Ruido. Proyecto FONDEF -IT IT24I0161. Director.<\/li>\n\n\n\n<li>2020-2023 Sistema integrado de an\u00e1lisis de FUentes Sonoras Ambientales: Sistema FuSA. Proyecto FONDEF Concurso IDeA I+D 2020 ID20I10333 . Director.<\/li>\n\n\n\n<li>2020 Fondo Inteligencia Artificial aplicada a Salud. \u00abReconocimiento de Ruido Ambiental de Tr\u00e1nsito Vehicular por Medio de Inteligencia Artificial &#8211; RUBATO\u00bb. Proyecto Ingenier\u00eda 2030 de la CORFO. Director.<\/li>\n\n\n\n<li>2017 Desaf\u00edo innovING 2030: Sistema de Medici\u00f3n Ac\u00fastico para Smartphone. Proyecto financiado por la Facultad de Ciencias de la Ingeniera en el contexto del Proyecto Ingenier\u00eda 2030 de la CORFO. Codirector.<\/li>\n\n\n\n<li>2015-2018 FONDEQUIP EQM150108. Desarrollo de aplicaciones en ac\u00fastica mediante la t\u00e9cnica de arreglo de micr\u00f3fonos de alta definici\u00f3n e im\u00e1genes ac\u00fasticas. C\u00e1mara Ac\u00fastica (Beamforming System) Investigador principal.<\/li>\n\n\n\n<li>2015-2016 Ministerio de Medio Ambiente. Actualizaci\u00f3n del Mapa de Ruido del Gran Santiago. ID:608897-160-LP15. Proyecto Ejecutado por Instituto de Ac\u00fastica, Universidad Austral de Chile. Director de Proyecto.<\/li>\n\n\n\n<li>2013-2015 Ministerio de Medio Ambiente. Elaboraci\u00f3n y An\u00e1lisis de Mapas de Ruido de Tres Conurbaciones Mediante Software de Modelaci\u00f3n. Ficha de Licitaci\u00f3n N\u00ba 608897-50-LP13. Proyecto Ejecutado por Instituto de Ac\u00fastica, Universidad Austral de Chile. Director de Proyecto.<\/li>\n\n\n\n<li>2011 Ministerio de Medio Ambiente. Elaboraci\u00f3n de mapa de ruido del Gran Santiago mediante software de modelaci\u00f3n. Ficha de Licitaci\u00f3n N\u00ba 608897-12-LE11. Proyecto Ejecutado por Instituto de Ac\u00fastica, Universidad Austral de Chile. Director de Proyecto.<\/li>\n\n\n\n<li>2010 Ministerio de Medio Ambiente. Elaboraci\u00f3n de Mapa de Ruido Comuna De Santiago Mediante Software de Modelaci\u00f3n. Ficha de Licitaci\u00f3n N\u00ba 1588-67-LE10. Proyecto Ejecutado por Instituto de Ac\u00fastica, Universidad Austral de Chile. Director de Proyecto.<\/li>\n\n\n\n<li>2010 Comisi\u00f3n Nacional del Medio Ambiente. Elaboraci\u00f3n de mapas de ruido mediante software de modelaci\u00f3n, para caso piloto (Comunas de Antofagasta y Providencia) (Contrato N\u00b0 01-059\/09). Proyecto Ejecutado por Instituto de Ac\u00fastica, Universidad Austral de Chile. Director de Proyecto.<\/li>\n<\/ol>\n\n\n<div class=\"wp-block-image\">\n<figure class=\"aligncenter\"><img decoding=\"async\" width=\"1024\" height=\"425\" src=\"https:\/\/www.acusticauach.cl\/wp-content\/uploads\/2020\/10\/camara-acustica-1024x425.jpg\" alt=\"\" class=\"wp-image-13818\" srcset=\"https:\/\/www.acusticauach.cl\/wp-content\/uploads\/2020\/10\/camara-acustica.jpg 1024w, https:\/\/www.acusticauach.cl\/wp-content\/uploads\/2020\/10\/camara-acustica-300x125.jpg 300w, https:\/\/www.acusticauach.cl\/wp-content\/uploads\/2020\/10\/camara-acustica-768x319.jpg 768w, https:\/\/www.acusticauach.cl\/wp-content\/uploads\/2020\/10\/camara-acustica-125x52.jpg 125w, https:\/\/www.acusticauach.cl\/wp-content\/uploads\/2020\/10\/camara-acustica-75x31.jpg 75w\" sizes=\"(max-width: 1024px) 100vw, 1024px\" \/><figcaption class=\"wp-element-caption\">2018 &#8211; 2019 Ministerio del Medio Ambiente (2019) Mapa de Ruido de Ruta 5 Norte\/Sur, Tramo Concesionado. FICHA DE LICITACI\u00d3N N\u00ba 608897-54-LQ18. Proyecto Ejecutado por la empresa Ac\u00fastica Austral. Instituto de Ac\u00fastica UACh en colaboraci\u00f3n.<\/figcaption><\/figure>\n<\/div>\n\n\n<h4 class=\"wp-block-heading\">Proyectos en colaboraci\u00f3n<\/h4>\n\n\n\n<ol class=\"wp-block-list\">\n<li>2019-2021 FONDECYT Regular 2019 (N\u00b01190722). M\u00e9todo de time-lapse sonoro para la puesta en valor del patrimonio sonoro de humedales urbanos. Co-Investigador.<\/li>\n\n\n\n<li> 2019 &#8211; 2020 Ministerio del Medio Ambiente. Antecedentes para la Revisi\u00f3n del D.S. N\u00b038\/11 del Ministerio del Medio Ambiente \u2013 Norma de Emisi\u00f3n de Ruido Generado por Fuentes que Indica. FICHA DE LICITACI\u00d3N N\u00ba N\u00b0608897-97-LP19. Proyecto Ejecutado por la empresa Ac\u00fastica Austral. Instituto de Ac\u00fastica UACh en colaboraci\u00f3n. <\/li>\n\n\n\n<li>2018-2020 FONDECYT Regular 2018 (N\u00b01180547). Development of low-cost models for urban noise assessment. Co-Investigador.<\/li>\n\n\n\n<li>2018-2019 Investigaci\u00f3n Sobre el Paisaje Sonoro en la Isla de Menorca Como Patrimonio Cultural y Ambiental Inmaterial. Institut Menorqu\u00ed d\u2019Estudis, Espa\u00f1a. Director: Ignacio Pav\u00f3n, Grupo I2A2 la Universidad Polit\u00e9cnica de Madrid (UPM), Coinvestigador.<\/li>\n\n\n\n<li>2018 &#8211; 2019 Ministerio del Medio Ambiente (2019) Mapa de Ruido de Ruta 5 Norte\/Sur, Tramo Concesionado. FICHA DE LICITACI\u00d3N N\u00ba 608897-54-LQ18. Proyecto Ejecutado por la empresa Ac\u00fastica Austral. Instituto de Ac\u00fastica UACh en colaboraci\u00f3n.<\/li>\n\n\n\n<li>2015-2018 N\u00facleo de Investigaci\u00f3n en Evaluaci\u00f3n y Mitigaci\u00f3n de Riesgos Naturales y Antropog\u00e9nicos en Chile (RiNA).\u00a0\u00a0 Proyecto Financiado por la Direcci\u00f3n de Investigaci\u00f3n de la Universidad Austral de Chile. Director: Galo Valdebenito, Instituto de Obras Civiles, Facultad de Ciencias de la Ingenier\u00eda. Investigador Asociado.<\/li>\n\n\n\n<li>2015-2016 Modelamiento de turbinas para mitigar el ruido producido en la generaci\u00f3n de energ\u00eda e\u00f3lica. (C\u00f3d.: 1310-32-52) Proyecto Semilla de Investigaci\u00f3n Colaborativa Virginia Tech-UACh. Co \u2013 Investigador.<\/li>\n\n\n\n<li>2009-2010 Proyecto de Cooperaci\u00f3n InterUniversitaria, de la Agencia Espa\u00f1ola de Cooperaci\u00f3n Internacional para el Desarrollo (AECID). Universidad Polit\u00e9cnica de Valencia\/Universidad Austral de Chile. Estudio de Barreras Medioamebientales contra el Ruido en Base a Materiales Reciclados. Investigador.<\/li>\n<\/ol>\n","protected":false},"excerpt":{"rendered":"<p>Proyectos Liderados Proyectos en colaboraci\u00f3n<\/p>\n","protected":false},"author":2,"featured_media":13809,"parent":13666,"menu_order":0,"comment_status":"closed","ping_status":"closed","template":"","meta":{"footnotes":""},"class_list":["post-13743","page","type-page","status-publish","has-post-thumbnail","hentry"],"_links":{"self":[{"href":"https:\/\/www.acusticauach.cl\/index.php?rest_route=\/wp\/v2\/pages\/13743","targetHints":{"allow":["GET"]}}],"collection":[{"href":"https:\/\/www.acusticauach.cl\/index.php?rest_route=\/wp\/v2\/pages"}],"about":[{"href":"https:\/\/www.acusticauach.cl\/index.php?rest_route=\/wp\/v2\/types\/page"}],"author":[{"embeddable":true,"href":"https:\/\/www.acusticauach.cl\/index.php?rest_route=\/wp\/v2\/users\/2"}],"replies":[{"embeddable":true,"href":"https:\/\/www.acusticauach.cl\/index.php?rest_route=%2Fwp%2Fv2%2Fcomments&post=13743"}],"version-history":[{"count":1,"href":"https:\/\/www.acusticauach.cl\/index.php?rest_route=\/wp\/v2\/pages\/13743\/revisions"}],"predecessor-version":[{"id":17217,"href":"https:\/\/www.acusticauach.cl\/index.php?rest_route=\/wp\/v2\/pages\/13743\/revisions\/17217"}],"up":[{"embeddable":true,"href":"https:\/\/www.acusticauach.cl\/index.php?rest_route=\/wp\/v2\/pages\/13666"}],"wp:featuredmedia":[{"embeddable":true,"href":"https:\/\/www.acusticauach.cl\/index.php?rest_route=\/wp\/v2\/media\/13809"}],"wp:attachment":[{"href":"https:\/\/www.acusticauach.cl\/index.php?rest_route=%2Fwp%2Fv2%2Fmedia&parent=13743"}],"curies":[{"name":"wp","href":"https:\/\/api.w.org\/{rel}","templated":true}]}}