{"id":11284,"date":"2019-06-14T13:23:47","date_gmt":"2019-06-14T17:23:47","guid":{"rendered":"http:\/\/www.acusticauach.cl\/?page_id=11284"},"modified":"2025-04-14T09:27:33","modified_gmt":"2025-04-14T13:27:33","slug":"postulacion-magister-2","status":"publish","type":"page","link":"https:\/\/www.acusticauach.cl\/?page_id=11284","title":{"rendered":"Matr\u00edcula,Arancel, Becas y Beneficios"},"content":{"rendered":"\r\n<h5 class=\"wp-block-heading\"><strong>Matr\u00edcula Mag\u00edster en Ac\u00fastica y Vibraciones MAV<\/strong><\/h5>\r\n\r\n\r\n\r\n<p>Derechos de Inscripci\u00f3n $250.000 (valor 2025)<\/p>\r\n\r\n\r\n\r\n<p><strong>Arancel del MAV<\/strong><\/p>\r\n\r\n\r\n\r\n<p>El Mag\u00edster en Ac\u00fastica y Vibraciones tiene un costo anual de Programa (valor anual) $2.621.850 (valor 2025) (pesos chilenos)<\/p>\r\n\r\n\r\n\r\n<h5 class=\"wp-block-heading\"><strong>Becas de Arancel Mag\u00edster en Ac\u00fastica y Vibraciones<\/strong><\/h5>\r\n\r\n\r\n\r\n<p>Desde el a\u00f1o 2020 el programa de Mag\u00edster en Ac\u00fastica y Vibraciones ofrece la posibilidad de acceder a una beca de descuento de arancel, que se podr\u00e1 postular en paralelo con la postulaci\u00f3n al magister. La beca podr\u00eda financiar hasta el 50% del valor del arancel anual, del primer a\u00f1o.<\/p>\r\n\r\n\r\n\r\n<p><strong>-&gt; Ver bases y formulario de postulaci\u00f3n: <a href=\"https:\/\/www.acusticauach.cl\/wp-content\/uploads\/2020\/10\/Formulario_Beca_MAV-2020b.pdf\">Formulario_Beca_MAV-2020\u00a0<\/a><\/strong><\/p>\r\n\r\n\r\n<div class=\"wp-block-image\">\r\n<figure class=\"aligncenter size-large\"><a href=\"https:\/\/www.acusticauach.cl\/wp-content\/uploads\/2024\/11\/RRSS_MAV-1080x1080-1.png\"><img decoding=\"async\" class=\"aligncenter wp-image-16965 size-large\" src=\"https:\/\/www.acusticauach.cl\/wp-content\/uploads\/2025\/04\/RRSS_MAV-1080x1080-2-1024x1024.jpg\" alt=\"\" width=\"1024\" height=\"1024\" srcset=\"https:\/\/www.acusticauach.cl\/wp-content\/uploads\/2025\/04\/RRSS_MAV-1080x1080-2-1024x1024.jpg 1024w, https:\/\/www.acusticauach.cl\/wp-content\/uploads\/2025\/04\/RRSS_MAV-1080x1080-2-300x300.jpg 300w, https:\/\/www.acusticauach.cl\/wp-content\/uploads\/2025\/04\/RRSS_MAV-1080x1080-2-150x150.jpg 150w, https:\/\/www.acusticauach.cl\/wp-content\/uploads\/2025\/04\/RRSS_MAV-1080x1080-2-768x768.jpg 768w, https:\/\/www.acusticauach.cl\/wp-content\/uploads\/2025\/04\/RRSS_MAV-1080x1080-2-125x125.jpg 125w, https:\/\/www.acusticauach.cl\/wp-content\/uploads\/2025\/04\/RRSS_MAV-1080x1080-2-75x75.jpg 75w, https:\/\/www.acusticauach.cl\/wp-content\/uploads\/2025\/04\/RRSS_MAV-1080x1080-2-540x540.jpg 540w, https:\/\/www.acusticauach.cl\/wp-content\/uploads\/2025\/04\/RRSS_MAV-1080x1080-2.jpg 1080w\" sizes=\"(max-width: 1024px) 100vw, 1024px\" \/><\/a><\/figure>\r\n<\/div>\r\n\r\n\r\n<h5 class=\"wp-block-heading\"><strong>Becas y Beneficios UACh<\/strong><\/h5>\r\n\r\n\r\n\r\n<p>La Direcci\u00f3n de Estudios de Postgrado dispone de\u00a0 becas y beneficios complementarios para los estudiantes inscritos como alumnos regulares de los programas de la instituci\u00f3n. A las becas se accede mediante concurso interno en convocatorias semestrales. Las becas y beneficios disponibles est\u00e1n informadas en la web institucional, con sus respectivos formularios y m\u00e9todos de postulaci\u00f3n <a href=\"http:\/\/www.uach.cl\/postgrado\/principal\/becas\" target=\"_blank\" rel=\"noopener noreferrer\">http:\/\/www.uach.cl\/postgrado\/principal\/becas<\/a>, y son las siguientes (actualizado a junio de 2019):<\/p>\r\n\r\n\r\n\r\n<ul class=\"wp-block-list\">\r\n<li>Becas de arancel para estudiantes de doctorado<\/li>\r\n\r\n\r\n\r\n<li>Becas para asistentes acad\u00e9micos: dirigida a estudiantes de mag\u00edster y doctorado.<\/li>\r\n\r\n\r\n\r\n<li>Becas de arancel para mag\u00edster de reciente creaci\u00f3n.<\/li>\r\n\r\n\r\n\r\n<li>Beca para finalizaci\u00f3n de tesis doctoral<\/li>\r\n\r\n\r\n\r\n<li>Becas de estad\u00edas en centros internacionales de investigaci\u00f3n<\/li>\r\n\r\n\r\n\r\n<li>Subsidio de asistencia a congresos nacionales e internacionales<\/li>\r\n\r\n\r\n\r\n<li>Bono de Alimentaci\u00f3n<\/li>\r\n\r\n\r\n\r\n<li>Sala Cuna<\/li>\r\n\r\n\r\n\r\n<li>Cobertura de salud<\/li>\r\n<\/ul>\r\n\r\n\r\n\r\n<p><a href=\"http:\/\/www.uach.cl\/postgrado\/principal\/becas\" target=\"_blank\" rel=\"noopener noreferrer\"><strong>M\u00e1s informaci\u00f3n en http:\/\/www.uach.cl\/postgrado\/principal\/becas<\/strong><\/a><\/p>\r\n\r\n\r\n\r\n<figure class=\"wp-block-embed is-type-video is-provider-youtube wp-block-embed-youtube wp-embed-aspect-16-9 wp-has-aspect-ratio\">\r\n<div class=\"wp-block-embed__wrapper\">https:\/\/youtu.be\/G4oX3nn9dWg<\/div>\r\n<figcaption class=\"wp-element-caption\">Beneficios UACh para Estudiantes de Postgrado ( <a href=\"https:\/\/youtu.be\/G4oX3nn9dWg\" target=\"_blank\" rel=\"noreferrer noopener\" aria-label=\"https:\/\/youtu.be\/G4oX3nn9dWg (abre en una nueva pesta\u00f1a)\">https:\/\/youtu.be\/G4oX3nn9dWg<\/a>)<\/figcaption>\r\n<\/figure>\r\n\r\n\r\n\r\n<h5 class=\"wp-block-heading\"><strong>Postulaci\u00f3n OnLine<\/strong><\/h5>\r\n\r\n\r\n\r\n<p>A partir de junio de 2017, las postulaciones a los programas de postgrado de la Universidad Austral de Chile se realizan directamente a trav\u00e9s de una plataforma de postulaciones en l\u00ednea. Para iniciar el proceso de postulaci\u00f3n, debe eligir un programa de entre los que se mencionan en la lista y presionar \u00abpostular\u00bb.<\/p>\r\n\r\n\r\n\r\n<p><strong>Informaci\u00f3n general en:\u00a0<\/strong><a href=\"http:\/\/www.uach.cl\/postgrado\/principal\/postulaciones\" target=\"_blank\" rel=\"noopener noreferrer\"><strong>http:\/\/www.uach.cl\/postgrado\/principal\/postulaciones<\/strong><\/a><\/p>\r\n\r\n\r\n\r\n<p><strong>Acceso directo al sistema de postulaci\u00f3n <\/strong><a href=\"https:\/\/secure20.uach.cl\/Postgrado\/PostulacionAdmision\/PosBuscarPrograma.aspx\" target=\"_blank\" rel=\"noreferrer noopener\">https:\/\/secure20.uach.cl\/Postgrado\/PostulacionAdmision\/PosBuscarPrograma.aspx<\/a><\/p>\r\n\r\n\r\n\r\n<figure class=\"wp-block-image size-medium\"><a href=\"https:\/\/www.acusticauach.cl\/wp-content\/uploads\/2024\/08\/N.Acredit-Mag-Acustica-y-V.png\"><img decoding=\"async\" class=\"aligncenter wp-image-16926 size-full\" src=\"https:\/\/www.acusticauach.cl\/wp-content\/uploads\/2025\/04\/MAV_ACREDITACION_5_AGNOS_2025-1.jpg\" alt=\"\" width=\"400\" height=\"529\" srcset=\"https:\/\/www.acusticauach.cl\/wp-content\/uploads\/2025\/04\/MAV_ACREDITACION_5_AGNOS_2025-1.jpg 400w, https:\/\/www.acusticauach.cl\/wp-content\/uploads\/2025\/04\/MAV_ACREDITACION_5_AGNOS_2025-1-227x300.jpg 227w, https:\/\/www.acusticauach.cl\/wp-content\/uploads\/2025\/04\/MAV_ACREDITACION_5_AGNOS_2025-1-95x125.jpg 95w, https:\/\/www.acusticauach.cl\/wp-content\/uploads\/2025\/04\/MAV_ACREDITACION_5_AGNOS_2025-1-57x75.jpg 57w\" sizes=\"(max-width: 400px) 100vw, 400px\" \/><\/a><\/figure>\r\n","protected":false},"excerpt":{"rendered":"<p>Matr\u00edcula Mag\u00edster en Ac\u00fastica y Vibraciones MAV Derechos de Inscripci\u00f3n $250.000 (valor 2025) Arancel del MAV El Mag\u00edster en Ac\u00fastica y Vibraciones tiene un costo anual de Programa (valor anual) $2.621.850 (valor 2025) (pesos chilenos) Becas de Arancel Mag\u00edster en Ac\u00fastica y Vibraciones Desde el a\u00f1o 2020 el programa de Mag\u00edster en Ac\u00fastica y Vibraciones [&hellip;]<\/p>\n","protected":false},"author":2,"featured_media":1941,"parent":5913,"menu_order":0,"comment_status":"closed","ping_status":"closed","template":"","meta":{"footnotes":""},"class_list":["post-11284","page","type-page","status-publish","has-post-thumbnail","hentry"],"_links":{"self":[{"href":"https:\/\/www.acusticauach.cl\/index.php?rest_route=\/wp\/v2\/pages\/11284","targetHints":{"allow":["GET"]}}],"collection":[{"href":"https:\/\/www.acusticauach.cl\/index.php?rest_route=\/wp\/v2\/pages"}],"about":[{"href":"https:\/\/www.acusticauach.cl\/index.php?rest_route=\/wp\/v2\/types\/page"}],"author":[{"embeddable":true,"href":"https:\/\/www.acusticauach.cl\/index.php?rest_route=\/wp\/v2\/users\/2"}],"replies":[{"embeddable":true,"href":"https:\/\/www.acusticauach.cl\/index.php?rest_route=%2Fwp%2Fv2%2Fcomments&post=11284"}],"version-history":[{"count":3,"href":"https:\/\/www.acusticauach.cl\/index.php?rest_route=\/wp\/v2\/pages\/11284\/revisions"}],"predecessor-version":[{"id":16964,"href":"https:\/\/www.acusticauach.cl\/index.php?rest_route=\/wp\/v2\/pages\/11284\/revisions\/16964"}],"up":[{"embeddable":true,"href":"https:\/\/www.acusticauach.cl\/index.php?rest_route=\/wp\/v2\/pages\/5913"}],"wp:featuredmedia":[{"embeddable":true,"href":"https:\/\/www.acusticauach.cl\/index.php?rest_route=\/wp\/v2\/media\/1941"}],"wp:attachment":[{"href":"https:\/\/www.acusticauach.cl\/index.php?rest_route=%2Fwp%2Fv2%2Fmedia&parent=11284"}],"curies":[{"name":"wp","href":"https:\/\/api.w.org\/{rel}","templated":true}]}}