{"id":10823,"date":"2018-12-28T13:49:58","date_gmt":"2018-12-28T16:49:58","guid":{"rendered":"http:\/\/www.acusticauach.cl\/?page_id=10823"},"modified":"2024-12-09T01:59:20","modified_gmt":"2024-12-09T04:59:20","slug":"rodrigo-torres-alarcon-2","status":"publish","type":"page","link":"https:\/\/www.acusticauach.cl\/?page_id=10823","title":{"rendered":"Felipe Figueroa G\u00f3mez"},"content":{"rendered":"<h2><strong>T\u00edtulos y Grados<\/strong><img decoding=\"async\" class=\"alignright wp-image-10824 size-full\" title=\"Prof Torres\" src=\"https:\/\/www.acusticauach.cl\/wp-content\/uploads\/2018\/12\/Felipe_Figueroa_300x200.png\" alt=\"\" width=\"200\" height=\"300\" \/><\/h2>\n<p>Ingeniero Civil Ac\u00fastico, Universidad Austral de Chile.<br \/>\nLicenciado en Ac\u00fastica, Universidad Austral de Chile.<br \/>\nMag\u00edster en Ac\u00fastica y Vibraciones, Universidad Austral de Chile.<\/p>\n<p style=\"text-align: justify;\">Felipe David Figueroa G\u00f3mez naci\u00f3 en Coyhaique, regi\u00f3n de Ays\u00e9n en el a\u00f1o 1987. Realiz\u00f3 sus estudios de ense\u00f1anza media en el Liceo San Felipe Benicio en Coyhaique y John F. Kennedy High School en Maryland, EUA. Desde el a\u00f1o 2006 se radica en Valdivia para desarrollar sus estudios en Ac\u00fastica de Pre y Posgrado.<br \/>\nEntre el a\u00f1o 2008 y 2014 se desempe\u00f1a como ayudante para de distintos cursos de pregrado en Ciencias B\u00e1sicas y Ac\u00fastica: Programaci\u00f3n, M\u00e9todos Num\u00e9ricos, T\u00e9cnicas de Grabaci\u00f3n I y II, Pr\u00e1ctica de Refuerzo sonoro y Ac\u00fastica Ambiental entre otros.<\/p>\n<p style=\"text-align: justify;\">El a\u00f1o 2013 ingresa al programa de Magister en Ac\u00fastica y Vibraciones de la UACh financiado por el proyecto FONDECYT Regular N\u00b01120347 \u00abAn Experimental Study Of Tool Wear Progression Based On Cutting Forces And Sound Pressure&#8230;\u00bb relacionado a la industria del procesamiento mec\u00e1nico de madera.<\/p>\n<p style=\"text-align: justify;\">Se ha desempe\u00f1ado en distintas \u00e1reas de docencia para estudiantes de ense\u00f1anza media, pre-universitaria y tutor\u00edas para estudiantes de primeros a\u00f1os en \u00e1reas f\u00edsicas y matem\u00e1ticas (\u00e1lgebra, calculo).<\/p>\n<p>Desde 2018 dicta asignaturas de ac\u00fastica para pregrado como Profesor Adjunto: Taller de Introducci\u00f3n al Audio Profesional, Taller de Introducci\u00f3n a la Ac\u00fastica, Proyecto Ac\u00fastico: Refuerzo Sonoro y Proyecto Ac\u00fastico: Acondicionamiento Ac\u00fastico.<\/p>\n<p style=\"text-align: justify;\"><strong>Actualizado el 05.07.2021.<\/strong><\/p>\n<p><a href=\"https:\/\/orcid.org\/0009-0005-0816-7547\" target=\"_blank\" rel=\"noopener\"><img decoding=\"async\" class=\"aligncenter wp-image-15778 size-full\" src=\"https:\/\/www.acusticauach.cl\/wp-content\/uploads\/2023\/05\/orcid.jpg\" alt=\"\" width=\"190\" height=\"107\" srcset=\"https:\/\/www.acusticauach.cl\/wp-content\/uploads\/2023\/05\/orcid.jpg 190w, https:\/\/www.acusticauach.cl\/wp-content\/uploads\/2023\/05\/orcid-125x70.jpg 125w, https:\/\/www.acusticauach.cl\/wp-content\/uploads\/2023\/05\/orcid-75x42.jpg 75w\" sizes=\"(max-width: 190px) 100vw, 190px\" \/><\/a><\/p>\n<p style=\"text-align: center;\"><a href=\"https:\/\/orcid.org\/0009-0005-0816-7547\" target=\"_blank\" rel=\"noopener\">https:\/\/orcid.org\/0009-0005-0816-7547<\/a><\/p>\n<h2><strong>Contacto<\/strong><\/h2>\n<ul>\n<li>Instituto de Ac\u00fastica<\/li>\n<li>Facultad de Ciencias de la Ingenier\u00eda<\/li>\n<li>Universidad Austral de Chile<\/li>\n<li>Edificio 6000, Campus Miraflores, Casilla 567, Valdivia, Chile<\/li>\n<li>Fax: (56 63) 2221013<\/li>\n<li>Fono: (56 63) 2221339<\/li>\n<li>Email: felipe.figueroa01@uach.cl<\/li>\n<\/ul>\n<p><a href=\"https:\/\/www.acusticauach.cl\/?page_id=139\">Profesores de Ac\u00fastica<\/a><\/p>\n","protected":false},"excerpt":{"rendered":"<p>T\u00edtulos y Grados Ingeniero Civil Ac\u00fastico, Universidad Austral de Chile. Licenciado en Ac\u00fastica, Universidad Austral de Chile. Mag\u00edster en Ac\u00fastica y Vibraciones, Universidad Austral de Chile. Felipe David Figueroa G\u00f3mez naci\u00f3 en Coyhaique, regi\u00f3n de Ays\u00e9n en el a\u00f1o 1987. Realiz\u00f3 sus estudios de ense\u00f1anza media en el Liceo San Felipe Benicio en Coyhaique y [&hellip;]<\/p>\n","protected":false},"author":2,"featured_media":0,"parent":139,"menu_order":0,"comment_status":"closed","ping_status":"closed","template":"","meta":{"footnotes":""},"class_list":["post-10823","page","type-page","status-publish","hentry"],"_links":{"self":[{"href":"https:\/\/www.acusticauach.cl\/index.php?rest_route=\/wp\/v2\/pages\/10823","targetHints":{"allow":["GET"]}}],"collection":[{"href":"https:\/\/www.acusticauach.cl\/index.php?rest_route=\/wp\/v2\/pages"}],"about":[{"href":"https:\/\/www.acusticauach.cl\/index.php?rest_route=\/wp\/v2\/types\/page"}],"author":[{"embeddable":true,"href":"https:\/\/www.acusticauach.cl\/index.php?rest_route=\/wp\/v2\/users\/2"}],"replies":[{"embeddable":true,"href":"https:\/\/www.acusticauach.cl\/index.php?rest_route=%2Fwp%2Fv2%2Fcomments&post=10823"}],"version-history":[{"count":0,"href":"https:\/\/www.acusticauach.cl\/index.php?rest_route=\/wp\/v2\/pages\/10823\/revisions"}],"up":[{"embeddable":true,"href":"https:\/\/www.acusticauach.cl\/index.php?rest_route=\/wp\/v2\/pages\/139"}],"wp:attachment":[{"href":"https:\/\/www.acusticauach.cl\/index.php?rest_route=%2Fwp%2Fv2%2Fmedia&parent=10823"}],"curies":[{"name":"wp","href":"https:\/\/api.w.org\/{rel}","templated":true}]}}