{"id":10040,"date":"2018-05-15T15:02:05","date_gmt":"2018-05-15T19:02:05","guid":{"rendered":"http:\/\/www.acusticauach.cl\/?page_id=10040"},"modified":"2019-11-05T15:05:28","modified_gmt":"2019-11-05T18:05:28","slug":"paisaje-sonoro-por-vr-presentacion-2-3-3-2","status":"publish","type":"page","link":"https:\/\/www.acusticauach.cl\/?page_id=10040","title":{"rendered":"Acerca de"},"content":{"rendered":"<p style=\"text-align: center;\"><a href=\"https:\/\/www.acusticauach.cl\/?page_id=9795\"><img decoding=\"async\" class=\"aligncenter wp-image-10043 size-full\" src=\"https:\/\/www.acusticauach.cl\/wp-content\/uploads\/2018\/05\/Plantilla-Encabezados-Acerca_de02.jpg\" alt=\"\" width=\"1000\" height=\"250\" srcset=\"https:\/\/www.acusticauach.cl\/wp-content\/uploads\/2018\/05\/Plantilla-Encabezados-Acerca_de02.jpg 1000w, https:\/\/www.acusticauach.cl\/wp-content\/uploads\/2018\/05\/Plantilla-Encabezados-Acerca_de02-300x75.jpg 300w, https:\/\/www.acusticauach.cl\/wp-content\/uploads\/2018\/05\/Plantilla-Encabezados-Acerca_de02-768x192.jpg 768w, https:\/\/www.acusticauach.cl\/wp-content\/uploads\/2018\/05\/Plantilla-Encabezados-Acerca_de02-700x175.jpg 700w, https:\/\/www.acusticauach.cl\/wp-content\/uploads\/2018\/05\/Plantilla-Encabezados-Acerca_de02-500x125.jpg 500w\" sizes=\"(max-width: 1000px) 100vw, 1000px\" \/><\/a><\/p>\n<p style=\"text-align: center;\"><a href=\"https:\/\/www.acusticauach.cl\/?page_id=9795\">Inicio<\/a>\u00a0<b>|\u00a0<\/b><a href=\"https:\/\/www.acusticauach.cl\/?page_id=9806\">Parque Urbano El Bosque<\/a>\u00a0|\u00a0<a href=\"https:\/\/www.acusticauach.cl\/?page_id=9820\">Paisaje Sonoro<\/a>\u00a0<b>|\u00a0<\/b><a href=\"https:\/\/www.acusticauach.cl\/?page_id=9830\">Estudio Realizado<\/a>\u00a0<b>|\u00a0<\/b><a href=\"https:\/\/www.acusticauach.cl\/?page_id=9835\">Entrada PUEB (Punto 1)<\/a>\u00a0<b>|\u00a0<\/b><a href=\"https:\/\/www.acusticauach.cl\/?page_id=9868\">Sendero Enredaderas (Punto 2)<\/a>\u00a0<b>|\u00a0<\/b><a href=\"https:\/\/www.acusticauach.cl\/?page_id=9873\">Sector Humedal (Punto 3)<\/a>\u00a0<b>|\u00a0<\/b><a href=\"https:\/\/www.acusticauach.cl\/?page_id=9876\">Sector Mirador (Punto 4)<\/a>\u00a0<b>|\u00a0<\/b><a href=\"https:\/\/www.acusticauach.cl\/?page_id=9879\">Sector Escenario (Punto 5)<\/a>\u00a0<b>|\u00a0<\/b><a href=\"https:\/\/www.acusticauach.cl\/?page_id=9959\">Resultados<\/a>\u00a0<b>|<\/b><a href=\"https:\/\/www.acusticauach.cl\/?page_id=10040\"> Acerca de<\/a><\/p>\n<p style=\"text-align: right;\">Fotograf\u00edas: <a href=\"https:\/\/www.flickr.com\/people\/parque_urbano_el_bosque\/\" target=\"_blank\" rel=\"noopener noreferrer\">Ver Flickr<\/a><\/p>\n<h2><\/h2>\n<hr \/>\n<h2><strong><img decoding=\"async\" class=\"alignleft wp-image-10098 size-medium\" src=\"https:\/\/www.acusticauach.cl\/wp-content\/uploads\/2018\/05\/CBrice\u00f1o11-200x300.jpg\" alt=\"\" width=\"200\" height=\"300\" srcset=\"https:\/\/www.acusticauach.cl\/wp-content\/uploads\/2018\/05\/CBrice\u00f1o11-200x300.jpg 200w, https:\/\/www.acusticauach.cl\/wp-content\/uploads\/2018\/05\/CBrice\u00f1o11.jpg 467w\" sizes=\"(max-width: 200px) 100vw, 200px\" \/>Crist\u00f3bal Brice\u00f1o<\/strong><\/h2>\n<p>Ingeniero Civil Ac\u00fastico (e), con amplia experiencia en registro de sonido en vivo, postproducci\u00f3n de audio, refuerzo sonoro, grabaci\u00f3n y sonido creativo. Sus principales trabajos los ha realizado en la <a href=\"http:\/\/www.orejadeoso.cl\/\" target=\"_blank\" rel=\"noopener noreferrer\"><strong>Productora Audiovisual Oreja de Oso<\/strong><\/a>, y en desempe\u00f1o independiente en funciones de\u00a0ingeniero en sonido.<\/p>\n<p>El presente estudio experimental es fruto del trabajo asociado a la tesis de titulaci\u00f3n para graduarse de Ingeniero Civil Ac\u00fastico y Licenciado en Ciencias de la Ingenier\u00eda de la Universidad Austral de Chile. El trabajo se titul\u00f3 \u00abESTUDIO DEL PAISAJE SONORO DEL PARQUE URBANO EL BOSQUE UTILIZANDO REALIDAD VIRTUAL\u00bb (2018).<\/p>\n<hr \/>\n<h2><strong><a href=\"http:\/\/www.orejadeoso.cl\/\" target=\"_blank\" rel=\"noopener noreferrer\"><img decoding=\"async\" class=\"wp-image-10035 size-thumbnail alignleft\" src=\"https:\/\/www.acusticauach.cl\/wp-content\/uploads\/2018\/05\/Oreja-de-Oso_02-150x150.png\" alt=\"\" width=\"150\" height=\"150\" srcset=\"https:\/\/www.acusticauach.cl\/wp-content\/uploads\/2018\/05\/Oreja-de-Oso_02-150x150.png 150w, https:\/\/www.acusticauach.cl\/wp-content\/uploads\/2018\/05\/Oreja-de-Oso_02-65x65.png 65w, https:\/\/www.acusticauach.cl\/wp-content\/uploads\/2018\/05\/Oreja-de-Oso_02-55x55.png 55w, https:\/\/www.acusticauach.cl\/wp-content\/uploads\/2018\/05\/Oreja-de-Oso_02-94x94.png 94w, https:\/\/www.acusticauach.cl\/wp-content\/uploads\/2018\/05\/Oreja-de-Oso_02-86x86.png 86w, https:\/\/www.acusticauach.cl\/wp-content\/uploads\/2018\/05\/Oreja-de-Oso_02-120x120.png 120w, https:\/\/www.acusticauach.cl\/wp-content\/uploads\/2018\/05\/Oreja-de-Oso_02-215x215.png 215w\" sizes=\"(max-width: 150px) 100vw, 150px\" \/><\/a>Oreja deOso <\/strong><\/h2>\n<p><strong>(<a href=\"http:\/\/www.orejadeoso.cl\/\" target=\"_blank\" rel=\"noopener noreferrer\">http:\/\/www.orejadeoso.cl\/<\/a>)<\/strong><\/p>\n<p>Es una productora audiovisual de Valdivia, Chile. Una ciudad que respira en funci\u00f3n de la creatividad, donde el r\u00edo, el bosque y la cultura se unen para hacer brotar expresiones como el cine y la m\u00fasica.<\/p>\n<p>Oreja de Oso es un equipo multidisciplinario capaz de resolver de forma integral las necesidades de audio de tu proyecto. Manejamos cada parte del desarrollo del sonido, lo que nos hace flexibles a adaptarnos a los requerimientos particulares de cada trabajo: \u00absomos el sonido de tu imagen\u00bb.<\/p>\n<p style=\"text-align: right;\">Actualizado el 15 de mayo de 2018.<\/p>\n<hr \/>\n<p style=\"text-align: center;\"><a href=\"https:\/\/www.acusticauach.cl\/?page_id=9795\">Inicio<\/a>\u00a0<b>|\u00a0<\/b><a href=\"https:\/\/www.acusticauach.cl\/?page_id=9806\">Parque Urbano El Bosque<\/a>\u00a0|\u00a0<a href=\"https:\/\/www.acusticauach.cl\/?page_id=9820\">Paisaje Sonoro<\/a>\u00a0<b>|\u00a0<\/b><a href=\"https:\/\/www.acusticauach.cl\/?page_id=9830\">Estudio Realizado<\/a>\u00a0<b>|\u00a0<\/b><a href=\"https:\/\/www.acusticauach.cl\/?page_id=9835\">Entrada PUEB (Punto 1)<\/a>\u00a0<b>|\u00a0<\/b><a href=\"https:\/\/www.acusticauach.cl\/?page_id=9868\">Sendero Enredaderas (Punto 2)<\/a>\u00a0<b>|\u00a0<\/b><a href=\"https:\/\/www.acusticauach.cl\/?page_id=9873\">Sector Humedal (Punto 3)<\/a>\u00a0<b>|\u00a0<\/b><a href=\"https:\/\/www.acusticauach.cl\/?page_id=9876\">Sector Mirador (Punto 4)<\/a>\u00a0<b>|\u00a0<\/b><a href=\"https:\/\/www.acusticauach.cl\/?page_id=9879\">Sector Escenario (Punto 5)<\/a>\u00a0<b>|\u00a0<\/b><a href=\"https:\/\/www.acusticauach.cl\/?page_id=9959\">Resultados<\/a>\u00a0<b>|<\/b><a href=\"https:\/\/www.acusticauach.cl\/?page_id=10040\">\u00a0Acerca de<\/a><\/p>\n","protected":false},"excerpt":{"rendered":"<p>Inicio\u00a0|\u00a0Parque Urbano El Bosque\u00a0|\u00a0Paisaje Sonoro\u00a0|\u00a0Estudio Realizado\u00a0|\u00a0Entrada PUEB (Punto 1)\u00a0|\u00a0Sendero Enredaderas (Punto 2)\u00a0|\u00a0Sector Humedal (Punto 3)\u00a0|\u00a0Sector Mirador (Punto 4)\u00a0|\u00a0Sector Escenario (Punto 5)\u00a0|\u00a0Resultados\u00a0| Acerca de Fotograf\u00edas: Ver Flickr Crist\u00f3bal Brice\u00f1o Ingeniero Civil Ac\u00fastico (e), con amplia experiencia en registro de sonido en vivo, postproducci\u00f3n de audio, refuerzo sonoro, grabaci\u00f3n y sonido creativo. Sus principales trabajos los ha [&hellip;]<\/p>\n","protected":false},"author":2,"featured_media":0,"parent":0,"menu_order":0,"comment_status":"closed","ping_status":"closed","template":"","meta":{"footnotes":""},"class_list":["post-10040","page","type-page","status-publish","hentry"],"_links":{"self":[{"href":"https:\/\/www.acusticauach.cl\/index.php?rest_route=\/wp\/v2\/pages\/10040","targetHints":{"allow":["GET"]}}],"collection":[{"href":"https:\/\/www.acusticauach.cl\/index.php?rest_route=\/wp\/v2\/pages"}],"about":[{"href":"https:\/\/www.acusticauach.cl\/index.php?rest_route=\/wp\/v2\/types\/page"}],"author":[{"embeddable":true,"href":"https:\/\/www.acusticauach.cl\/index.php?rest_route=\/wp\/v2\/users\/2"}],"replies":[{"embeddable":true,"href":"https:\/\/www.acusticauach.cl\/index.php?rest_route=%2Fwp%2Fv2%2Fcomments&post=10040"}],"version-history":[{"count":0,"href":"https:\/\/www.acusticauach.cl\/index.php?rest_route=\/wp\/v2\/pages\/10040\/revisions"}],"wp:attachment":[{"href":"https:\/\/www.acusticauach.cl\/index.php?rest_route=%2Fwp%2Fv2%2Fmedia&parent=10040"}],"curies":[{"name":"wp","href":"https:\/\/api.w.org\/{rel}","templated":true}]}}

<p style="text-align: center;"><a href="https://www.acusticauach.cl/?page_id=9795"><img decoding="async" class="aligncenter wp-image-10043 size-full" src="https://www.acusticauach.cl/wp-content/uploads/2018/05/Plantilla-Encabezados-Acerca_de02.jpg" alt="" width="1000" height="250" srcset="https://www.acusticauach.cl/wp-content/uploads/2018/05/Plantilla-Encabezados-Acerca_de02.jpg 1000w, https://www.acusticauach.cl/wp-content/uploads/2018/05/Plantilla-Encabezados-Acerca_de02-300x75.jpg 300w, https://www.acusticauach.cl/wp-content/uploads/2018/05/Plantilla-Encabezados-Acerca_de02-768x192.jpg 768w, https://www.acusticauach.cl/wp-content/uploads/2018/05/Plantilla-Encabezados-Acerca_de02-700x175.jpg 700w, https://www.acusticauach.cl/wp-content/uploads/2018/05/Plantilla-Encabezados-Acerca_de02-500x125.jpg 500w" sizes="(max-width: 1000px) 100vw, 1000px" /></a></p>
<p style="text-align: center;"><a href="https://www.acusticauach.cl/?page_id=9795">Inicio</a> <b>| </b><a href="https://www.acusticauach.cl/?page_id=9806">Parque Urbano El Bosque</a> | <a href="https://www.acusticauach.cl/?page_id=9820">Paisaje Sonoro</a> <b>| </b><a href="https://www.acusticauach.cl/?page_id=9830">Estudio Realizado</a> <b>| </b><a href="https://www.acusticauach.cl/?page_id=9835">Entrada PUEB (Punto 1)</a> <b>| </b><a href="https://www.acusticauach.cl/?page_id=9868">Sendero Enredaderas (Punto 2)</a> <b>| </b><a href="https://www.acusticauach.cl/?page_id=9873">Sector Humedal (Punto 3)</a> <b>| </b><a href="https://www.acusticauach.cl/?page_id=9876">Sector Mirador (Punto 4)</a> <b>| </b><a href="https://www.acusticauach.cl/?page_id=9879">Sector Escenario (Punto 5)</a> <b>| </b><a href="https://www.acusticauach.cl/?page_id=9959">Resultados</a> <b>|</b><a href="https://www.acusticauach.cl/?page_id=10040"> Acerca de</a></p>
<p style="text-align: right;">Fotografías: <a href="https://www.flickr.com/people/parque_urbano_el_bosque/" target="_blank" rel="noopener noreferrer">Ver Flickr</a></p>
<h2></h2>
<hr />
<h2><strong><img decoding="async" class="alignleft wp-image-10098 size-medium" src="https://www.acusticauach.cl/wp-content/uploads/2018/05/CBriceño11-200x300.jpg" alt="" width="200" height="300" srcset="https://www.acusticauach.cl/wp-content/uploads/2018/05/CBriceño11-200x300.jpg 200w, https://www.acusticauach.cl/wp-content/uploads/2018/05/CBriceño11.jpg 467w" sizes="(max-width: 200px) 100vw, 200px" />Cristóbal Briceño</strong></h2>
<p>Ingeniero Civil Acústico (e), con amplia experiencia en registro de sonido en vivo, postproducción de audio, refuerzo sonoro, grabación y sonido creativo. Sus principales trabajos los ha realizado en la <a href="http://www.orejadeoso.cl/" target="_blank" rel="noopener noreferrer"><strong>Productora Audiovisual Oreja de Oso</strong></a>, y en desempeño independiente en funciones de ingeniero en sonido.</p>
<p>El presente estudio experimental es fruto del trabajo asociado a la tesis de titulación para graduarse de Ingeniero Civil Acústico y Licenciado en Ciencias de la Ingeniería de la Universidad Austral de Chile. El trabajo se tituló «ESTUDIO DEL PAISAJE SONORO DEL PARQUE URBANO EL BOSQUE UTILIZANDO REALIDAD VIRTUAL» (2018).</p>
<hr />
<h2><strong><a href="http://www.orejadeoso.cl/" target="_blank" rel="noopener noreferrer"><img decoding="async" class="wp-image-10035 size-thumbnail alignleft" src="https://www.acusticauach.cl/wp-content/uploads/2018/05/Oreja-de-Oso_02-150x150.png" alt="" width="150" height="150" srcset="https://www.acusticauach.cl/wp-content/uploads/2018/05/Oreja-de-Oso_02-150x150.png 150w, https://www.acusticauach.cl/wp-content/uploads/2018/05/Oreja-de-Oso_02-65x65.png 65w, https://www.acusticauach.cl/wp-content/uploads/2018/05/Oreja-de-Oso_02-55x55.png 55w, https://www.acusticauach.cl/wp-content/uploads/2018/05/Oreja-de-Oso_02-94x94.png 94w, https://www.acusticauach.cl/wp-content/uploads/2018/05/Oreja-de-Oso_02-86x86.png 86w, https://www.acusticauach.cl/wp-content/uploads/2018/05/Oreja-de-Oso_02-120x120.png 120w, https://www.acusticauach.cl/wp-content/uploads/2018/05/Oreja-de-Oso_02-215x215.png 215w" sizes="(max-width: 150px) 100vw, 150px" /></a>Oreja deOso </strong></h2>
<p><strong>(<a href="http://www.orejadeoso.cl/" target="_blank" rel="noopener noreferrer">http://www.orejadeoso.cl/</a>)</strong></p>
<p>Es una productora audiovisual de Valdivia, Chile. Una ciudad que respira en función de la creatividad, donde el río, el bosque y la cultura se unen para hacer brotar expresiones como el cine y la música.</p>
<p>Oreja de Oso es un equipo multidisciplinario capaz de resolver de forma integral las necesidades de audio de tu proyecto. Manejamos cada parte del desarrollo del sonido, lo que nos hace flexibles a adaptarnos a los requerimientos particulares de cada trabajo: «somos el sonido de tu imagen».</p>
<p style="text-align: right;">Actualizado el 15 de mayo de 2018.</p>
<hr />
<p style="text-align: center;"><a href="https://www.acusticauach.cl/?page_id=9795">Inicio</a> <b>| </b><a href="https://www.acusticauach.cl/?page_id=9806">Parque Urbano El Bosque</a> | <a href="https://www.acusticauach.cl/?page_id=9820">Paisaje Sonoro</a> <b>| </b><a href="https://www.acusticauach.cl/?page_id=9830">Estudio Realizado</a> <b>| </b><a href="https://www.acusticauach.cl/?page_id=9835">Entrada PUEB (Punto 1)</a> <b>| </b><a href="https://www.acusticauach.cl/?page_id=9868">Sendero Enredaderas (Punto 2)</a> <b>| </b><a href="https://www.acusticauach.cl/?page_id=9873">Sector Humedal (Punto 3)</a> <b>| </b><a href="https://www.acusticauach.cl/?page_id=9876">Sector Mirador (Punto 4)</a> <b>| </b><a href="https://www.acusticauach.cl/?page_id=9879">Sector Escenario (Punto 5)</a> <b>| </b><a href="https://www.acusticauach.cl/?page_id=9959">Resultados</a> <b>|</b><a href="https://www.acusticauach.cl/?page_id=10040"> Acerca de</a></p>

<p>Inicio | Parque Urbano El Bosque | Paisaje Sonoro | Estudio Realizado | Entrada PUEB (Punto 1) | Sendero Enredaderas (Punto 2) | Sector Humedal (Punto 3) | Sector Mirador (Punto 4) | Sector Escenario (Punto 5) | Resultados | Acerca de Fotografías: Ver Flickr Cristóbal Briceño Ingeniero Civil Acústico (e), con amplia experiencia en registro de sonido en vivo, postproducción de audio, refuerzo sonoro, grabación y sonido creativo. Sus principales trabajos los ha [&hellip;]</p>
