{"id":4404,"date":"2025-08-11T00:12:12","date_gmt":"2025-08-11T03:12:12","guid":{"rendered":"https:\/\/www.acusticauach.cl\/fusa\/?page_id=4404"},"modified":"2025-08-18T01:21:19","modified_gmt":"2025-08-18T04:21:19","slug":"entidades-asociadas-fusa-roads","status":"publish","type":"page","link":"https:\/\/www.acusticauach.cl\/fusa\/entidades-asociadas-fusa-roads\/","title":{"rendered":"Entidades Asociadas FuSA Roads"},"content":{"rendered":"\t\t<div data-elementor-type=\"wp-page\" data-elementor-id=\"4404\" class=\"elementor elementor-4404\">\n\t\t\t\t        <section class=\"elementor-section elementor-top-section elementor-element elementor-element-6c5729f0 elementor-section-boxed elementor-section-height-default elementor-section-height-default\" data-id=\"6c5729f0\" data-element_type=\"section\">\n            \n                        <div class=\"elementor-container elementor-column-gap-default \">\n                            <div class=\"elementor-row\">\n                    <div class=\"elementor-column elementor-col-100 elementor-top-column elementor-element elementor-element-65cf2796\" data-id=\"65cf2796\" data-element_type=\"column\">\n            <div class=\"elementor-column-wrap elementor-element-populated\">\n                            <div class=\"elementor-widget-wrap\">\n                \t\t<div class=\"elementor-element elementor-element-723f83dd elementor-widget elementor-widget-text-editor\" data-id=\"723f83dd\" data-element_type=\"widget\" data-widget_type=\"text-editor.default\">\n\t\t\t\t<div class=\"elementor-widget-container\">\n\t\t\t\t\t\t\t\t\t<h2>Alianzas estrat\u00e9gicas acordes con un desafiante desarrollo tecnol\u00f3gico<\/h2>\n<p>Las entidades asociadas participan con horas profesionales de contraparte, definiendo requisitos de uso y protocolos, facilita el software de mapas de ruido, proveen datasets de estudios y redes de monitoreo, bases de datos de estudios y monitoreo de ruido, servicio de estaciones certificadas de medici\u00f3n de ruido.<\/p>\n<p><br \/>Las entidades asociadas han declarado inter\u00e9s en ser usuario del sistema, promover su uso, e implementar soluciones tecnol\u00f3gicas para ampliar los servicios profesionales y de investigaci\u00f3n en el \u00e1rea de la ac\u00fastica ambiental y fuentes sonoras.<\/p>\n<p>\u00a0<\/p>\n<p><!-- \/wp:list-item --><\/p>\n<p><!-- \/wp:list --><\/p>\n<p><!-- wp:paragraph --><\/p>\n<p><!-- \/wp:paragraph --><\/p>\n<p><!-- wp:heading {\"level\":3} --><\/p>\n<h3 class=\"wp-block-heading\">Ministerio del Medio Ambiente (Mandante)<\/h3>\n<p><!-- \/wp:heading --><\/p>\n<p><!-- wp:image {\"align\":\"center\",\"id\":4045,\"sizeSlug\":\"full\",\"linkDestination\":\"none\"} --><\/p>\n<figure class=\"wp-block-image aligncenter size-full\"><img decoding=\"async\" width=\"300\" height=\"150\" class=\"wp-image-4045\" src=\"https:\/\/www.acusticauach.cl\/fusa\/wp-content\/uploads\/2023\/05\/mma_300x150-1.jpg\" alt=\"\" \/><\/figure>\n<p><!-- \/wp:image --><\/p>\n<p><!-- wp:paragraph --><\/p>\n<p><a href=\"https:\/\/ruido.mma.gob.cl\/\" target=\"_blank\" rel=\"noreferrer noopener\">https:\/\/ruido.mma.gob.cl\/ <\/a><\/p>\n<p><!-- \/wp:paragraph --><\/p>\n<p><!-- wp:paragraph --><\/p>\n<p>\u00d3rgano del Estado encargado de colaborar con el presidente de la Rep\u00fablica en el dise\u00f1o y aplicaci\u00f3n de pol\u00edticas, planes y programas en materia ambiental, as\u00ed como en la protecci\u00f3n y conservaci\u00f3n de la diversidad biol\u00f3gica y de los recursos naturales renovables e h\u00eddricos, promoviendo el desarrollo sustentable, la integridad de la pol\u00edtica ambiental y su regulaci\u00f3n normativa.<\/p>\n<p>\u00a0<\/p>\n<p><!-- \/wp:paragraph --><\/p>\n<p><!-- wp:heading {\"level\":3} --><\/p>\n<h3 class=\"wp-block-heading\">VitGlobal<\/h3>\n<p><!-- \/wp:heading --><\/p>\n<p><!-- wp:image {\"align\":\"center\",\"id\":3759,\"sizeSlug\":\"full\",\"linkDestination\":\"none\"} --><\/p>\n<figure class=\"wp-block-image aligncenter size-full\"><img decoding=\"async\" width=\"300\" height=\"150\" class=\"wp-image-3759\" src=\"https:\/\/www.acusticauach.cl\/fusa\/wp-content\/uploads\/2022\/09\/socios04.jpg\" alt=\"\" \/><\/figure>\n<p><!-- \/wp:image --><\/p>\n<p><!-- wp:paragraph --><\/p>\n<p><a href=\"http:\/\/www.vitglobal.com\">www.vitglobal.com<\/a><\/p>\n<p><!-- \/wp:paragraph --><\/p>\n<p><!-- wp:paragraph --><\/p>\n<p>Empresa proveedora de equipamiento especializado, consultor\u00eda y servicios en la nube. Por m\u00e1s de 20 a\u00f1os ha desarrollado soluciones tecnol\u00f3gicas que combinan programaci\u00f3n de software, metrolog\u00eda ac\u00fastica, desarrollo electr\u00f3nico, integraci\u00f3n de hardware, software y telecomunicaciones, adaptadas a las necesidades de cada cliente. Ha desarrollado la l\u00ednea de monitores de Ruido eRuido, y proveen diversos servicios de ingenier\u00eda de datos.<\/p>\n<p>\u00a0<\/p>\n<p><!-- \/wp:paragraph --><\/p>\n<p><!-- wp:heading {\"level\":3} --><\/p>\n<h3 class=\"wp-block-heading\">Ac\u00fastica Austral<\/h3>\n<p><!-- \/wp:heading --><\/p>\n<p><!-- wp:image {\"align\":\"center\",\"id\":3762,\"sizeSlug\":\"full\",\"linkDestination\":\"none\"} --><\/p>\n<figure class=\"wp-block-image aligncenter size-full\"><img decoding=\"async\" class=\"aligncenter wp-image-4408 size-full\" src=\"https:\/\/www.acusticauach.cl\/fusa\/wp-content\/uploads\/2025\/08\/AAustral.jpg\" alt=\"\" width=\"319\" height=\"99\" srcset=\"https:\/\/www.acusticauach.cl\/fusa\/wp-content\/uploads\/2025\/08\/AAustral.jpg 319w, https:\/\/www.acusticauach.cl\/fusa\/wp-content\/uploads\/2025\/08\/AAustral-300x93.jpg 300w\" sizes=\"(max-width: 319px) 100vw, 319px\" \/><\/figure>\n<p><!-- \/wp:image --><\/p>\n<p><!-- wp:paragraph --><\/p>\n<p><!-- \/wp:paragraph --><\/p>\n<p><!-- wp:paragraph --><\/p>\n<p><a href=\"https:\/\/acusticaustral.cl\/\" target=\"_blank\" rel=\"noopener\">https:\/\/acusticaustral.cl\/<\/a><\/p>\n<p>Empresa de ingenier\u00eda especializada en soluciones efectivas para controlar ruido y vibraciones ambientales, protegiendo la salud de las personas y la fauna nativa.<\/p>\n<div class=\"elementor-element elementor-element-88c86dd elementor-widget__width-initial elementor-widget elementor-widget-text-editor\" data-id=\"88c86dd\" data-element_type=\"widget\" data-widget_type=\"text-editor.default\">\n<p>Han desarrollado m\u00e1s de 800 proyectos y participado como consultores en los principales proyectos gubernamentales del pa\u00eds, que los posiciona como referentes t\u00e9cnicos en la materia.\u00a0\u00a0<\/p>\n<\/div>\n<p><!-- \/wp:paragraph --><\/p>\t\t\t\t\t\t\t\t<\/div>\n\t\t\t\t<\/div>\n\t\t                <\/div>\n                    <\/div>\n        <\/div>\n                                <\/div>\n                    <\/div>\n        <\/section>\n        \t\t<\/div>\n\t\t","protected":false},"excerpt":{"rendered":"<p>Alianzas estrat\u00e9gicas acordes con un desafiante desarrollo tecnol\u00f3gico Las entidades asociadas participan con horas profesionales de contraparte, definiendo requisitos de uso y protocolos, facilita el software de mapas de ruido, proveen datasets de estudios y redes de monitoreo, bases de datos de estudios y monitoreo de ruido, servicio de estaciones certificadas de medici\u00f3n de ruido. [&hellip;]<\/p>\n","protected":false},"author":2,"featured_media":4486,"parent":0,"menu_order":0,"comment_status":"closed","ping_status":"closed","template":"","meta":{"footnotes":""},"class_list":["post-4404","page","type-page","status-publish","has-post-thumbnail","hentry"],"_links":{"self":[{"href":"https:\/\/www.acusticauach.cl\/fusa\/wp-json\/wp\/v2\/pages\/4404","targetHints":{"allow":["GET"]}}],"collection":[{"href":"https:\/\/www.acusticauach.cl\/fusa\/wp-json\/wp\/v2\/pages"}],"about":[{"href":"https:\/\/www.acusticauach.cl\/fusa\/wp-json\/wp\/v2\/types\/page"}],"author":[{"embeddable":true,"href":"https:\/\/www.acusticauach.cl\/fusa\/wp-json\/wp\/v2\/users\/2"}],"replies":[{"embeddable":true,"href":"https:\/\/www.acusticauach.cl\/fusa\/wp-json\/wp\/v2\/comments?post=4404"}],"version-history":[{"count":18,"href":"https:\/\/www.acusticauach.cl\/fusa\/wp-json\/wp\/v2\/pages\/4404\/revisions"}],"predecessor-version":[{"id":4661,"href":"https:\/\/www.acusticauach.cl\/fusa\/wp-json\/wp\/v2\/pages\/4404\/revisions\/4661"}],"wp:featuredmedia":[{"embeddable":true,"href":"https:\/\/www.acusticauach.cl\/fusa\/wp-json\/wp\/v2\/media\/4486"}],"wp:attachment":[{"href":"https:\/\/www.acusticauach.cl\/fusa\/wp-json\/wp\/v2\/media?parent=4404"}],"curies":[{"name":"wp","href":"https:\/\/api.w.org\/{rel}","templated":true}]}}