{"id":4358,"date":"2025-08-07T00:25:44","date_gmt":"2025-08-07T03:25:44","guid":{"rendered":"https:\/\/www.acusticauach.cl\/fusa\/?page_id=4358"},"modified":"2025-10-13T06:52:25","modified_gmt":"2025-10-13T09:52:25","slug":"proyecto-fusa-roads-fondef-it24i0161","status":"publish","type":"page","link":"https:\/\/www.acusticauach.cl\/fusa\/proyecto-fusa-roads-fondef-it24i0161\/","title":{"rendered":"Proyecto FuSA Roads (FONDEF IT24I0161)"},"content":{"rendered":"\t\t<div data-elementor-type=\"wp-page\" data-elementor-id=\"4358\" class=\"elementor elementor-4358\">\n\t\t\t\t        <section class=\"elementor-section elementor-top-section elementor-element elementor-element-3b937ea3 elementor-section-boxed elementor-section-height-default elementor-section-height-default\" data-id=\"3b937ea3\" data-element_type=\"section\">\n            \n                        <div class=\"elementor-container elementor-column-gap-default \">\n                            <div class=\"elementor-row\">\n                    <div class=\"elementor-column elementor-col-100 elementor-top-column elementor-element elementor-element-45fb338c\" data-id=\"45fb338c\" data-element_type=\"column\">\n            <div class=\"elementor-column-wrap elementor-element-populated\">\n                            <div class=\"elementor-widget-wrap\">\n                \t\t<div class=\"elementor-element elementor-element-350d113e elementor-widget elementor-widget-text-editor\" data-id=\"350d113e\" data-element_type=\"widget\" data-widget_type=\"text-editor.default\">\n\t\t\t\t<div class=\"elementor-widget-container\">\n\t\t\t\t\t\t\t\t\t<h2><img fetchpriority=\"high\" decoding=\"async\" class=\"aligncenter wp-image-4572 size-full\" src=\"https:\/\/www.acusticauach.cl\/fusa\/wp-content\/uploads\/2025\/08\/logoFUSAROADS_vectorVF2.png\" alt=\"\" width=\"1024\" height=\"466\" srcset=\"https:\/\/www.acusticauach.cl\/fusa\/wp-content\/uploads\/2025\/08\/logoFUSAROADS_vectorVF2.png 1024w, https:\/\/www.acusticauach.cl\/fusa\/wp-content\/uploads\/2025\/08\/logoFUSAROADS_vectorVF2-300x137.png 300w, https:\/\/www.acusticauach.cl\/fusa\/wp-content\/uploads\/2025\/08\/logoFUSAROADS_vectorVF2-768x350.png 768w\" sizes=\"(max-width: 1024px) 100vw, 1024px\" \/><\/h2>\n<h2 class=\"wp-block-heading\"><strong>Resumen<\/strong><\/h2>\n<p><!-- \/wp:heading --><!-- wp:paragraph --><\/p>\n<p>El proyecto FuSA Roads se trata de una iniciativa desarrollada por Laboratorio de Ac\u00fastica Ambiental LABACAM del Instituto de Ac\u00fastica de la Universidad Austral de Chile, que plantea la implementaci\u00f3n de un sistema de an\u00e1lisis de video y audio sumado al uso de tecnolog\u00edas de la informaci\u00f3n y ciencia de datos para la detecci\u00f3n y clasificaci\u00f3n autom\u00e1tica de flujos vehiculares.<\/p>\n<p><a href=\"https:\/\/www.acusticauach.cl\/?page_id=13666\"><img decoding=\"async\" class=\"aligncenter wp-image-4224 size-large\" src=\"https:\/\/www.acusticauach.cl\/fusa\/wp-content\/uploads\/2023\/06\/LABACAM_V1_01@150x-1024x383.png\" alt=\"\" width=\"640\" height=\"239\" srcset=\"https:\/\/www.acusticauach.cl\/fusa\/wp-content\/uploads\/2023\/06\/LABACAM_V1_01@150x-1024x383.png 1024w, https:\/\/www.acusticauach.cl\/fusa\/wp-content\/uploads\/2023\/06\/LABACAM_V1_01@150x-300x112.png 300w, https:\/\/www.acusticauach.cl\/fusa\/wp-content\/uploads\/2023\/06\/LABACAM_V1_01@150x-768x287.png 768w, https:\/\/www.acusticauach.cl\/fusa\/wp-content\/uploads\/2023\/06\/LABACAM_V1_01@150x-1536x574.png 1536w, https:\/\/www.acusticauach.cl\/fusa\/wp-content\/uploads\/2023\/06\/LABACAM_V1_01@150x.png 1882w\" sizes=\"(max-width: 640px) 100vw, 640px\" \/><\/a><\/p>\n<p>Este trabajo se basa en el desarrollo de un sistema basado en redes neuronales artificiales profundas para identificar fuentes sonoras vehiculares para generar mapas de ruido, y est\u00e1 orientado a colaborar en la gesti\u00f3n de una futura norma primaria de calidad ambiental para el contaminante ruido, necesidad detectada por el Ministerio del Medio Ambiente en la realizaci\u00f3n de mapas de ruido ambiental.<\/p>\n<p><img decoding=\"async\" class=\"aligncenter size-full wp-image-4485\" src=\"https:\/\/www.acusticauach.cl\/fusa\/wp-content\/uploads\/2025\/08\/TRANSITO_13.jpg\" alt=\"\" width=\"1000\" height=\"563\" srcset=\"https:\/\/www.acusticauach.cl\/fusa\/wp-content\/uploads\/2025\/08\/TRANSITO_13.jpg 1000w, https:\/\/www.acusticauach.cl\/fusa\/wp-content\/uploads\/2025\/08\/TRANSITO_13-300x169.jpg 300w, https:\/\/www.acusticauach.cl\/fusa\/wp-content\/uploads\/2025\/08\/TRANSITO_13-768x432.jpg 768w\" sizes=\"(max-width: 1000px) 100vw, 1000px\" \/><\/p>\n<p>\u00a0<\/p>\n<p>FONDEF IT24I0161 FuSA ROADS \u2013 Sistema Inteligente de Reconocimiento de Fuentes Sonoras Vehiculares en Mapas de Ruido para una Norma Primaria de Calidad Ambiental para Ruido \u2013 fecha de inicio del proyecto es 15\/10\/2024, y fecha de t\u00e9rmino 14\/10\/2026.<\/p>\n<h2 class=\"wp-block-heading\"><strong>Objetivos del Proyecto<\/strong><\/h2>\n<p><!-- \/wp:heading --><!-- wp:heading {\"level\":4} --><\/p>\n<h4 class=\"wp-block-heading\">i. Objetivo General:<\/h4>\n<p><!-- \/wp:heading --><!-- wp:paragraph --><\/p>\n<p>Desarrollar un sistema basado en redes neuronales artificiales profundas para identificar fuentes sonoras vehiculares con el fin de generar mapas de ruido y as\u00ed, gestionar una norma primaria de calidad ambiental para el ruido.<\/p>\n<p><!-- \/wp:paragraph --><!-- wp:heading {\"level\":4} --><\/p>\n<h4 class=\"wp-block-heading\">ii. Objetivos Espec\u00edficos:<\/h4>\n<p><!-- \/wp:heading --><!-- wp:paragraph --><\/p>\n<p>OE1:\u00a0Proponer, implementar, entrenar y evaluar el desempe\u00f1o de modelos basados en redes neuronales artificiales profundas para detectar y clasificar fuentes sonoras vehiculares ambientales a partir de bases de datos diversas. \u00a0<\/p>\n<p><!-- \/wp:paragraph --><!-- wp:paragraph --><\/p>\n<p>OE2:\u00a0Dise\u00f1ar, implementar y desplegar una arquitectura de software escalable, evolutiva y portable, que organice la recopilaci\u00f3n de flujos de datos de origen sonoro (medici\u00f3n ac\u00fastica, de audio y video), el enrutamiento y an\u00e1lisis de datos, y el almacenamiento oportuno de \u00a0 los resultados, seg\u00fan criterios de representatividad espacial y temporal necesarios para mapas de ruido.<\/p>\n<p><!-- \/wp:paragraph --><!-- wp:paragraph --><\/p>\n<p>OE3: Dise\u00f1ar, probar y validar escenarios de uso del sistema FuSA ROADS, especificando una taxonom\u00eda de fuentes sonoras vehiculares relevantes y disponiendo de una representatividad ac\u00fastica apropiada para mapas de ruido, que respondan a las necesidades del Ministerio del Medio Ambiente, empresas.<\/p>\n<p><img loading=\"lazy\" decoding=\"async\" class=\"aligncenter size-full wp-image-4486\" src=\"https:\/\/www.acusticauach.cl\/fusa\/wp-content\/uploads\/2025\/08\/TRANSITO_11.jpg\" alt=\"\" width=\"1000\" height=\"562\" srcset=\"https:\/\/www.acusticauach.cl\/fusa\/wp-content\/uploads\/2025\/08\/TRANSITO_11.jpg 1000w, https:\/\/www.acusticauach.cl\/fusa\/wp-content\/uploads\/2025\/08\/TRANSITO_11-300x169.jpg 300w, https:\/\/www.acusticauach.cl\/fusa\/wp-content\/uploads\/2025\/08\/TRANSITO_11-768x432.jpg 768w\" sizes=\"(max-width: 1000px) 100vw, 1000px\" \/><\/p>\n<h2><b>\u00bfPor qu\u00e9 analizar fuentes sonoras vehiculares?<\/b><\/h2>\n<p><span style=\"font-weight: 400;\">La exposici\u00f3n al ruido ambiental representa peligros para la salud humana con amplio estudio y evidencia cient\u00edfica, aumentando el riesgo de padecer trastornos cardiovasculares, endocrinos, g\u00e1stricos y respiratorios, adem\u00e1s de generar deterioros en la salud mental tales como trastorno del sue\u00f1o, estr\u00e9s, depresi\u00f3n, irritabilidad, frustraci\u00f3n y molestia. Todo esto se traduce finalmente en aumentos de la tasa de mortalidad asociadas a dichas enfermedades.<\/span><\/p>\n<p><span style=\"font-weight: 400;\">En ni\u00f1os el impacto incluye disminuci\u00f3n de la comprensi\u00f3n lectora, dificultades de conducta y obesidad. En t\u00e9rminos de evidencia emergente, el ruido de tr\u00e1nsito ha sido vinculado a ciertos tipos de c\u00e1ncer, demencia, suicidios y depresi\u00f3n. Tambi\u00e9n se ha relacionado a patolog\u00edas como tinnitus, problemas respiratorios, infertilidad y una variedad de enfermedades con desenlace mortal. Diversas nuevas investigaciones tambi\u00e9n han provisto nociones m\u00e1s finas de la relaci\u00f3n entre la exposici\u00f3n al ruido de tr\u00e1nsito vehicular y enfermedades cardiometab\u00f3licas como enfermedad isqu\u00e9mica del coraz\u00f3n, infartos y diabetes.\u00a0<\/span><\/p>\n<p><span style=\"font-weight: 400;\">Por ello, la Organizaci\u00f3n Mundial de la Salud ha establecido recomendaciones respecto a los niveles de exposici\u00f3n al ruido de tr\u00e1nsito vehicular, considerada actualmente la principal fuente de ruido ambiental en las ciudades, estableciendo los siguientes l\u00edmites:<\/span><\/p>\n<ul>\n<li style=\"font-weight: 400;\" aria-level=\"1\"><span style=\"font-weight: 400;\">53 dBA para el per\u00edodo d\u00eda-tarde-noche.<\/span><\/li>\n<li style=\"font-weight: 400;\" aria-level=\"1\"><span style=\"font-weight: 400;\">45 dBA para per\u00edodo nocturno.<\/span><\/li>\n<\/ul>\n<p><span style=\"font-weight: 400;\">Nota: dBA hace relaci\u00f3n al nivel sonoro ajustado a la sensibilidad de la audici\u00f3n humana.<\/span><\/p>\n<p><img loading=\"lazy\" decoding=\"async\" class=\"aligncenter size-full wp-image-4479\" src=\"https:\/\/www.acusticauach.cl\/fusa\/wp-content\/uploads\/2025\/08\/TRANSITO_04.jpg\" alt=\"\" width=\"800\" height=\"450\" srcset=\"https:\/\/www.acusticauach.cl\/fusa\/wp-content\/uploads\/2025\/08\/TRANSITO_04.jpg 800w, https:\/\/www.acusticauach.cl\/fusa\/wp-content\/uploads\/2025\/08\/TRANSITO_04-300x169.jpg 300w, https:\/\/www.acusticauach.cl\/fusa\/wp-content\/uploads\/2025\/08\/TRANSITO_04-768x432.jpg 768w\" sizes=\"(max-width: 800px) 100vw, 800px\" \/><\/p>\n<p><span style=\"font-weight: 400;\">En la Comunidad Europea, desde el a\u00f1o 2002 es obligatorio el diagn\u00f3stico de las condiciones ac\u00fasticas en las ciudades para elaborar e implementar medidas de control de ruido ambiental. Esto se ha realizado mediante la elaboraci\u00f3n, publicaci\u00f3n y actualizaci\u00f3n de mapas de ruido, que permiten identificar las zonas con mayores niveles de ruido ambiental y aquellas con ambientes sonoros m\u00e1s tranquilos.<\/span><\/p>\n<p><span style=\"font-weight: 400;\">El \u00faltimo reporte de ruido ambiental europeo (2025) se\u00f1ala que m\u00e1s del 30% de la poblaci\u00f3n se encuentra expuesta a niveles perjudiciales para la salud a largo plazo, correspondiente a m\u00e1s de 150 millones de personas s\u00f3lo en Europa. Asimismo, se estima que m\u00e1s de 100 millones de personas se encuentran expuestas a niveles de ruido perjudiciales durante el d\u00eda, y m\u00e1s de 60 millones durante el per\u00edodo nocturno seg\u00fan los criterios de la OMS.<\/span><\/p>\n<p><span style=\"font-weight: 400;\">En Chile, de acuerdo con cifras del Ministerio de Medio Ambiente se estima que m\u00e1s de 1.2 millones de habitantes est\u00e1n expuestos a niveles cr\u00edticos de ruido ambiental s\u00f3lo en el Gran Santiago. La Superintendencia de Medio Ambiente reconoce que el 40% de las denuncias recibidas corresponden al contaminante ruido ambiental.\u00a0<\/span><\/p>\n<h3><b>Enfoque del proyecto<\/b><\/h3>\n<p><span style=\"font-weight: 400;\">El proyecto FuSA ROADS busca resolver desaf\u00edos prometedores para necesidades transversales en las \u00e1reas de ingenier\u00eda ac\u00fastica, medioambiente y ciencia de datos.. Incorpora m\u00e9todos innovadores de detecci\u00f3n y clasificaci\u00f3n de fuentes sonoras utilizando audio y video, sumado la integraci\u00f3n de datos provenientes de diversas empresas, el uso de nuevas tecnolog\u00edas, medios para el monitoreo y medici\u00f3n ac\u00fastica, y soluciones para el levantamiento multimedia y an\u00e1lisis de datos en ac\u00fastica ambiental.<\/span><\/p>\n<p><span style=\"font-weight: 400;\">Entre todas las fuentes de ruido en las ciudades, el tr\u00e1nsito vehicular es la de mayor relevancia, tanto por su extensi\u00f3n e impacto territorial, como por su aporte energ\u00e9tico que supera el 80% de las dem\u00e1s fuentes de ruido en un contexto urbano habitual. El problema adquiere mayor complejidad por sus formas de regulaci\u00f3n, pues las normas de emisi\u00f3n restringen el ruido individual de los veh\u00edculos y deben ser complementadas con una norma de calidad ambiental que regule la emisi\u00f3n del ruido del conjunto de veh\u00edculos en funcionamiento en terreno.<\/span><\/p>\n<p><span style=\"font-weight: 400;\">La mayor dificultad para estimar el ruido generado por el tr\u00e1nsito, es la correcta caracterizaci\u00f3n del flujo vehicular para la modelaci\u00f3n ac\u00fastica. Estos conteos se realizan de diversas formas, las que van desde el conteo presencial realizado de manera manual por personas, hasta el conteo autom\u00e1tico mediante sensores, c\u00e1maras u otros dispositivos.<\/span><\/p>\n<p><span style=\"font-weight: 400;\">Un desarrollo tecnol\u00f3gico que permita una soluci\u00f3n ajustada a los requerimientos, capacidades y necesidades de gesti\u00f3n ambiental, constituye un extraordinario aporte a la implementaci\u00f3n de medidas de control de ruido ambiental.<\/span><\/p>\n<h3><b>La Soluci\u00f3n<\/b><\/h3>\n<p><span style=\"font-weight: 400;\">La nueva aproximaci\u00f3n que propone este proyecto consiste en desarrollar un sistema de reconocimiento de fuentes sonoras vehiculares complementando mediante el uso de datos de audio, y no solo de datos provenientes de im\u00e1genes. El sistema FuSA ha demostrado gran efectividad en el reconocimiento de fuentes sonoras, as\u00ed, FuSA ROADS es la continuaci\u00f3n natural del proyecto anterior.<\/span><\/p>\n<p><span style=\"font-weight: 400;\">Se ha dise\u00f1ado un sistema que consta de tres partes:\u00a0<\/span><\/p>\n<p><span style=\"font-weight: 400;\">1) una metodolog\u00eda para seleccionar los puntos de medici\u00f3n y recolectar la informaci\u00f3n del flujo vehicular para mapas de ruido;<\/span><\/p>\n<p><span style=\"font-weight: 400;\">2) un protocolo multimodal basado en el uso de redes neuronales profundas para detectar y clasificar los veh\u00edculos mediante an\u00e1lisis de datos de audio y de video;<\/span><\/p>\n<p><span style=\"font-weight: 400;\">3) un sistema de integraci\u00f3n de datos con el software de elaboraci\u00f3n de mapas de ruido que utiliza el Ministerio del Medio Ambiente, pero integrable tambi\u00e9n a otros software comerciales y de uso libre.<\/span><\/p>\n<p><img loading=\"lazy\" decoding=\"async\" class=\"aligncenter wp-image-4483 size-full\" src=\"https:\/\/www.acusticauach.cl\/fusa\/wp-content\/uploads\/2025\/08\/pexels-meitetsu-chin-1093397813-23806917.jpg\" alt=\"\" width=\"1920\" height=\"1280\" srcset=\"https:\/\/www.acusticauach.cl\/fusa\/wp-content\/uploads\/2025\/08\/pexels-meitetsu-chin-1093397813-23806917.jpg 1920w, https:\/\/www.acusticauach.cl\/fusa\/wp-content\/uploads\/2025\/08\/pexels-meitetsu-chin-1093397813-23806917-300x200.jpg 300w, https:\/\/www.acusticauach.cl\/fusa\/wp-content\/uploads\/2025\/08\/pexels-meitetsu-chin-1093397813-23806917-1024x683.jpg 1024w, https:\/\/www.acusticauach.cl\/fusa\/wp-content\/uploads\/2025\/08\/pexels-meitetsu-chin-1093397813-23806917-768x512.jpg 768w, https:\/\/www.acusticauach.cl\/fusa\/wp-content\/uploads\/2025\/08\/pexels-meitetsu-chin-1093397813-23806917-1536x1024.jpg 1536w\" sizes=\"(max-width: 1920px) 100vw, 1920px\" \/><\/p>\n<h3><b>Resultados esperados<\/b><\/h3>\n<p><span style=\"font-weight: 400;\">Para la futura implementaci\u00f3n de la Norma Primaria de Calidad Ambiental para Ruido se requiere desarrollar opciones tecnol\u00f3gicas que optimicen y mejoren los actuales m\u00e9todos y herramientas disponibles, avanzando en registros m\u00e1s completos y detallados de informaci\u00f3n relativa al ruido ambiental. La implementaci\u00f3n de una herramienta como el sistema FuSA Roads permitir\u00e1:<\/span><\/p>\n<ul>\n<li style=\"font-weight: 400;\" aria-level=\"1\"><span style=\"font-weight: 400;\">Complementar el monitoreo de niveles de ruido para verificar el cumplimiento de la norma de calidad incorporando la posibilidad de identificar fuentes m\u00f3viles que generan los mayores niveles;<\/span><\/li>\n<li style=\"font-weight: 400;\" aria-level=\"1\"><span style=\"font-weight: 400;\">Facilitar la generaci\u00f3n de mapas de ruido para la determinaci\u00f3n espacial y temporal de zonas latentes y\/o saturadas;<\/span><\/li>\n<li style=\"font-weight: 400;\" aria-level=\"1\"><span style=\"font-weight: 400;\">Dise\u00f1ar con mayor precisi\u00f3n las medidas de control y\/o mitigaci\u00f3n que se establezcan en los planes de prevenci\u00f3n y descontaminaci\u00f3n.<\/span><\/li>\n<\/ul>\n<p><span style=\"font-weight: 400;\">En el proyecto se contar\u00e1 con el apoyo de investigadores de Francia y Espa\u00f1a, adem\u00e1s de la participaci\u00f3n de tres entidades asociadas y el Ministerio de Medio Ambiente de Chile. La experiencia previa del equipo de investigaci\u00f3n en el proyecto FuSA FONDEF ID20I10333, concluido el segundo semestre de 2023, que termin\u00f3 con cinco licencias firmadas y permiti\u00f3 implementar modelos de redes neuronales para el reconocimiento de fuentes sonoras ambientales a trav\u00e9s de an\u00e1lisis de audio, dan garant\u00eda del logro de resultados tangibles y aplicables a distintos tipos de usuarios y situaciones de aplicabilidad. <\/span><\/p>\n<p><!-- \/wp:paragraph --><!-- wp:heading --><\/p>\n<p><!-- \/wp:image --><\/p>\t\t\t\t\t\t\t\t<\/div>\n\t\t\t\t<\/div>\n\t\t\t\t<div class=\"elementor-element elementor-element-f8e3f19 elementor-widget elementor-widget-video\" data-id=\"f8e3f19\" data-element_type=\"widget\" data-settings=\"{&quot;youtube_url&quot;:&quot;https:\\\/\\\/www.youtube.com\\\/watch?v=Ntn697kgSME&amp;ab_channel=acusticauach&quot;,&quot;autoplay&quot;:&quot;yes&quot;,&quot;play_on_mobile&quot;:&quot;yes&quot;,&quot;mute&quot;:&quot;yes&quot;,&quot;loop&quot;:&quot;yes&quot;,&quot;video_type&quot;:&quot;youtube&quot;,&quot;controls&quot;:&quot;yes&quot;}\" data-widget_type=\"video.default\">\n\t\t\t\t<div class=\"elementor-widget-container\">\n\t\t\t\t\t\t\t<div class=\"elementor-wrapper elementor-open-inline\">\n\t\t\t<div class=\"elementor-video\"><\/div>\t\t<\/div>\n\t\t\t\t\t\t<\/div>\n\t\t\t\t<\/div>\n\t\t\t\t<div class=\"elementor-element elementor-element-e9e0cbd elementor-widget elementor-widget-text-editor\" data-id=\"e9e0cbd\" data-element_type=\"widget\" data-widget_type=\"text-editor.default\">\n\t\t\t\t<div class=\"elementor-widget-container\">\n\t\t\t\t\t\t\t\t\t<figure class=\"wp-block-image aligncenter size-full\"><\/figure>\n<p><!-- \/wp:image --><!-- wp:heading --><\/p>\n<p>\u00a0<\/p>\n<p><!-- \/wp:list-item --><\/p>\n<p><!-- \/wp:list --><!-- wp:heading --><\/p>\n<p>\u00a0<\/p>\n<p><!-- \/wp:paragraph --><!-- wp:heading --><\/p>\n<p><!-- \/wp:image --><\/p>\t\t\t\t\t\t\t\t<\/div>\n\t\t\t\t<\/div>\n\t\t                <\/div>\n                    <\/div>\n        <\/div>\n                                <\/div>\n                    <\/div>\n        <\/section>\n                <section class=\"elementor-section elementor-top-section elementor-element elementor-element-96af343 elementor-section-boxed elementor-section-height-default elementor-section-height-default\" data-id=\"96af343\" data-element_type=\"section\">\n            \n                        <div class=\"elementor-container elementor-column-gap-default \">\n                            <div class=\"elementor-row\">\n                    <div class=\"elementor-column elementor-col-100 elementor-top-column elementor-element elementor-element-cb1f33b\" data-id=\"cb1f33b\" data-element_type=\"column\">\n            <div class=\"elementor-column-wrap elementor-element-populated\">\n                            <div class=\"elementor-widget-wrap\">\n                \t\t<div class=\"elementor-element elementor-element-7ac2880 elementor-widget elementor-widget-video\" data-id=\"7ac2880\" data-element_type=\"widget\" data-settings=\"{&quot;youtube_url&quot;:&quot;https:\\\/\\\/www.youtube.com\\\/watch?v=h6aDljrEhq8&quot;,&quot;video_type&quot;:&quot;youtube&quot;,&quot;controls&quot;:&quot;yes&quot;}\" data-widget_type=\"video.default\">\n\t\t\t\t<div class=\"elementor-widget-container\">\n\t\t\t\t\t\t\t<div class=\"elementor-wrapper elementor-open-inline\">\n\t\t\t<div class=\"elementor-video\"><\/div>\t\t<\/div>\n\t\t\t\t\t\t<\/div>\n\t\t\t\t<\/div>\n\t\t                <\/div>\n                    <\/div>\n        <\/div>\n                                <\/div>\n                    <\/div>\n        <\/section>\n        \t\t<\/div>\n\t\t","protected":false},"excerpt":{"rendered":"<p>Resumen El proyecto FuSA Roads se trata de una iniciativa desarrollada por Laboratorio de Ac\u00fastica Ambiental LABACAM del Instituto de Ac\u00fastica de la Universidad Austral de Chile, que plantea la implementaci\u00f3n de un sistema de an\u00e1lisis de video y audio sumado al uso de tecnolog\u00edas de la informaci\u00f3n y ciencia de datos para la detecci\u00f3n [&hellip;]<\/p>\n","protected":false},"author":2,"featured_media":4361,"parent":0,"menu_order":0,"comment_status":"closed","ping_status":"closed","template":"","meta":{"footnotes":""},"class_list":["post-4358","page","type-page","status-publish","has-post-thumbnail","hentry"],"_links":{"self":[{"href":"https:\/\/www.acusticauach.cl\/fusa\/wp-json\/wp\/v2\/pages\/4358","targetHints":{"allow":["GET"]}}],"collection":[{"href":"https:\/\/www.acusticauach.cl\/fusa\/wp-json\/wp\/v2\/pages"}],"about":[{"href":"https:\/\/www.acusticauach.cl\/fusa\/wp-json\/wp\/v2\/types\/page"}],"author":[{"embeddable":true,"href":"https:\/\/www.acusticauach.cl\/fusa\/wp-json\/wp\/v2\/users\/2"}],"replies":[{"embeddable":true,"href":"https:\/\/www.acusticauach.cl\/fusa\/wp-json\/wp\/v2\/comments?post=4358"}],"version-history":[{"count":73,"href":"https:\/\/www.acusticauach.cl\/fusa\/wp-json\/wp\/v2\/pages\/4358\/revisions"}],"predecessor-version":[{"id":4695,"href":"https:\/\/www.acusticauach.cl\/fusa\/wp-json\/wp\/v2\/pages\/4358\/revisions\/4695"}],"wp:featuredmedia":[{"embeddable":true,"href":"https:\/\/www.acusticauach.cl\/fusa\/wp-json\/wp\/v2\/media\/4361"}],"wp:attachment":[{"href":"https:\/\/www.acusticauach.cl\/fusa\/wp-json\/wp\/v2\/media?parent=4358"}],"curies":[{"name":"wp","href":"https:\/\/api.w.org\/{rel}","templated":true}]}}